Warning: file(http://www.wunderground.com/climate/extremes.asp): failed to open stream: HTTP request failed! HTTP/1.0 500 Internal Server Error in /homepages/6/d330860172/htdocs/usaextremes.php on line 55

Warning: implode(): Invalid arguments passed in /homepages/6/d330860172/htdocs/usaextremes.php on line 55

NOAA Style Climate Reports for Lebanon, TN

NOAA style reports

NOAA-style Climate Reports

2018: Jan | Feb | Mar | Apr | May | Jun | Jul | Aug | Sep | Oct | Nov | Dec 
2017: Jan | Feb | Mar | Apr | May | Jun | Jul | Aug | Sep | Oct | Nov | Dec 
2016: Jan | Feb | Mar | Apr | May | Jun | Jul | Aug | Sep | Oct | Nov | Dec 
2015: Jan | Feb | Mar | Apr | May | Jun | Jul | Aug | Sep | Oct | Nov | Dec 
2014: Jan | Feb | Mar | Apr | May | Jun | Jul | Aug | Sep | Oct | Nov | Dec 
2013: Jan | Feb | Mar | Apr | May | Jun | Jul | Aug | Sep | Oct | Nov | Dec 
2012: Jan | Feb | Mar | Apr | May | Jun | Jul | Aug | Sep | Oct | Nov | Dec 
2011: Jan | Feb | Mar | Apr | May | Jun | Jul | Aug | Sep | Oct | Nov | Dec 
2010: Jan | Feb | Mar | Apr | May | Jun | Jul | Aug | Sep | Oct | Nov | Dec 
2009: Jan | Feb | Mar | Apr | May | Jun | Jul | Aug | Sep | Oct | Nov | Dec 
2008: Jan | Feb | Mar | Apr | May | Jun | Jul | Aug | Sep | Oct | Nov | Dec 
2007: Jan | Feb | Mar | Apr | May | Jun | Jul | Aug | Sep | Oct | Nov | Dec 
2006: Jan | Feb | Mar | Apr | May | Jun | Jul | Aug | Sep | Oct | Nov | Dec 
2005: Jan | Feb | Mar | Apr | May | Jun | Jul | Aug | Sep | Oct | Nov | Dec 
2004: Jan | Feb | Mar | Apr | May | Jun | Jul | Aug | Sep | Oct | Nov | Dec 
2003: Jan | Feb | Mar | Apr | May | Jun | Jul | Aug | Sep | Oct | Nov | Dec 
2002: Jan | Feb | Mar | Apr | May | Jun | Jul | Aug | Sep | Oct | Nov | Dec 
2001: Jan | Feb | Mar | Apr | May | Jun | Jul | Aug | Sep | Oct | Nov | Dec 
2000: Jan | Feb | Mar | Apr | May | Jun | Jul | Aug | Sep | Oct | Nov | Dec 
1999: Jan | Feb | Mar | Apr | May | Jun | Jul | Aug | Sep | Oct | Nov | Dec 
1998: Jan | Feb | Mar | Apr | May | Jun | Jul | Aug | Sep | Oct | Nov | Dec 
1997: Jan | Feb | Mar | Apr | May | Jun | Jul | Aug | Sep | Oct | Nov | Dec 
1996: Jan | Feb | Mar | Apr | May | Jun | Jul | Aug | Sep | Oct | Nov | Dec 
1995: Jan | Feb | Mar | Apr | May | Jun | Jul | Aug | Sep | Oct | Nov | Dec 

Report for 2000 02
MONTHLY CLIMATOLOGICAL SUMMARY for FEB. 2000 NAME: HornSpri CITY: Lebanon STATE: TN ELEV: 612 ft LAT: 36 14' 05" N LONG: 86 22' 55" W TEMPERATURE (F), RAIN (in), WIND SPEED (mph) HEAT COOL AVG MEAN DEG DEG WIND DOM DAY TEMP HIGH TIME LOW TIME DAYS DAYS RAIN SPEED HIGH TIME DIR ------------------------------------------------------------------------------------ 1 32.0 39.0 0:08 25.0 0:08 33.0 0.0 0.00 --- --- --- --- 2 25.5 35.0 0:08 16.0 0:08 39.5 0.0 0.00 --- --- --- --- 3 28.5 42.0 0:08 15.0 0:08 36.5 0.0 0.00 --- --- --- --- 4 40.5 56.0 0:08 25.0 0:08 24.5 0.0 0.00 --- --- --- --- 5 29.5 39.0 0:08 20.0 0:08 35.5 0.0 0.01 --- --- --- --- 6 29.0 40.0 0:08 18.0 0:08 36.0 0.0 0.00 --- --- --- --- 7 33.0 48.0 0:08 18.0 0:08 32.0 0.0 0.00 --- --- --- --- 8 43.5 61.0 0:08 26.0 0:08 21.5 0.0 0.00 --- --- --- --- 9 41.5 57.0 0:08 26.0 0:08 23.5 0.0 0.00 --- --- --- --- 10 44.0 63.0 0:08 25.0 0:08 21.0 0.0 0.00 --- --- --- --- 11 59.5 71.0 0:08 48.0 0:08 5.5 0.0 0.00 --- --- --- --- 12 46.5 56.0 0:08 37.0 0:08 18.5 0.0 0.50 --- --- --- --- 13 40.5 45.0 0:08 36.0 0:08 24.5 0.0 0.05 --- --- --- --- 14 53.0 61.0 0:08 45.0 0:08 12.0 0.0 0.74 --- --- --- --- 15 38.5 49.0 0:08 28.0 0:08 26.5 0.0 0.00 --- --- --- --- 16 46.0 63.0 0:08 29.0 0:08 19.0 0.0 0.00 --- --- --- --- 17 47.5 60.0 0:08 35.0 0:08 17.5 0.0 0.00 --- --- --- --- 18 52.0 69.0 0:08 35.0 0:08 13.0 0.0 0.80 --- --- --- --- 19 54.5 72.0 0:08 37.0 0:08 10.5 0.0 0.40 --- --- --- --- 20 36.0 37.0 0:08 35.0 0:08 29.0 0.0 0.00 --- --- --- --- 21 36.5 48.0 0:08 25.0 0:08 28.5 0.0 0.00 --- --- --- --- 22 42.5 60.0 0:08 25.0 0:08 22.5 0.0 0.00 --- --- --- --- 23 57.0 66.0 0:08 48.0 0:08 8.0 0.0 0.05 --- --- --- --- 24 61.5 71.0 0:08 52.0 0:08 3.5 0.0 0.12 --- --- --- --- 25 63.5 74.0 0:08 53.0 0:08 1.5 0.0 0.00 --- --- --- --- 26 65.0 77.0 0:08 53.0 0:08 0.0 0.0 0.00 --- --- --- --- 27 63.5 77.0 0:08 50.0 0:08 1.5 0.0 0.50 --- --- --- --- 28 45.0 59.0 0:08 31.0 0:08 20.0 0.0 0.00 --- --- --- --- 29 47.0 62.0 0:08 32.0 0:08 18.0 0.0 0.00 --- --- --- --- ------------------------------------------------------------------------------------- 44.9 77.0 26 15.0 3 582.5 0.0 3.17 --- --- --- --- Max >= 90.0: 0 Max <= 32.0: 0 Min <= 32.0: 16 Min <= 0.0: 0 Max Rain: 0.80 ON 02/18/00 Days of Rain: 8 (>.01 in) 6 (>.1 in) 0 (>1 in) Heat Base: 65.0 Cool Base: 65.0 Method: (High + Low) / 2