Warning: file(http://www.wunderground.com/climate/extremes.asp): failed to open stream: HTTP request failed! HTTP/1.0 500 Internal Server Error in /homepages/6/d330860172/htdocs/usaextremes.php on line 55

Warning: implode(): Invalid arguments passed in /homepages/6/d330860172/htdocs/usaextremes.php on line 55

NOAA Style Climate Reports for Lebanon, TN

NOAA style reports

NOAA-style Climate Reports

2018: Jan | Feb | Mar | Apr | May | Jun | Jul | Aug | Sep | Oct | Nov | Dec 
2017: Jan | Feb | Mar | Apr | May | Jun | Jul | Aug | Sep | Oct | Nov | Dec 
2016: Jan | Feb | Mar | Apr | May | Jun | Jul | Aug | Sep | Oct | Nov | Dec 
2015: Jan | Feb | Mar | Apr | May | Jun | Jul | Aug | Sep | Oct | Nov | Dec 
2014: Jan | Feb | Mar | Apr | May | Jun | Jul | Aug | Sep | Oct | Nov | Dec 
2013: Jan | Feb | Mar | Apr | May | Jun | Jul | Aug | Sep | Oct | Nov | Dec 
2012: Jan | Feb | Mar | Apr | May | Jun | Jul | Aug | Sep | Oct | Nov | Dec 
2011: Jan | Feb | Mar | Apr | May | Jun | Jul | Aug | Sep | Oct | Nov | Dec 
2010: Jan | Feb | Mar | Apr | May | Jun | Jul | Aug | Sep | Oct | Nov | Dec 
2009: Jan | Feb | Mar | Apr | May | Jun | Jul | Aug | Sep | Oct | Nov | Dec 
2008: Jan | Feb | Mar | Apr | May | Jun | Jul | Aug | Sep | Oct | Nov | Dec 
2007: Jan | Feb | Mar | Apr | May | Jun | Jul | Aug | Sep | Oct | Nov | Dec 
2006: Jan | Feb | Mar | Apr | May | Jun | Jul | Aug | Sep | Oct | Nov | Dec 
2005: Jan | Feb | Mar | Apr | May | Jun | Jul | Aug | Sep | Oct | Nov | Dec 
2004: Jan | Feb | Mar | Apr | May | Jun | Jul | Aug | Sep | Oct | Nov | Dec 
2003: Jan | Feb | Mar | Apr | May | Jun | Jul | Aug | Sep | Oct | Nov | Dec 
2002: Jan | Feb | Mar | Apr | May | Jun | Jul | Aug | Sep | Oct | Nov | Dec 
2001: Jan | Feb | Mar | Apr | May | Jun | Jul | Aug | Sep | Oct | Nov | Dec 
2000: Jan | Feb | Mar | Apr | May | Jun | Jul | Aug | Sep | Oct | Nov | Dec 
1999: Jan | Feb | Mar | Apr | May | Jun | Jul | Aug | Sep | Oct | Nov | Dec 
1998: Jan | Feb | Mar | Apr | May | Jun | Jul | Aug | Sep | Oct | Nov | Dec 
1997: Jan | Feb | Mar | Apr | May | Jun | Jul | Aug | Sep | Oct | Nov | Dec 
1996: Jan | Feb | Mar | Apr | May | Jun | Jul | Aug | Sep | Oct | Nov | Dec 
1995: Jan | Feb | Mar | Apr | May | Jun | Jul | Aug | Sep | Oct | Nov | Dec 

Report for 2000 03
MONTHLY CLIMATOLOGICAL SUMMARY for MAR. 2000 NAME: HornSpri CITY: Lebanon STATE: TN ELEV: 612 ft LAT: 36 14' 05" N LONG: 86 22' 55" W TEMPERATURE (F), RAIN (in), WIND SPEED (mph) HEAT COOL AVG MEAN DEG DEG WIND DOM DAY TEMP HIGH TIME LOW TIME DAYS DAYS RAIN SPEED HIGH TIME DIR ------------------------------------------------------------------------------------ 1 54.5 72.0 0:08 37.0 0:08 10.5 0.0 0.00 --- --- --- --- 2 51.5 69.0 0:08 34.0 0:08 13.5 0.0 0.00 --- --- --- --- 3 4 5 43.0 57.0 0:08 29.0 0:08 22.0 0.0 0.00 --- --- --- --- 6 47.5 65.0 0:08 30.0 0:08 17.5 0.0 0.00 --- --- --- --- 7 53.0 74.0 0:08 32.0 0:08 12.0 0.0 0.00 --- --- --- --- 8 60.0 81.0 0:08 39.0 0:08 5.0 0.0 0.00 --- --- --- --- 9 67.0 80.0 0:08 54.0 0:08 0.0 2.0 0.05 --- --- --- --- 10 63.0 82.0 0:08 44.0 0:08 2.0 0.0 0.00 --- --- --- --- 11 54.5 64.0 0:08 45.0 0:08 10.5 0.0 0.25 --- --- --- --- 12 42.0 56.0 0:08 28.0 0:08 23.0 0.0 0.56 --- --- --- --- 13 39.0 49.0 0:08 29.0 0:08 26.0 0.0 0.00 --- --- --- --- 14 45.5 59.0 0:08 32.0 0:08 19.5 0.0 0.00 --- --- --- --- 15 50.0 68.0 0:08 32.0 0:08 15.0 0.0 0.00 --- --- --- --- 16 62.5 72.0 0:08 53.0 0:08 2.5 0.0 0.10 --- --- --- --- 17 53.5 68.0 0:08 39.0 0:08 11.5 0.0 0.40 --- --- --- --- 18 19 51.5 66.0 0:08 37.0 0:08 13.5 0.0 0.55 --- --- --- --- 20 50.0 53.0 0:08 47.0 0:08 15.0 0.0 2.00 --- --- --- --- 21 46.5 52.0 0:08 41.0 0:08 18.5 0.0 0.00 --- --- --- --- 22 50.5 63.0 0:08 38.0 0:08 14.5 0.0 0.00 --- --- --- --- 23 54.0 68.0 0:08 40.0 0:08 11.0 0.0 0.00 --- --- --- --- 24 60.5 75.0 0:08 46.0 0:08 4.5 0.0 0.00 --- --- --- --- 25 61.5 77.0 0:08 46.0 0:08 3.5 0.0 0.00 --- --- --- --- 26 59.5 77.0 0:08 42.0 0:08 5.5 0.0 0.00 --- --- --- --- 27 59.0 74.0 0:08 44.0 0:08 6.0 0.0 0.33 --- --- --- --- 28 54.0 62.0 0:08 46.0 0:08 11.0 0.0 0.00 --- --- --- --- 29 44.0 57.0 0:08 31.0 0:08 21.0 0.0 0.00 --- --- --- --- 30 40.5 47.0 0:08 34.0 0:08 24.5 0.0 0.16 --- --- --- --- 31 49.0 61.0 0:08 37.0 0:08 16.0 0.0 0.00 --- --- --- --- ------------------------------------------------------------------------------------- 52.4 82.0 10 28.0 12 355.0 2.0 4.40 --- --- --- --- Max >= 90.0: 0 Max <= 32.0: 0 Min <= 32.0: 8 Min <= 0.0: 0 Max Rain: 2.00 ON 03/20/00 Days of Rain: 9 (>.01 in) 7 (>.1 in) 1 (>1 in) Heat Base: 65.0 Cool Base: 65.0 Method: (High + Low) / 2