Warning: file(http://www.wunderground.com/climate/extremes.asp): failed to open stream: HTTP request failed! HTTP/1.0 500 Internal Server Error in /homepages/6/d330860172/htdocs/usaextremes.php on line 55

Warning: implode(): Invalid arguments passed in /homepages/6/d330860172/htdocs/usaextremes.php on line 55

NOAA Style Climate Reports for Lebanon, TN

NOAA style reports

NOAA-style Climate Reports

2018: Jan | Feb | Mar | Apr | May | Jun | Jul | Aug | Sep | Oct | Nov | Dec 
2017: Jan | Feb | Mar | Apr | May | Jun | Jul | Aug | Sep | Oct | Nov | Dec 
2016: Jan | Feb | Mar | Apr | May | Jun | Jul | Aug | Sep | Oct | Nov | Dec 
2015: Jan | Feb | Mar | Apr | May | Jun | Jul | Aug | Sep | Oct | Nov | Dec 
2014: Jan | Feb | Mar | Apr | May | Jun | Jul | Aug | Sep | Oct | Nov | Dec 
2013: Jan | Feb | Mar | Apr | May | Jun | Jul | Aug | Sep | Oct | Nov | Dec 
2012: Jan | Feb | Mar | Apr | May | Jun | Jul | Aug | Sep | Oct | Nov | Dec 
2011: Jan | Feb | Mar | Apr | May | Jun | Jul | Aug | Sep | Oct | Nov | Dec 
2010: Jan | Feb | Mar | Apr | May | Jun | Jul | Aug | Sep | Oct | Nov | Dec 
2009: Jan | Feb | Mar | Apr | May | Jun | Jul | Aug | Sep | Oct | Nov | Dec 
2008: Jan | Feb | Mar | Apr | May | Jun | Jul | Aug | Sep | Oct | Nov | Dec 
2007: Jan | Feb | Mar | Apr | May | Jun | Jul | Aug | Sep | Oct | Nov | Dec 
2006: Jan | Feb | Mar | Apr | May | Jun | Jul | Aug | Sep | Oct | Nov | Dec 
2005: Jan | Feb | Mar | Apr | May | Jun | Jul | Aug | Sep | Oct | Nov | Dec 
2004: Jan | Feb | Mar | Apr | May | Jun | Jul | Aug | Sep | Oct | Nov | Dec 
2003: Jan | Feb | Mar | Apr | May | Jun | Jul | Aug | Sep | Oct | Nov | Dec 
2002: Jan | Feb | Mar | Apr | May | Jun | Jul | Aug | Sep | Oct | Nov | Dec 
2001: Jan | Feb | Mar | Apr | May | Jun | Jul | Aug | Sep | Oct | Nov | Dec 
2000: Jan | Feb | Mar | Apr | May | Jun | Jul | Aug | Sep | Oct | Nov | Dec 
1999: Jan | Feb | Mar | Apr | May | Jun | Jul | Aug | Sep | Oct | Nov | Dec 
1998: Jan | Feb | Mar | Apr | May | Jun | Jul | Aug | Sep | Oct | Nov | Dec 
1997: Jan | Feb | Mar | Apr | May | Jun | Jul | Aug | Sep | Oct | Nov | Dec 
1996: Jan | Feb | Mar | Apr | May | Jun | Jul | Aug | Sep | Oct | Nov | Dec 
1995: Jan | Feb | Mar | Apr | May | Jun | Jul | Aug | Sep | Oct | Nov | Dec 

Report for 2000 04
MONTHLY CLIMATOLOGICAL SUMMARY for APR. 2000 NAME: HornSpri CITY: Lebanon STATE: TN ELEV: 612 ft LAT: 36 14' 05" N LONG: 86 22' 55" W TEMPERATURE (F), RAIN (in), WIND SPEED (mph) HEAT COOL AVG MEAN DEG DEG WIND DOM DAY TEMP HIGH TIME LOW TIME DAYS DAYS RAIN SPEED HIGH TIME DIR ------------------------------------------------------------------------------------ 1 54.0 68.0 0:08 40.0 0:08 11.0 0.0 0.00 --- --- --- --- 2 60.5 77.0 0:08 44.0 0:08 4.5 0.0 0.22 --- --- --- --- 3 65.5 71.0 0:08 60.0 0:08 0.0 0.5 0.13 --- --- --- --- 4 53.0 62.0 0:08 44.0 0:08 12.0 0.0 1.02 --- --- --- --- 5 41.0 53.0 0:08 29.0 0:08 24.0 0.0 0.00 --- --- --- --- 6 48.0 66.0 0:08 30.0 0:08 17.0 0.0 0.00 --- --- --- --- 7 65.5 78.0 0:08 53.0 0:08 0.0 0.5 0.00 --- --- --- --- 8 57.5 75.0 0:08 40.0 0:08 7.5 0.0 0.52 --- --- --- --- 9 38.0 47.0 0:08 29.0 0:08 27.0 0.0 0.00 --- --- --- --- 10 11 52.5 60.0 0:08 45.0 0:08 12.5 0.0 1.25 --- --- --- --- 12 13 50.5 56.0 0:08 45.0 0:08 14.5 0.0 0.20 --- --- --- --- 14 15 58.0 67.0 0:08 49.0 0:08 7.0 0.0 0.00 --- --- --- --- 16 17 63.0 77.0 0:08 49.0 0:08 2.0 0.0 0.20 --- --- --- --- 18 54.0 59.0 0:08 49.0 0:08 11.0 0.0 0.00 --- --- --- --- 19 52.0 61.0 0:08 43.0 0:08 13.0 0.0 0.00 --- --- --- --- 20 63.5 82.0 0:08 45.0 0:08 1.5 0.0 0.00 --- --- --- --- 21 63.5 78.0 0:08 49.0 0:08 1.5 0.0 0.15 --- --- --- --- 22 47.5 51.0 0:08 44.0 0:08 17.5 0.0 0.00 --- --- --- --- 23 55.5 68.0 0:08 43.0 0:08 9.5 0.0 0.00 --- --- --- --- 24 56.5 68.0 0:08 45.0 0:08 8.5 0.0 0.84 --- --- --- --- 25 53.5 56.0 0:08 51.0 0:08 11.5 0.0 1.02 --- --- --- --- 26 27 55.0 69.0 0:08 41.0 0:08 10.0 0.0 0.00 --- --- --- --- 28 56.5 73.0 0:08 40.0 0:08 8.5 0.0 0.32 --- --- --- --- 29 56.5 72.0 0:08 41.0 0:08 8.5 0.0 0.00 --- --- --- --- 30 56.0 70.0 0:08 42.0 0:08 9.0 0.0 0.00 --- --- --- --- ------------------------------------------------------------------------------------- 55.1 82.0 20 29.0 5 249.0 1.0 5.87 --- --- --- --- Max >= 90.0: 0 Max <= 32.0: 0 Min <= 32.0: 3 Min <= 0.0: 0 Max Rain: 1.25 ON 04/11/00 Days of Rain: 11 (>.01 in) 11 (>.1 in) 3 (>1 in) Heat Base: 65.0 Cool Base: 65.0 Method: (High + Low) / 2