Warning: file(http://www.wunderground.com/climate/extremes.asp): failed to open stream: HTTP request failed! HTTP/1.0 500 Internal Server Error in /homepages/6/d330860172/htdocs/usaextremes.php on line 55

Warning: implode(): Invalid arguments passed in /homepages/6/d330860172/htdocs/usaextremes.php on line 55

NOAA Style Climate Reports for Lebanon, TN

NOAA style reports

NOAA-style Climate Reports

2018: Jan | Feb | Mar | Apr | May | Jun | Jul | Aug | Sep | Oct | Nov | Dec 
2017: Jan | Feb | Mar | Apr | May | Jun | Jul | Aug | Sep | Oct | Nov | Dec 
2016: Jan | Feb | Mar | Apr | May | Jun | Jul | Aug | Sep | Oct | Nov | Dec 
2015: Jan | Feb | Mar | Apr | May | Jun | Jul | Aug | Sep | Oct | Nov | Dec 
2014: Jan | Feb | Mar | Apr | May | Jun | Jul | Aug | Sep | Oct | Nov | Dec 
2013: Jan | Feb | Mar | Apr | May | Jun | Jul | Aug | Sep | Oct | Nov | Dec 
2012: Jan | Feb | Mar | Apr | May | Jun | Jul | Aug | Sep | Oct | Nov | Dec 
2011: Jan | Feb | Mar | Apr | May | Jun | Jul | Aug | Sep | Oct | Nov | Dec 
2010: Jan | Feb | Mar | Apr | May | Jun | Jul | Aug | Sep | Oct | Nov | Dec 
2009: Jan | Feb | Mar | Apr | May | Jun | Jul | Aug | Sep | Oct | Nov | Dec 
2008: Jan | Feb | Mar | Apr | May | Jun | Jul | Aug | Sep | Oct | Nov | Dec 
2007: Jan | Feb | Mar | Apr | May | Jun | Jul | Aug | Sep | Oct | Nov | Dec 
2006: Jan | Feb | Mar | Apr | May | Jun | Jul | Aug | Sep | Oct | Nov | Dec 
2005: Jan | Feb | Mar | Apr | May | Jun | Jul | Aug | Sep | Oct | Nov | Dec 
2004: Jan | Feb | Mar | Apr | May | Jun | Jul | Aug | Sep | Oct | Nov | Dec 
2003: Jan | Feb | Mar | Apr | May | Jun | Jul | Aug | Sep | Oct | Nov | Dec 
2002: Jan | Feb | Mar | Apr | May | Jun | Jul | Aug | Sep | Oct | Nov | Dec 
2001: Jan | Feb | Mar | Apr | May | Jun | Jul | Aug | Sep | Oct | Nov | Dec 
2000: Jan | Feb | Mar | Apr | May | Jun | Jul | Aug | Sep | Oct | Nov | Dec 
1999: Jan | Feb | Mar | Apr | May | Jun | Jul | Aug | Sep | Oct | Nov | Dec 
1998: Jan | Feb | Mar | Apr | May | Jun | Jul | Aug | Sep | Oct | Nov | Dec 
1997: Jan | Feb | Mar | Apr | May | Jun | Jul | Aug | Sep | Oct | Nov | Dec 
1996: Jan | Feb | Mar | Apr | May | Jun | Jul | Aug | Sep | Oct | Nov | Dec 
1995: Jan | Feb | Mar | Apr | May | Jun | Jul | Aug | Sep | Oct | Nov | Dec 

Report for 2000 06
MONTHLY CLIMATOLOGICAL SUMMARY for JUN. 2000 NAME: HornSpri CITY: Lebanon STATE: TN ELEV: 612 ft LAT: 36 14' 05" N LONG: 86 22' 55" W TEMPERATURE (F), RAIN (in), WIND SPEED (mph) HEAT COOL AVG MEAN DEG DEG WIND DOM DAY TEMP HIGH TIME LOW TIME DAYS DAYS RAIN SPEED HIGH TIME DIR ------------------------------------------------------------------------------------ 1 74.5 86.0 0:08 63.0 0:08 0.0 9.5 0.00 --- --- --- --- 2 76.0 89.0 0:08 63.0 0:08 0.0 11.0 0.00 --- --- --- --- 3 80.0 90.0 0:08 70.0 0:08 0.0 15.0 0.00 --- --- --- --- 4 69.5 80.0 0:08 59.0 0:08 0.0 4.5 0.00 --- --- --- --- 5 71.0 80.0 0:08 62.0 0:08 0.0 6.0 0.00 --- --- --- --- 6 69.5 82.0 0:08 57.0 0:08 0.0 4.5 0.01 --- --- --- --- 7 60.0 73.0 0:08 47.0 0:08 5.0 0.0 0.00 --- --- --- --- 8 64.5 79.0 0:08 50.0 0:08 0.5 0.0 0.00 --- --- --- --- 9 70.0 87.0 0:08 53.0 0:08 0.0 5.0 0.00 --- --- --- --- 10 76.0 91.0 0:08 61.0 0:08 0.0 11.0 0.00 --- --- --- --- 11 80.0 93.0 0:08 67.0 0:08 0.0 15.0 0.00 --- --- --- --- 12 81.0 94.0 0:08 68.0 0:08 0.0 16.0 0.00 --- --- --- --- 13 80.5 94.0 0:08 67.0 0:08 0.0 15.5 0.00 --- --- --- --- 14 80.5 94.0 0:08 67.0 0:08 0.0 15.5 0.00 --- --- --- --- 15 81.5 90.0 0:08 73.0 0:08 0.0 16.5 0.13 --- --- --- --- 16 78.0 84.0 0:08 72.0 0:08 0.0 13.0 0.15 --- --- --- --- 17 81.0 89.0 0:08 73.0 0:08 0.0 16.0 0.01 --- --- --- --- 18 78.5 88.0 0:08 69.0 0:08 0.0 13.5 0.40 --- --- --- --- 19 77.0 83.0 0:08 71.0 0:08 0.0 12.0 0.13 --- --- --- --- 20 79.0 86.0 0:08 72.0 0:08 0.0 14.0 0.00 --- --- --- --- 21 82.5 91.0 0:08 74.0 0:08 0.0 17.5 0.00 --- --- --- --- 22 80.0 91.0 0:08 69.0 0:08 0.0 15.0 0.16 --- --- --- --- 23 76.0 89.0 0:08 63.0 0:08 0.0 11.0 0.00 --- --- --- --- 24 79.0 93.0 0:08 65.0 0:08 0.0 14.0 0.00 --- --- --- --- 25 82.0 95.0 0:08 69.0 0:08 0.0 17.0 0.01 --- --- --- --- 26 82.0 93.0 0:08 71.0 0:08 0.0 17.0 0.00 --- --- --- --- 27 80.5 90.0 0:08 71.0 0:08 0.0 15.5 0.70 --- --- --- --- 28 76.5 85.0 0:08 68.0 0:08 0.0 11.5 0.90 --- --- --- --- 29 71.5 77.0 0:08 66.0 0:08 0.0 6.5 0.00 --- --- --- --- 30 70.0 83.0 0:08 57.0 0:08 0.0 5.0 0.00 --- --- --- --- ------------------------------------------------------------------------------------- 76.3 95.0 25 47.0 7 5.5 343.5 2.60 --- --- --- --- Max >= 90.0: 13 Max <= 32.0: 0 Min <= 32.0: 0 Min <= 0.0: 0 Max Rain: 0.90 ON 06/28/00 Days of Rain: 7 (>.01 in) 7 (>.1 in) 0 (>1 in) Heat Base: 65.0 Cool Base: 65.0 Method: (High + Low) / 2