Warning: file(http://www.wunderground.com/climate/extremes.asp): failed to open stream: HTTP request failed! HTTP/1.0 500 Internal Server Error in /homepages/6/d330860172/htdocs/usaextremes.php on line 55

Warning: implode(): Invalid arguments passed in /homepages/6/d330860172/htdocs/usaextremes.php on line 55

NOAA Style Climate Reports for Lebanon, TN

NOAA style reports

NOAA-style Climate Reports

2018: Jan | Feb | Mar | Apr | May | Jun | Jul | Aug | Sep | Oct | Nov | Dec 
2017: Jan | Feb | Mar | Apr | May | Jun | Jul | Aug | Sep | Oct | Nov | Dec 
2016: Jan | Feb | Mar | Apr | May | Jun | Jul | Aug | Sep | Oct | Nov | Dec 
2015: Jan | Feb | Mar | Apr | May | Jun | Jul | Aug | Sep | Oct | Nov | Dec 
2014: Jan | Feb | Mar | Apr | May | Jun | Jul | Aug | Sep | Oct | Nov | Dec 
2013: Jan | Feb | Mar | Apr | May | Jun | Jul | Aug | Sep | Oct | Nov | Dec 
2012: Jan | Feb | Mar | Apr | May | Jun | Jul | Aug | Sep | Oct | Nov | Dec 
2011: Jan | Feb | Mar | Apr | May | Jun | Jul | Aug | Sep | Oct | Nov | Dec 
2010: Jan | Feb | Mar | Apr | May | Jun | Jul | Aug | Sep | Oct | Nov | Dec 
2009: Jan | Feb | Mar | Apr | May | Jun | Jul | Aug | Sep | Oct | Nov | Dec 
2008: Jan | Feb | Mar | Apr | May | Jun | Jul | Aug | Sep | Oct | Nov | Dec 
2007: Jan | Feb | Mar | Apr | May | Jun | Jul | Aug | Sep | Oct | Nov | Dec 
2006: Jan | Feb | Mar | Apr | May | Jun | Jul | Aug | Sep | Oct | Nov | Dec 
2005: Jan | Feb | Mar | Apr | May | Jun | Jul | Aug | Sep | Oct | Nov | Dec 
2004: Jan | Feb | Mar | Apr | May | Jun | Jul | Aug | Sep | Oct | Nov | Dec 
2003: Jan | Feb | Mar | Apr | May | Jun | Jul | Aug | Sep | Oct | Nov | Dec 
2002: Jan | Feb | Mar | Apr | May | Jun | Jul | Aug | Sep | Oct | Nov | Dec 
2001: Jan | Feb | Mar | Apr | May | Jun | Jul | Aug | Sep | Oct | Nov | Dec 
2000: Jan | Feb | Mar | Apr | May | Jun | Jul | Aug | Sep | Oct | Nov | Dec 
1999: Jan | Feb | Mar | Apr | May | Jun | Jul | Aug | Sep | Oct | Nov | Dec 
1998: Jan | Feb | Mar | Apr | May | Jun | Jul | Aug | Sep | Oct | Nov | Dec 
1997: Jan | Feb | Mar | Apr | May | Jun | Jul | Aug | Sep | Oct | Nov | Dec 
1996: Jan | Feb | Mar | Apr | May | Jun | Jul | Aug | Sep | Oct | Nov | Dec 
1995: Jan | Feb | Mar | Apr | May | Jun | Jul | Aug | Sep | Oct | Nov | Dec 

Report for 2000 07
MONTHLY CLIMATOLOGICAL SUMMARY for JUL. 2000 NAME: HornSpri CITY: Lebanon STATE: TN ELEV: 612 ft LAT: 36 14' 05" N LONG: 86 22' 55" W TEMPERATURE (F), RAIN (in), WIND SPEED (mph) HEAT COOL AVG MEAN DEG DEG WIND DOM DAY TEMP HIGH TIME LOW TIME DAYS DAYS RAIN SPEED HIGH TIME DIR ------------------------------------------------------------------------------------ 1 71.0 83.0 0:08 59.0 0:08 0.0 6.0 0.30 --- --- --- --- 2 74.0 86.0 0:08 62.0 0:08 0.0 9.0 0.00 --- --- --- --- 3 80.0 94.0 0:08 66.0 0:08 0.0 15.0 0.00 --- --- --- --- 4 5 83.0 93.0 0:08 73.0 0:08 0.0 18.0 0.00 --- --- --- --- 6 82.0 90.0 0:08 74.0 0:08 0.0 17.0 0.00 --- --- --- --- 7 82.0 95.0 0:08 69.0 0:08 0.0 17.0 1.50 --- --- --- --- 8 76.0 88.0 0:08 64.0 0:08 0.0 11.0 0.00 --- --- --- --- 9 78.0 90.0 0:08 66.0 0:08 0.0 13.0 0.00 --- --- --- --- 10 82.0 95.0 0:08 69.0 0:08 0.0 17.0 0.00 --- --- --- --- 11 84.0 98.0 0:08 70.0 0:08 0.0 19.0 0.00 --- --- --- --- 12 85.5 96.0 0:08 75.0 0:08 0.0 20.5 0.00 --- --- --- --- 13 84.5 96.0 0:08 73.0 0:08 0.0 19.5 0.20 --- --- --- --- 14 80.5 91.0 0:08 70.0 0:08 0.0 15.5 0.00 --- --- --- --- 15 81.0 94.0 0:08 68.0 0:08 0.0 16.0 0.00 --- --- --- --- 16 77.5 91.0 0:08 64.0 0:08 0.0 12.5 0.00 --- --- --- --- 17 74.5 89.0 0:08 60.0 0:08 0.0 9.5 0.00 --- --- --- --- 18 75.5 89.0 0:08 62.0 0:08 0.0 10.5 0.00 --- --- --- --- 19 82.0 93.0 0:08 71.0 0:08 0.0 17.0 0.35 --- --- --- --- 20 79.0 93.0 0:08 65.0 0:08 0.0 14.0 0.00 --- --- --- --- 21 75.5 87.0 0:08 64.0 0:08 0.0 10.5 0.15 --- --- --- --- 22 75.0 86.0 0:08 64.0 0:08 0.0 10.0 0.01 --- --- --- --- 23 76.5 86.0 0:08 67.0 0:08 0.0 11.5 0.00 --- --- --- --- 24 71.0 81.0 0:08 61.0 0:08 0.0 6.0 0.00 --- --- --- --- 25 73.0 87.0 0:08 59.0 0:08 0.0 8.0 0.00 --- --- --- --- 26 75.0 90.0 0:08 60.0 0:08 0.0 10.0 0.00 --- --- --- --- 27 78.0 91.0 0:08 65.0 0:08 0.0 13.0 0.00 --- --- --- --- 28 82.5 96.0 0:08 69.0 0:08 0.0 17.5 0.00 --- --- --- --- 29 82.0 95.0 0:08 69.0 0:08 0.0 17.0 0.10 --- --- --- --- 30 80.5 91.0 0:08 70.0 0:08 0.0 15.5 0.32 --- --- --- --- 31 78.5 87.0 0:08 70.0 0:08 0.0 13.5 0.07 --- --- --- --- ------------------------------------------------------------------------------------- 78.7 98.0 11 59.0 1 0.0 409.5 3.00 --- --- --- --- Max >= 90.0: 19 Max <= 32.0: 0 Min <= 32.0: 0 Min <= 0.0: 0 Max Rain: 1.50 ON 07/07/00 Days of Rain: 8 (>.01 in) 6 (>.1 in) 1 (>1 in) Heat Base: 65.0 Cool Base: 65.0 Method: (High + Low) / 2