Warning: file(http://www.wunderground.com/climate/extremes.asp): failed to open stream: HTTP request failed! HTTP/1.0 500 Internal Server Error in /homepages/6/d330860172/htdocs/usaextremes.php on line 55

Warning: implode(): Invalid arguments passed in /homepages/6/d330860172/htdocs/usaextremes.php on line 55

NOAA Style Climate Reports for Lebanon, TN

NOAA style reports

NOAA-style Climate Reports

2018: Jan | Feb | Mar | Apr | May | Jun | Jul | Aug | Sep | Oct | Nov | Dec 
2017: Jan | Feb | Mar | Apr | May | Jun | Jul | Aug | Sep | Oct | Nov | Dec 
2016: Jan | Feb | Mar | Apr | May | Jun | Jul | Aug | Sep | Oct | Nov | Dec 
2015: Jan | Feb | Mar | Apr | May | Jun | Jul | Aug | Sep | Oct | Nov | Dec 
2014: Jan | Feb | Mar | Apr | May | Jun | Jul | Aug | Sep | Oct | Nov | Dec 
2013: Jan | Feb | Mar | Apr | May | Jun | Jul | Aug | Sep | Oct | Nov | Dec 
2012: Jan | Feb | Mar | Apr | May | Jun | Jul | Aug | Sep | Oct | Nov | Dec 
2011: Jan | Feb | Mar | Apr | May | Jun | Jul | Aug | Sep | Oct | Nov | Dec 
2010: Jan | Feb | Mar | Apr | May | Jun | Jul | Aug | Sep | Oct | Nov | Dec 
2009: Jan | Feb | Mar | Apr | May | Jun | Jul | Aug | Sep | Oct | Nov | Dec 
2008: Jan | Feb | Mar | Apr | May | Jun | Jul | Aug | Sep | Oct | Nov | Dec 
2007: Jan | Feb | Mar | Apr | May | Jun | Jul | Aug | Sep | Oct | Nov | Dec 
2006: Jan | Feb | Mar | Apr | May | Jun | Jul | Aug | Sep | Oct | Nov | Dec 
2005: Jan | Feb | Mar | Apr | May | Jun | Jul | Aug | Sep | Oct | Nov | Dec 
2004: Jan | Feb | Mar | Apr | May | Jun | Jul | Aug | Sep | Oct | Nov | Dec 
2003: Jan | Feb | Mar | Apr | May | Jun | Jul | Aug | Sep | Oct | Nov | Dec 
2002: Jan | Feb | Mar | Apr | May | Jun | Jul | Aug | Sep | Oct | Nov | Dec 
2001: Jan | Feb | Mar | Apr | May | Jun | Jul | Aug | Sep | Oct | Nov | Dec 
2000: Jan | Feb | Mar | Apr | May | Jun | Jul | Aug | Sep | Oct | Nov | Dec 
1999: Jan | Feb | Mar | Apr | May | Jun | Jul | Aug | Sep | Oct | Nov | Dec 
1998: Jan | Feb | Mar | Apr | May | Jun | Jul | Aug | Sep | Oct | Nov | Dec 
1997: Jan | Feb | Mar | Apr | May | Jun | Jul | Aug | Sep | Oct | Nov | Dec 
1996: Jan | Feb | Mar | Apr | May | Jun | Jul | Aug | Sep | Oct | Nov | Dec 
1995: Jan | Feb | Mar | Apr | May | Jun | Jul | Aug | Sep | Oct | Nov | Dec 

Report for 2000 08
MONTHLY CLIMATOLOGICAL SUMMARY for AUG. 2000 NAME: HornSpri CITY: Lebanon STATE: TN ELEV: 612 ft LAT: 36 14' 05" N LONG: 86 22' 55" W TEMPERATURE (F), RAIN (in), WIND SPEED (mph) HEAT COOL AVG MEAN DEG DEG WIND DOM DAY TEMP HIGH TIME LOW TIME DAYS DAYS RAIN SPEED HIGH TIME DIR ------------------------------------------------------------------------------------ 1 79.5 91.0 0:08 68.0 0:08 0.0 14.5 0.25 --- --- --- --- 2 78.5 89.0 0:08 68.0 0:08 0.0 13.5 0.52 --- --- --- --- 3 79.0 90.0 0:08 68.0 0:08 0.0 14.0 0.00 --- --- --- --- 4 79.0 90.0 0:08 68.0 0:08 0.0 14.0 0.00 --- --- --- --- 5 78.0 87.0 0:08 69.0 0:08 0.0 13.0 0.87 --- --- --- --- 6 80.5 89.0 0:08 72.0 0:08 0.0 15.5 0.51 --- --- --- --- 7 86.5 96.0 0:08 77.0 0:08 0.0 21.5 0.00 --- --- --- --- 8 84.5 96.0 0:08 73.0 0:08 0.0 19.5 0.03 --- --- --- --- 9 83.5 94.0 0:08 73.0 0:08 0.0 18.5 0.08 --- --- --- --- 10 86.0 98.0 0:08 74.0 0:08 0.0 21.0 0.00 --- --- --- --- 11 80.5 94.0 0:08 67.0 0:08 0.0 15.5 0.00 --- --- --- --- 12 74.5 87.0 0:08 62.0 0:08 0.0 9.5 0.00 --- --- --- --- 13 71.0 85.0 0:08 57.0 0:08 0.0 6.0 0.00 --- --- --- --- 14 71.5 85.0 0:08 58.0 0:08 0.0 6.5 0.00 --- --- --- --- 15 75.0 89.0 0:08 61.0 0:08 0.0 10.0 0.00 --- --- --- --- 16 79.5 96.0 0:08 63.0 0:08 0.0 14.5 0.00 --- --- --- --- 17 84.5 100.0 0:08 69.0 0:08 0.0 19.5 0.00 --- --- --- --- 18 87.0 101.0 0:08 73.0 0:08 0.0 22.0 0.00 --- --- --- --- 19 74.0 86.0 0:08 62.0 0:08 0.0 9.0 0.01 --- --- --- --- 20 72.5 83.0 0:08 62.0 0:08 0.0 7.5 0.00 --- --- --- --- 21 70.5 82.0 0:08 59.0 0:08 0.0 5.5 0.00 --- --- --- --- 22 75.0 90.0 0:08 60.0 0:08 0.0 10.0 0.00 --- --- --- --- 23 79.5 92.0 0:08 67.0 0:08 0.0 14.5 0.00 --- --- --- --- 24 82.5 94.0 0:08 71.0 0:08 0.0 17.5 0.10 --- --- --- --- 25 74.0 85.0 0:08 63.0 0:08 0.0 9.0 0.02 --- --- --- --- 26 75.0 90.0 0:08 60.0 0:08 0.0 10.0 0.00 --- --- --- --- 27 74.5 88.0 0:08 61.0 0:08 0.0 9.5 1.40 --- --- --- --- 28 77.5 86.0 0:08 69.0 0:08 0.0 12.5 0.54 --- --- --- --- 29 80.5 90.0 0:08 71.0 0:08 0.0 15.5 0.00 --- --- --- --- 30 83.5 96.0 0:08 71.0 0:08 0.0 18.5 0.00 --- --- --- --- 31 79.5 92.0 0:08 67.0 0:08 0.0 14.5 0.00 --- --- --- --- ------------------------------------------------------------------------------------- 78.6 101.0 18 57.0 13 0.0 422.0 4.33 --- --- --- --- Max >= 90.0: 18 Max <= 32.0: 0 Min <= 32.0: 0 Min <= 0.0: 0 Max Rain: 1.40 ON 08/27/00 Days of Rain: 10 (>.01 in) 6 (>.1 in) 1 (>1 in) Heat Base: 65.0 Cool Base: 65.0 Method: (High + Low) / 2