Warning: file(http://www.wunderground.com/climate/extremes.asp): failed to open stream: HTTP request failed! HTTP/1.0 500 Internal Server Error in /homepages/6/d330860172/htdocs/usaextremes.php on line 55

Warning: implode(): Invalid arguments passed in /homepages/6/d330860172/htdocs/usaextremes.php on line 55

NOAA Style Climate Reports for Lebanon, TN

NOAA style reports

NOAA-style Climate Reports

2018: Jan | Feb | Mar | Apr | May | Jun | Jul | Aug | Sep | Oct | Nov | Dec 
2017: Jan | Feb | Mar | Apr | May | Jun | Jul | Aug | Sep | Oct | Nov | Dec 
2016: Jan | Feb | Mar | Apr | May | Jun | Jul | Aug | Sep | Oct | Nov | Dec 
2015: Jan | Feb | Mar | Apr | May | Jun | Jul | Aug | Sep | Oct | Nov | Dec 
2014: Jan | Feb | Mar | Apr | May | Jun | Jul | Aug | Sep | Oct | Nov | Dec 
2013: Jan | Feb | Mar | Apr | May | Jun | Jul | Aug | Sep | Oct | Nov | Dec 
2012: Jan | Feb | Mar | Apr | May | Jun | Jul | Aug | Sep | Oct | Nov | Dec 
2011: Jan | Feb | Mar | Apr | May | Jun | Jul | Aug | Sep | Oct | Nov | Dec 
2010: Jan | Feb | Mar | Apr | May | Jun | Jul | Aug | Sep | Oct | Nov | Dec 
2009: Jan | Feb | Mar | Apr | May | Jun | Jul | Aug | Sep | Oct | Nov | Dec 
2008: Jan | Feb | Mar | Apr | May | Jun | Jul | Aug | Sep | Oct | Nov | Dec 
2007: Jan | Feb | Mar | Apr | May | Jun | Jul | Aug | Sep | Oct | Nov | Dec 
2006: Jan | Feb | Mar | Apr | May | Jun | Jul | Aug | Sep | Oct | Nov | Dec 
2005: Jan | Feb | Mar | Apr | May | Jun | Jul | Aug | Sep | Oct | Nov | Dec 
2004: Jan | Feb | Mar | Apr | May | Jun | Jul | Aug | Sep | Oct | Nov | Dec 
2003: Jan | Feb | Mar | Apr | May | Jun | Jul | Aug | Sep | Oct | Nov | Dec 
2002: Jan | Feb | Mar | Apr | May | Jun | Jul | Aug | Sep | Oct | Nov | Dec 
2001: Jan | Feb | Mar | Apr | May | Jun | Jul | Aug | Sep | Oct | Nov | Dec 
2000: Jan | Feb | Mar | Apr | May | Jun | Jul | Aug | Sep | Oct | Nov | Dec 
1999: Jan | Feb | Mar | Apr | May | Jun | Jul | Aug | Sep | Oct | Nov | Dec 
1998: Jan | Feb | Mar | Apr | May | Jun | Jul | Aug | Sep | Oct | Nov | Dec 
1997: Jan | Feb | Mar | Apr | May | Jun | Jul | Aug | Sep | Oct | Nov | Dec 
1996: Jan | Feb | Mar | Apr | May | Jun | Jul | Aug | Sep | Oct | Nov | Dec 
1995: Jan | Feb | Mar | Apr | May | Jun | Jul | Aug | Sep | Oct | Nov | Dec 

Report for 2000 10
MONTHLY CLIMATOLOGICAL SUMMARY for OCT. 2000 NAME: HornSpri CITY: Lebanon STATE: TN ELEV: 612 ft LAT: 36 14' 05" N LONG: 86 22' 55" W TEMPERATURE (F), RAIN (in), WIND SPEED (mph) HEAT COOL AVG MEAN DEG DEG WIND DOM DAY TEMP HIGH TIME LOW TIME DAYS DAYS RAIN SPEED HIGH TIME DIR ------------------------------------------------------------------------------------ 1 63.5 78.0 0:08 49.0 0:08 1.5 0.0 0.00 --- --- --- --- 2 66.5 80.0 0:08 53.0 0:08 0.0 1.5 0.00 --- --- --- --- 3 74.0 86.0 0:08 62.0 0:08 0.0 9.0 0.00 --- --- --- --- 4 73.5 87.0 0:08 60.0 0:08 0.0 8.5 0.00 --- --- --- --- 5 73.5 87.0 0:08 60.0 0:08 0.0 8.5 0.00 --- --- --- --- 6 74.5 88.0 0:08 61.0 0:08 0.0 9.5 0.20 --- --- --- --- 7 51.0 62.0 0:08 40.0 0:08 14.0 0.0 0.01 --- --- --- --- 8 40.5 48.0 0:08 33.0 0:08 24.5 0.0 0.00 --- --- --- --- 9 40.0 52.0 0:08 28.0 0:08 25.0 0.0 0.00 --- --- --- --- 10 42.0 55.0 0:08 29.0 0:08 23.0 0.0 0.00 --- --- --- --- 11 46.0 65.0 0:08 27.0 0:08 19.0 0.0 0.00 --- --- --- --- 12 51.5 72.0 0:08 31.0 0:08 13.5 0.0 0.00 --- --- --- --- 13 55.5 78.0 0:08 33.0 0:08 9.5 0.0 0.00 --- --- --- --- 14 57.5 80.0 0:08 35.0 0:08 7.5 0.0 0.00 --- --- --- --- 15 60.5 81.0 0:08 40.0 0:08 4.5 0.0 0.00 --- --- --- --- 16 63.5 83.0 0:08 44.0 0:08 1.5 0.0 0.00 --- --- --- --- 17 65.5 80.0 0:08 51.0 0:08 0.0 0.5 0.00 --- --- --- --- 18 66.5 77.0 0:08 56.0 0:08 0.0 1.5 0.11 --- --- --- --- 19 56.5 73.0 0:08 40.0 0:08 8.5 0.0 0.00 --- --- --- --- 20 58.5 77.0 0:08 40.0 0:08 6.5 0.0 0.00 --- --- --- --- 21 64.0 82.0 0:08 46.0 0:08 1.0 0.0 0.00 --- --- --- --- 22 63.5 71.0 0:08 56.0 0:08 1.5 0.0 0.10 --- --- --- --- 23 68.0 80.0 0:08 56.0 0:08 0.0 3.0 0.00 --- --- --- --- 24 70.0 85.0 0:08 55.0 0:08 0.0 5.0 0.00 --- --- --- --- 25 69.5 85.0 0:08 54.0 0:08 0.0 4.5 0.00 --- --- --- --- 26 69.0 84.0 0:08 54.0 0:08 0.0 4.0 0.00 --- --- --- --- 27 68.5 82.0 0:08 55.0 0:08 0.0 3.5 0.00 --- --- --- --- 28 69.0 83.0 0:08 55.0 0:08 0.0 4.0 0.00 --- --- --- --- 29 63.5 80.0 0:08 47.0 0:08 1.5 0.0 0.00 --- --- --- --- 30 61.5 77.0 0:08 46.0 0:08 3.5 0.0 0.00 --- --- --- --- 31 67.5 80.0 0:08 55.0 0:08 0.0 2.5 0.01 --- --- --- --- ------------------------------------------------------------------------------------- 61.8 88.0 6 27.0 11 166.0 65.5 0.43 --- --- --- --- Max >= 90.0: 0 Max <= 32.0: 0 Min <= 32.0: 4 Min <= 0.0: 0 Max Rain: 0.20 ON 10/06/00 Days of Rain: 3 (>.01 in) 2 (>.1 in) 0 (>1 in) Heat Base: 65.0 Cool Base: 65.0 Method: (High + Low) / 2