Warning: file(http://www.wunderground.com/climate/extremes.asp): failed to open stream: HTTP request failed! HTTP/1.0 500 Internal Server Error in /homepages/6/d330860172/htdocs/usaextremes.php on line 55

Warning: implode(): Invalid arguments passed in /homepages/6/d330860172/htdocs/usaextremes.php on line 55

NOAA Style Climate Reports for Lebanon, TN

NOAA style reports

NOAA-style Climate Reports

2018: Jan | Feb | Mar | Apr | May | Jun | Jul | Aug | Sep | Oct | Nov | Dec 
2017: Jan | Feb | Mar | Apr | May | Jun | Jul | Aug | Sep | Oct | Nov | Dec 
2016: Jan | Feb | Mar | Apr | May | Jun | Jul | Aug | Sep | Oct | Nov | Dec 
2015: Jan | Feb | Mar | Apr | May | Jun | Jul | Aug | Sep | Oct | Nov | Dec 
2014: Jan | Feb | Mar | Apr | May | Jun | Jul | Aug | Sep | Oct | Nov | Dec 
2013: Jan | Feb | Mar | Apr | May | Jun | Jul | Aug | Sep | Oct | Nov | Dec 
2012: Jan | Feb | Mar | Apr | May | Jun | Jul | Aug | Sep | Oct | Nov | Dec 
2011: Jan | Feb | Mar | Apr | May | Jun | Jul | Aug | Sep | Oct | Nov | Dec 
2010: Jan | Feb | Mar | Apr | May | Jun | Jul | Aug | Sep | Oct | Nov | Dec 
2009: Jan | Feb | Mar | Apr | May | Jun | Jul | Aug | Sep | Oct | Nov | Dec 
2008: Jan | Feb | Mar | Apr | May | Jun | Jul | Aug | Sep | Oct | Nov | Dec 
2007: Jan | Feb | Mar | Apr | May | Jun | Jul | Aug | Sep | Oct | Nov | Dec 
2006: Jan | Feb | Mar | Apr | May | Jun | Jul | Aug | Sep | Oct | Nov | Dec 
2005: Jan | Feb | Mar | Apr | May | Jun | Jul | Aug | Sep | Oct | Nov | Dec 
2004: Jan | Feb | Mar | Apr | May | Jun | Jul | Aug | Sep | Oct | Nov | Dec 
2003: Jan | Feb | Mar | Apr | May | Jun | Jul | Aug | Sep | Oct | Nov | Dec 
2002: Jan | Feb | Mar | Apr | May | Jun | Jul | Aug | Sep | Oct | Nov | Dec 
2001: Jan | Feb | Mar | Apr | May | Jun | Jul | Aug | Sep | Oct | Nov | Dec 
2000: Jan | Feb | Mar | Apr | May | Jun | Jul | Aug | Sep | Oct | Nov | Dec 
1999: Jan | Feb | Mar | Apr | May | Jun | Jul | Aug | Sep | Oct | Nov | Dec 
1998: Jan | Feb | Mar | Apr | May | Jun | Jul | Aug | Sep | Oct | Nov | Dec 
1997: Jan | Feb | Mar | Apr | May | Jun | Jul | Aug | Sep | Oct | Nov | Dec 
1996: Jan | Feb | Mar | Apr | May | Jun | Jul | Aug | Sep | Oct | Nov | Dec 
1995: Jan | Feb | Mar | Apr | May | Jun | Jul | Aug | Sep | Oct | Nov | Dec 

Report for 2000 11
MONTHLY CLIMATOLOGICAL SUMMARY for NOV. 2000 NAME: HornSpri CITY: Lebanon STATE: TN ELEV: 612 ft LAT: 36 14' 05" N LONG: 86 22' 55" W TEMPERATURE (F), RAIN (in), WIND SPEED (mph) HEAT COOL AVG MEAN DEG DEG WIND DOM DAY TEMP HIGH TIME LOW TIME DAYS DAYS RAIN SPEED HIGH TIME DIR ------------------------------------------------------------------------------------ 1 67.5 80.0 0:08 55.0 0:08 0.0 2.5 0.00 --- --- --- --- 2 70.0 85.0 0:08 55.0 0:08 0.0 5.0 0.00 --- --- --- --- 3 69.5 84.0 0:08 55.0 0:08 0.0 4.5 0.00 --- --- --- --- 4 5 49.0 61.0 0:08 37.0 0:08 16.0 0.0 0.05 --- --- --- --- 6 52.0 67.0 0:08 37.0 0:08 13.0 0.0 0.01 --- --- --- --- 7 62.0 65.0 0:08 59.0 0:08 3.0 0.0 0.42 --- --- --- --- 8 68.5 79.0 0:08 58.0 0:08 0.0 3.5 0.45 --- --- --- --- 9 63.0 68.0 0:08 58.0 0:08 2.0 0.0 2.40 --- --- --- --- 10 58.0 75.0 0:08 41.0 0:08 7.0 0.0 0.35 --- --- --- --- 11 12 45.0 57.0 0:08 33.0 0:08 20.0 0.0 0.00 --- --- --- --- 13 48.0 63.0 0:08 33.0 0:08 17.0 0.0 0.14 --- --- --- --- 14 43.0 56.0 0:08 30.0 0:08 22.0 0.0 0.04 --- --- --- --- 15 36.5 47.0 0:08 26.0 0:08 28.5 0.0 0.00 --- --- --- --- 16 37.5 48.0 0:08 27.0 0:08 27.5 0.0 0.05 --- --- --- --- 17 38.5 47.0 0:08 30.0 0:08 26.5 0.0 0.25 --- --- --- --- 18 30.5 38.0 0:08 23.0 0:08 34.5 0.0 0.00 --- --- --- --- 19 30.5 38.0 0:08 23.0 0:08 34.5 0.0 0.00 --- --- --- --- 20 41.5 51.0 0:08 32.0 0:08 23.5 0.0 0.00 --- --- --- --- 21 34.0 44.0 0:08 24.0 0:08 31.0 0.0 0.00 --- --- --- --- 22 29.0 38.0 0:08 20.0 0:08 36.0 0.0 0.00 --- --- --- --- 23 39.5 54.0 0:08 25.0 0:08 25.5 0.0 0.00 --- --- --- --- 24 44.0 57.0 0:08 31.0 0:08 21.0 0.0 0.00 --- --- --- --- 25 48.5 54.0 0:08 43.0 0:08 16.5 0.0 1.10 --- --- --- --- 26 50.0 55.0 0:08 45.0 0:08 15.0 0.0 0.08 --- --- --- --- 27 28 45.0 56.0 0:08 34.0 0:08 20.0 0.0 0.00 --- --- --- --- 29 48.0 62.0 0:08 34.0 0:08 17.0 0.0 0.06 --- --- --- --- 30 41.5 56.0 0:08 27.0 0:08 23.5 0.0 0.00 --- --- --- --- ------------------------------------------------------------------------------------- 47.8 85.0 2 20.0 22 480.5 15.5 5.40 --- --- --- --- Max >= 90.0: 0 Max <= 32.0: 0 Min <= 32.0: 12 Min <= 0.0: 0 Max Rain: 2.40 ON 11/09/00 Days of Rain: 12 (>.01 in) 7 (>.1 in) 2 (>1 in) Heat Base: 65.0 Cool Base: 65.0 Method: (High + Low) / 2