Warning: file(http://www.wunderground.com/climate/extremes.asp): failed to open stream: HTTP request failed! HTTP/1.0 500 Internal Server Error in /homepages/6/d330860172/htdocs/usaextremes.php on line 55

Warning: implode(): Invalid arguments passed in /homepages/6/d330860172/htdocs/usaextremes.php on line 55

NOAA Style Climate Reports for Lebanon, TN

NOAA style reports

NOAA-style Climate Reports

2018: Jan | Feb | Mar | Apr | May | Jun | Jul | Aug | Sep | Oct | Nov | Dec 
2017: Jan | Feb | Mar | Apr | May | Jun | Jul | Aug | Sep | Oct | Nov | Dec 
2016: Jan | Feb | Mar | Apr | May | Jun | Jul | Aug | Sep | Oct | Nov | Dec 
2015: Jan | Feb | Mar | Apr | May | Jun | Jul | Aug | Sep | Oct | Nov | Dec 
2014: Jan | Feb | Mar | Apr | May | Jun | Jul | Aug | Sep | Oct | Nov | Dec 
2013: Jan | Feb | Mar | Apr | May | Jun | Jul | Aug | Sep | Oct | Nov | Dec 
2012: Jan | Feb | Mar | Apr | May | Jun | Jul | Aug | Sep | Oct | Nov | Dec 
2011: Jan | Feb | Mar | Apr | May | Jun | Jul | Aug | Sep | Oct | Nov | Dec 
2010: Jan | Feb | Mar | Apr | May | Jun | Jul | Aug | Sep | Oct | Nov | Dec 
2009: Jan | Feb | Mar | Apr | May | Jun | Jul | Aug | Sep | Oct | Nov | Dec 
2008: Jan | Feb | Mar | Apr | May | Jun | Jul | Aug | Sep | Oct | Nov | Dec 
2007: Jan | Feb | Mar | Apr | May | Jun | Jul | Aug | Sep | Oct | Nov | Dec 
2006: Jan | Feb | Mar | Apr | May | Jun | Jul | Aug | Sep | Oct | Nov | Dec 
2005: Jan | Feb | Mar | Apr | May | Jun | Jul | Aug | Sep | Oct | Nov | Dec 
2004: Jan | Feb | Mar | Apr | May | Jun | Jul | Aug | Sep | Oct | Nov | Dec 
2003: Jan | Feb | Mar | Apr | May | Jun | Jul | Aug | Sep | Oct | Nov | Dec 
2002: Jan | Feb | Mar | Apr | May | Jun | Jul | Aug | Sep | Oct | Nov | Dec 
2001: Jan | Feb | Mar | Apr | May | Jun | Jul | Aug | Sep | Oct | Nov | Dec 
2000: Jan | Feb | Mar | Apr | May | Jun | Jul | Aug | Sep | Oct | Nov | Dec 
1999: Jan | Feb | Mar | Apr | May | Jun | Jul | Aug | Sep | Oct | Nov | Dec 
1998: Jan | Feb | Mar | Apr | May | Jun | Jul | Aug | Sep | Oct | Nov | Dec 
1997: Jan | Feb | Mar | Apr | May | Jun | Jul | Aug | Sep | Oct | Nov | Dec 
1996: Jan | Feb | Mar | Apr | May | Jun | Jul | Aug | Sep | Oct | Nov | Dec 
1995: Jan | Feb | Mar | Apr | May | Jun | Jul | Aug | Sep | Oct | Nov | Dec 

Report for 2000 12
MONTHLY CLIMATOLOGICAL SUMMARY for DEC. 2000 NAME: HornSpri CITY: Lebanon STATE: TN ELEV: 612 ft LAT: 36 14' 05" N LONG: 86 22' 55" W TEMPERATURE (F), RAIN (in), WIND SPEED (mph) HEAT COOL AVG MEAN DEG DEG WIND DOM DAY TEMP HIGH TIME LOW TIME DAYS DAYS RAIN SPEED HIGH TIME DIR ------------------------------------------------------------------------------------ 1 35.5 47.0 0:08 24.0 0:08 29.5 0.0 0.00 --- --- --- --- 2 3 36.0 43.0 0:08 29.0 0:08 29.0 0.0 0.00 --- --- --- --- 4 33.5 39.0 0:08 28.0 0:08 31.5 0.0 0.00 --- --- --- --- 5 34.0 44.0 0:08 24.0 0:08 31.0 0.0 0.00 --- --- --- --- 6 29.5 34.0 0:08 25.0 0:08 35.5 0.0 0.11 --- --- --- --- 7 39.0 50.0 0:08 28.0 0:08 26.0 0.0 0.00 --- --- --- --- 8 37.5 51.0 0:08 24.0 0:08 27.5 0.0 0.00 --- --- --- --- 9 37.5 51.0 0:08 24.0 0:08 27.5 0.0 0.00 --- --- --- --- 10 38.0 50.0 0:08 26.0 0:08 27.0 0.0 0.02 --- --- --- --- 11 46.5 54.0 0:08 39.0 0:08 18.5 0.0 0.00 --- --- --- --- 12 38.5 60.0 0:08 17.0 0:08 26.5 0.0 0.12 --- --- --- --- 13 22.5 27.0 0:08 18.0 0:08 42.5 0.0 0.00 --- --- --- --- 14 35.5 45.0 0:08 26.0 0:08 29.5 0.0 1.32 --- --- --- --- 15 34.5 36.0 0:08 33.0 0:08 30.5 0.0 0.00 --- --- --- --- 16 44.5 56.0 0:08 33.0 0:08 20.5 0.0 0.79 --- --- --- --- 17 37.0 60.0 0:08 14.0 0:08 28.0 0.0 2.30 --- --- --- --- 18 18.5 24.0 0:08 13.0 0:08 46.5 0.0 0.21 --- --- --- --- 19 26.0 37.0 0:08 15.0 0:08 39.0 0.0 0.02 --- --- --- --- 20 21 22.5 32.0 0:08 13.0 0:08 42.5 0.0 0.09 --- --- --- --- 22 23 18.0 26.0 0:08 10.0 0:08 47.0 0.0 0.00 --- --- --- --- 24 26.0 42.0 0:08 10.0 0:08 39.0 0.0 0.00 --- --- --- --- 25 24.0 37.0 0:08 11.0 0:08 41.0 0.0 0.00 --- --- --- --- 26 27 32.0 37.0 0:08 27.0 0:08 33.0 0.0 0.00 --- --- --- --- 28 34.0 40.0 0:08 28.0 0:08 31.0 0.0 0.00 --- --- --- --- 29 28.0 35.0 0:08 21.0 0:08 37.0 0.0 0.00 --- --- --- --- 30 31 ------------------------------------------------------------------------------------- 32.3 60.0 12 10.0 23 816.5 0.0 4.98 --- --- --- --- Max >= 90.0: 0 Max <= 32.0: 4 Min <= 32.0: 22 Min <= 0.0: 0 Max Rain: 2.30 ON 12/17/00 Days of Rain: 9 (>.01 in) 6 (>.1 in) 2 (>1 in) Heat Base: 65.0 Cool Base: 65.0 Method: (High + Low) / 2