Warning: file(http://www.wunderground.com/climate/extremes.asp): failed to open stream: HTTP request failed! HTTP/1.0 500 Internal Server Error in /homepages/6/d330860172/htdocs/usaextremes.php on line 55

Warning: implode(): Invalid arguments passed in /homepages/6/d330860172/htdocs/usaextremes.php on line 55

NOAA Style Climate Reports for Lebanon, TN

NOAA style reports

NOAA-style Climate Reports

2018: Jan | Feb | Mar | Apr | May | Jun | Jul | Aug | Sep | Oct | Nov | Dec 
2017: Jan | Feb | Mar | Apr | May | Jun | Jul | Aug | Sep | Oct | Nov | Dec 
2016: Jan | Feb | Mar | Apr | May | Jun | Jul | Aug | Sep | Oct | Nov | Dec 
2015: Jan | Feb | Mar | Apr | May | Jun | Jul | Aug | Sep | Oct | Nov | Dec 
2014: Jan | Feb | Mar | Apr | May | Jun | Jul | Aug | Sep | Oct | Nov | Dec 
2013: Jan | Feb | Mar | Apr | May | Jun | Jul | Aug | Sep | Oct | Nov | Dec 
2012: Jan | Feb | Mar | Apr | May | Jun | Jul | Aug | Sep | Oct | Nov | Dec 
2011: Jan | Feb | Mar | Apr | May | Jun | Jul | Aug | Sep | Oct | Nov | Dec 
2010: Jan | Feb | Mar | Apr | May | Jun | Jul | Aug | Sep | Oct | Nov | Dec 
2009: Jan | Feb | Mar | Apr | May | Jun | Jul | Aug | Sep | Oct | Nov | Dec 
2008: Jan | Feb | Mar | Apr | May | Jun | Jul | Aug | Sep | Oct | Nov | Dec 
2007: Jan | Feb | Mar | Apr | May | Jun | Jul | Aug | Sep | Oct | Nov | Dec 
2006: Jan | Feb | Mar | Apr | May | Jun | Jul | Aug | Sep | Oct | Nov | Dec 
2005: Jan | Feb | Mar | Apr | May | Jun | Jul | Aug | Sep | Oct | Nov | Dec 
2004: Jan | Feb | Mar | Apr | May | Jun | Jul | Aug | Sep | Oct | Nov | Dec 
2003: Jan | Feb | Mar | Apr | May | Jun | Jul | Aug | Sep | Oct | Nov | Dec 
2002: Jan | Feb | Mar | Apr | May | Jun | Jul | Aug | Sep | Oct | Nov | Dec 
2001: Jan | Feb | Mar | Apr | May | Jun | Jul | Aug | Sep | Oct | Nov | Dec 
2000: Jan | Feb | Mar | Apr | May | Jun | Jul | Aug | Sep | Oct | Nov | Dec 
1999: Jan | Feb | Mar | Apr | May | Jun | Jul | Aug | Sep | Oct | Nov | Dec 
1998: Jan | Feb | Mar | Apr | May | Jun | Jul | Aug | Sep | Oct | Nov | Dec 
1997: Jan | Feb | Mar | Apr | May | Jun | Jul | Aug | Sep | Oct | Nov | Dec 
1996: Jan | Feb | Mar | Apr | May | Jun | Jul | Aug | Sep | Oct | Nov | Dec 
1995: Jan | Feb | Mar | Apr | May | Jun | Jul | Aug | Sep | Oct | Nov | Dec 

Report for 2001 01
MONTHLY CLIMATOLOGICAL SUMMARY for JAN. 2001 NAME: HornSpri CITY: Lebanon STATE: TN ELEV: 612 ft LAT: 36 14' 05" N LONG: 86 22' 55" W TEMPERATURE (F), RAIN (in), WIND SPEED (mph) HEAT COOL AVG MEAN DEG DEG WIND DOM DAY TEMP HIGH TIME LOW TIME DAYS DAYS RAIN SPEED HIGH TIME DIR ------------------------------------------------------------------------------------ 1 22.5 26.0 0:08 19.0 0:08 42.5 0.0 0.10 --- --- --- --- 2 21.5 28.0 0:08 15.0 0:08 43.5 0.0 0.10 --- --- --- --- 3 18.0 29.0 0:08 7.0 0:08 47.0 0.0 0.00 --- --- --- --- 4 21.5 36.0 0:08 7.0 0:08 43.5 0.0 0.00 --- --- --- --- 5 31.0 42.0 0:08 20.0 0:08 34.0 0.0 0.00 --- --- --- --- 6 35.5 49.0 0:08 22.0 0:08 29.5 0.0 0.00 --- --- --- --- 7 35.5 50.0 0:08 21.0 0:08 29.5 0.0 0.00 --- --- --- --- 8 44.5 56.0 0:08 33.0 0:08 20.5 0.0 0.00 --- --- --- --- 9 10 24.5 35.0 0:08 14.0 0:08 40.5 0.0 0.00 --- --- --- --- 11 30.5 47.0 0:08 14.0 0:08 34.5 0.0 0.00 --- --- --- --- 12 34.0 45.0 0:08 23.0 0:08 31.0 0.0 0.29 --- --- --- --- 13 35.5 39.0 0:08 32.0 0:08 29.5 0.0 0.02 --- --- --- --- 14 15 16 42.0 55.0 0:08 29.0 0:08 23.0 0.0 0.00 --- --- --- --- 17 35.5 42.0 0:08 29.0 0:08 29.5 0.0 0.00 --- --- --- --- 18 38.0 43.0 0:08 33.0 0:08 27.0 0.0 0.40 --- --- --- --- 19 40.0 42.0 0:08 38.0 0:08 25.0 0.0 1.52 --- --- --- --- 20 34.0 38.0 0:08 30.0 0:08 31.0 0.0 0.37 --- --- --- --- 21 23.5 30.0 0:08 17.0 0:08 41.5 0.0 0.05 --- --- --- --- 22 27.0 37.0 0:08 17.0 0:08 38.0 0.0 0.00 --- --- --- --- 23 32.5 46.0 0:08 19.0 0:08 32.5 0.0 0.00 --- --- --- --- 24 33.5 49.0 0:08 18.0 0:08 31.5 0.0 0.00 --- --- --- --- 25 35.5 50.0 0:08 21.0 0:08 29.5 0.0 0.00 --- --- --- --- 26 28.0 38.0 0:08 18.0 0:08 37.0 0.0 0.00 --- --- --- --- 27 31.5 42.0 0:08 21.0 0:08 33.5 0.0 0.00 --- --- --- --- 28 29.0 39.0 0:08 19.0 0:08 36.0 0.0 0.00 --- --- --- --- 29 35.0 48.0 0:08 22.0 0:08 30.0 0.0 0.00 --- --- --- --- 30 53.0 64.0 0:08 42.0 0:08 12.0 0.0 0.67 --- --- --- --- 31 53.0 63.0 0:08 43.0 0:08 12.0 0.0 0.00 --- --- --- --- ------------------------------------------------------------------------------------- 33.1 64.0 30 7.0 3 894.5 0.0 3.52 --- --- --- --- Max >= 90.0: 0 Max <= 32.0: 4 Min <= 32.0: 23 Min <= 0.0: 0 Max Rain: 1.52 ON 01/19/01 Days of Rain: 9 (>.01 in) 5 (>.1 in) 1 (>1 in) Heat Base: 65.0 Cool Base: 65.0 Method: (High + Low) / 2