Warning: file(http://www.wunderground.com/climate/extremes.asp): failed to open stream: HTTP request failed! HTTP/1.0 500 Internal Server Error in /homepages/6/d330860172/htdocs/usaextremes.php on line 55

Warning: implode(): Invalid arguments passed in /homepages/6/d330860172/htdocs/usaextremes.php on line 55

NOAA Style Climate Reports for Lebanon, TN

NOAA style reports

NOAA-style Climate Reports

2018: Jan | Feb | Mar | Apr | May | Jun | Jul | Aug | Sep | Oct | Nov | Dec 
2017: Jan | Feb | Mar | Apr | May | Jun | Jul | Aug | Sep | Oct | Nov | Dec 
2016: Jan | Feb | Mar | Apr | May | Jun | Jul | Aug | Sep | Oct | Nov | Dec 
2015: Jan | Feb | Mar | Apr | May | Jun | Jul | Aug | Sep | Oct | Nov | Dec 
2014: Jan | Feb | Mar | Apr | May | Jun | Jul | Aug | Sep | Oct | Nov | Dec 
2013: Jan | Feb | Mar | Apr | May | Jun | Jul | Aug | Sep | Oct | Nov | Dec 
2012: Jan | Feb | Mar | Apr | May | Jun | Jul | Aug | Sep | Oct | Nov | Dec 
2011: Jan | Feb | Mar | Apr | May | Jun | Jul | Aug | Sep | Oct | Nov | Dec 
2010: Jan | Feb | Mar | Apr | May | Jun | Jul | Aug | Sep | Oct | Nov | Dec 
2009: Jan | Feb | Mar | Apr | May | Jun | Jul | Aug | Sep | Oct | Nov | Dec 
2008: Jan | Feb | Mar | Apr | May | Jun | Jul | Aug | Sep | Oct | Nov | Dec 
2007: Jan | Feb | Mar | Apr | May | Jun | Jul | Aug | Sep | Oct | Nov | Dec 
2006: Jan | Feb | Mar | Apr | May | Jun | Jul | Aug | Sep | Oct | Nov | Dec 
2005: Jan | Feb | Mar | Apr | May | Jun | Jul | Aug | Sep | Oct | Nov | Dec 
2004: Jan | Feb | Mar | Apr | May | Jun | Jul | Aug | Sep | Oct | Nov | Dec 
2003: Jan | Feb | Mar | Apr | May | Jun | Jul | Aug | Sep | Oct | Nov | Dec 
2002: Jan | Feb | Mar | Apr | May | Jun | Jul | Aug | Sep | Oct | Nov | Dec 
2001: Jan | Feb | Mar | Apr | May | Jun | Jul | Aug | Sep | Oct | Nov | Dec 
2000: Jan | Feb | Mar | Apr | May | Jun | Jul | Aug | Sep | Oct | Nov | Dec 
1999: Jan | Feb | Mar | Apr | May | Jun | Jul | Aug | Sep | Oct | Nov | Dec 
1998: Jan | Feb | Mar | Apr | May | Jun | Jul | Aug | Sep | Oct | Nov | Dec 
1997: Jan | Feb | Mar | Apr | May | Jun | Jul | Aug | Sep | Oct | Nov | Dec 
1996: Jan | Feb | Mar | Apr | May | Jun | Jul | Aug | Sep | Oct | Nov | Dec 
1995: Jan | Feb | Mar | Apr | May | Jun | Jul | Aug | Sep | Oct | Nov | Dec 

Report for 2001 02
MONTHLY CLIMATOLOGICAL SUMMARY for FEB. 2001 NAME: HornSpri CITY: Lebanon STATE: TN ELEV: 612 ft LAT: 36 14' 05" N LONG: 86 22' 55" W TEMPERATURE (F), RAIN (in), WIND SPEED (mph) HEAT COOL AVG MEAN DEG DEG WIND DOM DAY TEMP HIGH TIME LOW TIME DAYS DAYS RAIN SPEED HIGH TIME DIR ------------------------------------------------------------------------------------ 1 2 39.5 50.0 0:08 29.0 0:08 25.5 0.0 0.00 --- --- --- --- 3 24.5 33.0 0:08 16.0 0:08 40.5 0.0 0.00 --- --- --- --- 4 31.5 47.0 0:08 16.0 0:08 33.5 0.0 0.00 --- --- --- --- 5 40.5 50.0 0:08 31.0 0:08 24.5 0.0 0.01 --- --- --- --- 6 35.0 44.0 0:08 26.0 0:08 30.0 0.0 0.00 --- --- --- --- 7 47.5 65.0 0:08 30.0 0:08 17.5 0.0 0.00 --- --- --- --- 8 56.5 70.0 0:08 43.0 0:08 8.5 0.0 0.00 --- --- --- --- 9 64.5 74.0 0:08 55.0 0:08 0.5 0.0 0.00 --- --- --- --- 10 51.5 72.0 0:08 31.0 0:08 13.5 0.0 0.91 --- --- --- --- 11 31.5 37.0 0:08 26.0 0:08 33.5 0.0 0.00 --- --- --- --- 12 35.5 44.0 0:08 27.0 0:08 29.5 0.0 0.10 --- --- --- --- 13 45.0 49.0 0:08 41.0 0:08 20.0 0.0 0.04 --- --- --- --- 14 52.0 57.0 0:08 47.0 0:08 13.0 0.0 0.41 --- --- --- --- 15 60.0 64.0 0:08 56.0 0:08 5.0 0.0 1.52 --- --- --- --- 16 56.5 59.0 0:08 54.0 0:08 8.5 0.0 1.00 --- --- --- --- 17 40.5 54.0 0:08 27.0 0:08 24.5 0.0 1.85 --- --- --- --- 18 28.5 37.0 0:08 20.0 0:08 36.5 0.0 0.00 --- --- --- --- 19 29.5 39.0 0:08 20.0 0:08 35.5 0.0 0.00 --- --- --- --- 20 45.5 62.0 0:08 29.0 0:08 19.5 0.0 0.00 --- --- --- --- 21 55.5 67.0 0:08 44.0 0:08 9.5 0.0 0.05 --- --- --- --- 22 41.0 49.0 0:08 33.0 0:08 24.0 0.0 0.59 --- --- --- --- 23 36.5 40.0 0:08 33.0 0:08 28.5 0.0 0.01 --- --- --- --- 24 42.5 52.0 0:08 33.0 0:08 22.5 0.0 0.00 --- --- --- --- 25 59.0 66.0 0:08 52.0 0:08 6.0 0.0 1.10 --- --- --- --- 26 54.0 72.0 0:08 36.0 0:08 11.0 0.0 0.00 --- --- --- --- 27 46.0 58.0 0:08 34.0 0:08 19.0 0.0 0.00 --- --- --- --- 28 45.0 52.0 0:08 38.0 0:08 20.0 0.0 0.00 --- --- --- --- ------------------------------------------------------------------------------------- 44.3 74.0 9 16.0 3 560.0 0.0 7.59 --- --- --- --- Max >= 90.0: 0 Max <= 32.0: 0 Min <= 32.0: 13 Min <= 0.0: 0 Max Rain: 1.85 ON 02/17/01 Days of Rain: 10 (>.01 in) 7 (>.1 in) 3 (>1 in) Heat Base: 65.0 Cool Base: 65.0 Method: (High + Low) / 2