Warning: file(http://www.wunderground.com/climate/extremes.asp): failed to open stream: HTTP request failed! HTTP/1.0 500 Internal Server Error in /homepages/6/d330860172/htdocs/usaextremes.php on line 55

Warning: implode(): Invalid arguments passed in /homepages/6/d330860172/htdocs/usaextremes.php on line 55

NOAA Style Climate Reports for Lebanon, TN

NOAA style reports

NOAA-style Climate Reports

2018: Jan | Feb | Mar | Apr | May | Jun | Jul | Aug | Sep | Oct | Nov | Dec 
2017: Jan | Feb | Mar | Apr | May | Jun | Jul | Aug | Sep | Oct | Nov | Dec 
2016: Jan | Feb | Mar | Apr | May | Jun | Jul | Aug | Sep | Oct | Nov | Dec 
2015: Jan | Feb | Mar | Apr | May | Jun | Jul | Aug | Sep | Oct | Nov | Dec 
2014: Jan | Feb | Mar | Apr | May | Jun | Jul | Aug | Sep | Oct | Nov | Dec 
2013: Jan | Feb | Mar | Apr | May | Jun | Jul | Aug | Sep | Oct | Nov | Dec 
2012: Jan | Feb | Mar | Apr | May | Jun | Jul | Aug | Sep | Oct | Nov | Dec 
2011: Jan | Feb | Mar | Apr | May | Jun | Jul | Aug | Sep | Oct | Nov | Dec 
2010: Jan | Feb | Mar | Apr | May | Jun | Jul | Aug | Sep | Oct | Nov | Dec 
2009: Jan | Feb | Mar | Apr | May | Jun | Jul | Aug | Sep | Oct | Nov | Dec 
2008: Jan | Feb | Mar | Apr | May | Jun | Jul | Aug | Sep | Oct | Nov | Dec 
2007: Jan | Feb | Mar | Apr | May | Jun | Jul | Aug | Sep | Oct | Nov | Dec 
2006: Jan | Feb | Mar | Apr | May | Jun | Jul | Aug | Sep | Oct | Nov | Dec 
2005: Jan | Feb | Mar | Apr | May | Jun | Jul | Aug | Sep | Oct | Nov | Dec 
2004: Jan | Feb | Mar | Apr | May | Jun | Jul | Aug | Sep | Oct | Nov | Dec 
2003: Jan | Feb | Mar | Apr | May | Jun | Jul | Aug | Sep | Oct | Nov | Dec 
2002: Jan | Feb | Mar | Apr | May | Jun | Jul | Aug | Sep | Oct | Nov | Dec 
2001: Jan | Feb | Mar | Apr | May | Jun | Jul | Aug | Sep | Oct | Nov | Dec 
2000: Jan | Feb | Mar | Apr | May | Jun | Jul | Aug | Sep | Oct | Nov | Dec 
1999: Jan | Feb | Mar | Apr | May | Jun | Jul | Aug | Sep | Oct | Nov | Dec 
1998: Jan | Feb | Mar | Apr | May | Jun | Jul | Aug | Sep | Oct | Nov | Dec 
1997: Jan | Feb | Mar | Apr | May | Jun | Jul | Aug | Sep | Oct | Nov | Dec 
1996: Jan | Feb | Mar | Apr | May | Jun | Jul | Aug | Sep | Oct | Nov | Dec 
1995: Jan | Feb | Mar | Apr | May | Jun | Jul | Aug | Sep | Oct | Nov | Dec 

Report for 2001 03
MONTHLY CLIMATOLOGICAL SUMMARY for MAR. 2001 NAME: HornSpri CITY: Lebanon STATE: TN ELEV: 612 ft LAT: 36 14' 05" N LONG: 86 22' 55" W TEMPERATURE (F), RAIN (in), WIND SPEED (mph) HEAT COOL AVG MEAN DEG DEG WIND DOM DAY TEMP HIGH TIME LOW TIME DAYS DAYS RAIN SPEED HIGH TIME DIR ------------------------------------------------------------------------------------ 1 42.0 52.0 0:08 32.0 0:08 23.0 0.0 0.00 --- --- --- --- 2 45.0 58.0 0:08 32.0 0:08 20.0 0.0 0.00 --- --- --- --- 3 45.0 58.0 0:08 32.0 0:08 20.0 0.0 0.00 --- --- --- --- 4 49.0 56.0 0:08 42.0 0:08 16.0 0.0 0.32 --- --- --- --- 5 41.5 51.0 0:08 32.0 0:08 23.5 0.0 0.29 --- --- --- --- 6 35.5 43.0 0:08 28.0 0:08 29.5 0.0 0.00 --- --- --- --- 7 35.5 46.0 0:08 25.0 0:08 29.5 0.0 0.00 --- --- --- --- 8 38.5 51.0 0:08 26.0 0:08 26.5 0.0 0.00 --- --- --- --- 9 43.5 61.0 0:08 26.0 0:08 21.5 0.0 0.00 --- --- --- --- 10 35.0 48.0 0:08 22.0 0:08 30.0 0.0 0.00 --- --- --- --- 11 41.5 58.0 0:08 25.0 0:08 23.5 0.0 0.00 --- --- --- --- 12 13 54.0 61.0 0:08 47.0 0:08 11.0 0.0 0.38 --- --- --- --- 14 50.5 66.0 0:08 35.0 0:08 14.5 0.0 0.00 --- --- --- --- 15 50.0 62.0 0:08 38.0 0:08 15.0 0.0 0.32 --- --- --- --- 16 54.5 61.0 0:08 48.0 0:08 10.5 0.0 0.26 --- --- --- --- 17 45.5 51.0 0:08 40.0 0:08 19.5 0.0 0.01 --- --- --- --- 18 37.5 40.0 0:08 35.0 0:08 27.5 0.0 0.00 --- --- --- --- 19 42.0 54.0 0:08 30.0 0:08 23.0 0.0 0.00 --- --- --- --- 20 49.0 62.0 0:08 36.0 0:08 16.0 0.0 0.55 --- --- --- --- 21 40.5 43.0 0:08 38.0 0:08 24.5 0.0 0.74 --- --- --- --- 22 44.0 56.0 0:08 32.0 0:08 21.0 0.0 0.00 --- --- --- --- 23 47.5 62.0 0:08 33.0 0:08 17.5 0.0 0.00 --- --- --- --- 24 52.0 66.0 0:08 38.0 0:08 13.0 0.0 0.00 --- --- --- --- 25 42.5 56.0 0:08 29.0 0:08 22.5 0.0 0.00 --- --- --- --- 26 35.5 47.0 0:08 24.0 0:08 29.5 0.0 0.00 --- --- --- --- 27 32.5 44.0 0:08 21.0 0:08 32.5 0.0 0.00 --- --- --- --- 28 35.5 49.0 0:08 22.0 0:08 29.5 0.0 0.00 --- --- --- --- 29 43.0 58.0 0:08 28.0 0:08 22.0 0.0 0.01 --- --- --- --- 30 47.0 54.0 0:08 40.0 0:08 18.0 0.0 0.00 --- --- --- --- 31 48.0 53.0 0:08 43.0 0:08 17.0 0.0 0.04 --- --- --- --- ------------------------------------------------------------------------------------- 43.4 66.0 14 21.0 27 647.0 0.0 2.92 --- --- --- --- Max >= 90.0: 0 Max <= 32.0: 0 Min <= 32.0: 17 Min <= 0.0: 0 Max Rain: 0.74 ON 03/21/01 Days of Rain: 8 (>.01 in) 7 (>.1 in) 0 (>1 in) Heat Base: 65.0 Cool Base: 65.0 Method: (High + Low) / 2