Warning: file(http://www.wunderground.com/climate/extremes.asp): failed to open stream: HTTP request failed! HTTP/1.0 500 Internal Server Error in /homepages/6/d330860172/htdocs/usaextremes.php on line 55

Warning: implode(): Invalid arguments passed in /homepages/6/d330860172/htdocs/usaextremes.php on line 55

NOAA Style Climate Reports for Lebanon, TN

NOAA style reports

NOAA-style Climate Reports

2018: Jan | Feb | Mar | Apr | May | Jun | Jul | Aug | Sep | Oct | Nov | Dec 
2017: Jan | Feb | Mar | Apr | May | Jun | Jul | Aug | Sep | Oct | Nov | Dec 
2016: Jan | Feb | Mar | Apr | May | Jun | Jul | Aug | Sep | Oct | Nov | Dec 
2015: Jan | Feb | Mar | Apr | May | Jun | Jul | Aug | Sep | Oct | Nov | Dec 
2014: Jan | Feb | Mar | Apr | May | Jun | Jul | Aug | Sep | Oct | Nov | Dec 
2013: Jan | Feb | Mar | Apr | May | Jun | Jul | Aug | Sep | Oct | Nov | Dec 
2012: Jan | Feb | Mar | Apr | May | Jun | Jul | Aug | Sep | Oct | Nov | Dec 
2011: Jan | Feb | Mar | Apr | May | Jun | Jul | Aug | Sep | Oct | Nov | Dec 
2010: Jan | Feb | Mar | Apr | May | Jun | Jul | Aug | Sep | Oct | Nov | Dec 
2009: Jan | Feb | Mar | Apr | May | Jun | Jul | Aug | Sep | Oct | Nov | Dec 
2008: Jan | Feb | Mar | Apr | May | Jun | Jul | Aug | Sep | Oct | Nov | Dec 
2007: Jan | Feb | Mar | Apr | May | Jun | Jul | Aug | Sep | Oct | Nov | Dec 
2006: Jan | Feb | Mar | Apr | May | Jun | Jul | Aug | Sep | Oct | Nov | Dec 
2005: Jan | Feb | Mar | Apr | May | Jun | Jul | Aug | Sep | Oct | Nov | Dec 
2004: Jan | Feb | Mar | Apr | May | Jun | Jul | Aug | Sep | Oct | Nov | Dec 
2003: Jan | Feb | Mar | Apr | May | Jun | Jul | Aug | Sep | Oct | Nov | Dec 
2002: Jan | Feb | Mar | Apr | May | Jun | Jul | Aug | Sep | Oct | Nov | Dec 
2001: Jan | Feb | Mar | Apr | May | Jun | Jul | Aug | Sep | Oct | Nov | Dec 
2000: Jan | Feb | Mar | Apr | May | Jun | Jul | Aug | Sep | Oct | Nov | Dec 
1999: Jan | Feb | Mar | Apr | May | Jun | Jul | Aug | Sep | Oct | Nov | Dec 
1998: Jan | Feb | Mar | Apr | May | Jun | Jul | Aug | Sep | Oct | Nov | Dec 
1997: Jan | Feb | Mar | Apr | May | Jun | Jul | Aug | Sep | Oct | Nov | Dec 
1996: Jan | Feb | Mar | Apr | May | Jun | Jul | Aug | Sep | Oct | Nov | Dec 
1995: Jan | Feb | Mar | Apr | May | Jun | Jul | Aug | Sep | Oct | Nov | Dec 

Report for 2001 04
MONTHLY CLIMATOLOGICAL SUMMARY for APR. 2001 NAME: HornSpri CITY: Lebanon STATE: TN ELEV: 612 ft LAT: 36 14' 05" N LONG: 86 22' 55" W TEMPERATURE (F), RAIN (in), WIND SPEED (mph) HEAT COOL AVG MEAN DEG DEG WIND DOM DAY TEMP HIGH TIME LOW TIME DAYS DAYS RAIN SPEED HIGH TIME DIR ------------------------------------------------------------------------------------ 1 46.5 55.0 0:08 38.0 0:08 18.5 0.0 0.06 --- --- --- --- 2 46.5 56.0 0:08 37.0 0:08 18.5 0.0 0.01 --- --- --- --- 3 55.5 66.0 0:08 45.0 0:08 9.5 0.0 0.20 --- --- --- --- 4 59.5 67.0 0:08 52.0 0:08 5.5 0.0 0.20 --- --- --- --- 5 66.0 75.0 0:08 57.0 0:08 0.0 1.0 0.00 --- --- --- --- 6 65.5 70.0 0:08 61.0 0:08 0.0 0.5 0.00 --- --- --- --- 7 73.0 85.0 0:08 61.0 0:08 0.0 8.0 0.00 --- --- --- --- 8 75.0 84.0 0:08 66.0 0:08 0.0 10.0 0.00 --- --- --- --- 9 10 75.5 85.0 0:08 66.0 0:08 0.0 10.5 0.00 --- --- --- --- 11 78.0 90.0 0:08 66.0 0:08 0.0 13.0 0.00 --- --- --- --- 12 13 69.0 80.0 0:08 58.0 0:08 0.0 4.0 1.18 --- --- --- --- 14 66.0 80.0 0:08 52.0 0:08 0.0 1.0 0.01 --- --- --- --- 15 62.0 73.0 0:08 51.0 0:08 3.0 0.0 0.27 --- --- --- --- 16 60.5 75.0 0:08 46.0 0:08 4.5 0.0 0.40 --- --- --- --- 17 49.5 64.0 0:08 35.0 0:08 15.5 0.0 0.00 --- --- --- --- 18 40.0 47.0 0:08 33.0 0:08 25.0 0.0 0.00 --- --- --- --- 19 45.0 58.0 0:08 32.0 0:08 20.0 0.0 0.00 --- --- --- --- 20 21 64.0 71.0 0:08 57.0 0:08 1.0 0.0 0.00 --- --- --- --- 22 67.5 79.0 0:08 56.0 0:08 0.0 2.5 0.00 --- --- --- --- 23 70.5 83.0 0:08 58.0 0:08 0.0 5.5 0.00 --- --- --- --- 24 66.0 81.0 0:08 51.0 0:08 0.0 1.0 0.27 --- --- --- --- 25 52.5 65.0 0:08 40.0 0:08 12.5 0.0 0.00 --- --- --- --- 26 51.5 66.0 0:08 37.0 0:08 13.5 0.0 0.00 --- --- --- --- 27 55.5 71.0 0:08 40.0 0:08 9.5 0.0 0.00 --- --- --- --- 28 63.5 83.0 0:08 44.0 0:08 1.5 0.0 0.00 --- --- --- --- 29 62.5 80.0 0:08 45.0 0:08 2.5 0.0 0.00 --- --- --- --- 30 64.0 82.0 0:08 46.0 0:08 1.0 0.0 0.00 --- --- --- --- ------------------------------------------------------------------------------------- 61.1 90.0 11 32.0 19 161.5 57.0 2.60 --- --- --- --- Max >= 90.0: 1 Max <= 32.0: 0 Min <= 32.0: 1 Min <= 0.0: 0 Max Rain: 1.18 ON 04/13/01 Days of Rain: 7 (>.01 in) 6 (>.1 in) 1 (>1 in) Heat Base: 65.0 Cool Base: 65.0 Method: (High + Low) / 2