Warning: file(http://www.wunderground.com/climate/extremes.asp): failed to open stream: HTTP request failed! HTTP/1.0 500 Internal Server Error in /homepages/6/d330860172/htdocs/usaextremes.php on line 55

Warning: implode(): Invalid arguments passed in /homepages/6/d330860172/htdocs/usaextremes.php on line 55

NOAA Style Climate Reports for Lebanon, TN

NOAA style reports

NOAA-style Climate Reports

2018: Jan | Feb | Mar | Apr | May | Jun | Jul | Aug | Sep | Oct | Nov | Dec 
2017: Jan | Feb | Mar | Apr | May | Jun | Jul | Aug | Sep | Oct | Nov | Dec 
2016: Jan | Feb | Mar | Apr | May | Jun | Jul | Aug | Sep | Oct | Nov | Dec 
2015: Jan | Feb | Mar | Apr | May | Jun | Jul | Aug | Sep | Oct | Nov | Dec 
2014: Jan | Feb | Mar | Apr | May | Jun | Jul | Aug | Sep | Oct | Nov | Dec 
2013: Jan | Feb | Mar | Apr | May | Jun | Jul | Aug | Sep | Oct | Nov | Dec 
2012: Jan | Feb | Mar | Apr | May | Jun | Jul | Aug | Sep | Oct | Nov | Dec 
2011: Jan | Feb | Mar | Apr | May | Jun | Jul | Aug | Sep | Oct | Nov | Dec 
2010: Jan | Feb | Mar | Apr | May | Jun | Jul | Aug | Sep | Oct | Nov | Dec 
2009: Jan | Feb | Mar | Apr | May | Jun | Jul | Aug | Sep | Oct | Nov | Dec 
2008: Jan | Feb | Mar | Apr | May | Jun | Jul | Aug | Sep | Oct | Nov | Dec 
2007: Jan | Feb | Mar | Apr | May | Jun | Jul | Aug | Sep | Oct | Nov | Dec 
2006: Jan | Feb | Mar | Apr | May | Jun | Jul | Aug | Sep | Oct | Nov | Dec 
2005: Jan | Feb | Mar | Apr | May | Jun | Jul | Aug | Sep | Oct | Nov | Dec 
2004: Jan | Feb | Mar | Apr | May | Jun | Jul | Aug | Sep | Oct | Nov | Dec 
2003: Jan | Feb | Mar | Apr | May | Jun | Jul | Aug | Sep | Oct | Nov | Dec 
2002: Jan | Feb | Mar | Apr | May | Jun | Jul | Aug | Sep | Oct | Nov | Dec 
2001: Jan | Feb | Mar | Apr | May | Jun | Jul | Aug | Sep | Oct | Nov | Dec 
2000: Jan | Feb | Mar | Apr | May | Jun | Jul | Aug | Sep | Oct | Nov | Dec 
1999: Jan | Feb | Mar | Apr | May | Jun | Jul | Aug | Sep | Oct | Nov | Dec 
1998: Jan | Feb | Mar | Apr | May | Jun | Jul | Aug | Sep | Oct | Nov | Dec 
1997: Jan | Feb | Mar | Apr | May | Jun | Jul | Aug | Sep | Oct | Nov | Dec 
1996: Jan | Feb | Mar | Apr | May | Jun | Jul | Aug | Sep | Oct | Nov | Dec 
1995: Jan | Feb | Mar | Apr | May | Jun | Jul | Aug | Sep | Oct | Nov | Dec 

Report for 2001 05
MONTHLY CLIMATOLOGICAL SUMMARY for MAY. 2001 NAME: HornSpri CITY: Lebanon STATE: TN ELEV: 612 ft LAT: 36 14' 05" N LONG: 86 22' 55" W TEMPERATURE (F), RAIN (in), WIND SPEED (mph) HEAT COOL AVG MEAN DEG DEG WIND DOM DAY TEMP HIGH TIME LOW TIME DAYS DAYS RAIN SPEED HIGH TIME DIR ------------------------------------------------------------------------------------ 1 68.0 82.0 0:08 54.0 0:08 0.0 3.0 0.00 --- --- --- --- 2 67.0 81.0 0:08 53.0 0:08 0.0 2.0 0.28 --- --- --- --- 3 68.0 82.0 0:08 54.0 0:08 0.0 3.0 0.00 --- --- --- --- 4 68.0 83.0 0:08 53.0 0:08 0.0 3.0 0.00 --- --- --- --- 5 70.0 85.0 0:08 55.0 0:08 0.0 5.0 0.00 --- --- --- --- 6 72.0 87.0 0:08 57.0 0:08 0.0 7.0 0.00 --- --- --- --- 7 75.0 86.0 0:08 64.0 0:08 0.0 10.0 0.00 --- --- --- --- 8 70.5 79.0 0:08 62.0 0:08 0.0 5.5 0.68 --- --- --- --- 9 65.0 74.0 0:08 56.0 0:08 0.0 0.0 0.14 --- --- --- --- 10 65.0 74.0 0:08 56.0 0:08 0.0 0.0 0.09 --- --- --- --- 11 69.5 81.0 0:08 58.0 0:08 0.0 4.5 0.00 --- --- --- --- 12 71.5 79.0 0:08 64.0 0:08 0.0 6.5 0.02 --- --- --- --- 13 61.5 76.0 0:08 47.0 0:08 3.5 0.0 0.00 --- --- --- --- 14 60.5 74.0 0:08 47.0 0:08 4.5 0.0 0.00 --- --- --- --- 15 64.0 79.0 0:08 49.0 0:08 1.0 0.0 0.00 --- --- --- --- 16 76.0 89.0 0:08 63.0 0:08 0.0 11.0 0.00 --- --- --- --- 17 78.0 90.0 0:08 66.0 0:08 0.0 13.0 0.00 --- --- --- --- 18 78.5 90.0 0:08 67.0 0:08 0.0 13.5 0.00 --- --- --- --- 19 79.5 90.0 0:08 69.0 0:08 0.0 14.5 0.00 --- --- --- --- 20 70.5 77.0 0:08 64.0 0:08 0.0 5.5 0.30 --- --- --- --- 21 74.5 85.0 0:08 64.0 0:08 0.0 9.5 0.89 --- --- --- --- 22 68.5 82.0 0:08 55.0 0:08 0.0 3.5 1.57 --- --- --- --- 23 61.0 72.0 0:08 50.0 0:08 4.0 0.0 0.00 --- --- --- --- 24 62.5 72.0 0:08 53.0 0:08 2.5 0.0 0.14 --- --- --- --- 25 60.5 70.0 0:08 51.0 0:08 4.5 0.0 0.08 --- --- --- --- 26 61.5 72.0 0:08 51.0 0:08 3.5 0.0 0.01 --- --- --- --- 27 65.5 77.0 0:08 54.0 0:08 0.0 0.5 0.00 --- --- --- --- 28 69.0 83.0 0:08 55.0 0:08 0.0 4.0 0.29 --- --- --- --- 29 63.0 70.0 0:08 56.0 0:08 2.0 0.0 0.15 --- --- --- --- 30 67.0 78.0 0:08 56.0 0:08 0.0 2.0 0.00 --- --- --- --- 31 68.5 79.0 0:08 58.0 0:08 0.0 3.5 0.18 --- --- --- --- ------------------------------------------------------------------------------------- 68.4 90.0 17 47.0 13 25.5 130.0 4.82 --- --- --- --- Max >= 90.0: 3 Max <= 32.0: 0 Min <= 32.0: 0 Min <= 0.0: 0 Max Rain: 1.57 ON 05/22/01 Days of Rain: 13 (>.01 in) 10 (>.1 in) 1 (>1 in) Heat Base: 65.0 Cool Base: 65.0 Method: (High + Low) / 2