Warning: file(http://www.wunderground.com/climate/extremes.asp): failed to open stream: HTTP request failed! HTTP/1.0 500 Internal Server Error in /homepages/6/d330860172/htdocs/usaextremes.php on line 55

Warning: implode(): Invalid arguments passed in /homepages/6/d330860172/htdocs/usaextremes.php on line 55

NOAA Style Climate Reports for Lebanon, TN

NOAA style reports

NOAA-style Climate Reports

2018: Jan | Feb | Mar | Apr | May | Jun | Jul | Aug | Sep | Oct | Nov | Dec 
2017: Jan | Feb | Mar | Apr | May | Jun | Jul | Aug | Sep | Oct | Nov | Dec 
2016: Jan | Feb | Mar | Apr | May | Jun | Jul | Aug | Sep | Oct | Nov | Dec 
2015: Jan | Feb | Mar | Apr | May | Jun | Jul | Aug | Sep | Oct | Nov | Dec 
2014: Jan | Feb | Mar | Apr | May | Jun | Jul | Aug | Sep | Oct | Nov | Dec 
2013: Jan | Feb | Mar | Apr | May | Jun | Jul | Aug | Sep | Oct | Nov | Dec 
2012: Jan | Feb | Mar | Apr | May | Jun | Jul | Aug | Sep | Oct | Nov | Dec 
2011: Jan | Feb | Mar | Apr | May | Jun | Jul | Aug | Sep | Oct | Nov | Dec 
2010: Jan | Feb | Mar | Apr | May | Jun | Jul | Aug | Sep | Oct | Nov | Dec 
2009: Jan | Feb | Mar | Apr | May | Jun | Jul | Aug | Sep | Oct | Nov | Dec 
2008: Jan | Feb | Mar | Apr | May | Jun | Jul | Aug | Sep | Oct | Nov | Dec 
2007: Jan | Feb | Mar | Apr | May | Jun | Jul | Aug | Sep | Oct | Nov | Dec 
2006: Jan | Feb | Mar | Apr | May | Jun | Jul | Aug | Sep | Oct | Nov | Dec 
2005: Jan | Feb | Mar | Apr | May | Jun | Jul | Aug | Sep | Oct | Nov | Dec 
2004: Jan | Feb | Mar | Apr | May | Jun | Jul | Aug | Sep | Oct | Nov | Dec 
2003: Jan | Feb | Mar | Apr | May | Jun | Jul | Aug | Sep | Oct | Nov | Dec 
2002: Jan | Feb | Mar | Apr | May | Jun | Jul | Aug | Sep | Oct | Nov | Dec 
2001: Jan | Feb | Mar | Apr | May | Jun | Jul | Aug | Sep | Oct | Nov | Dec 
2000: Jan | Feb | Mar | Apr | May | Jun | Jul | Aug | Sep | Oct | Nov | Dec 
1999: Jan | Feb | Mar | Apr | May | Jun | Jul | Aug | Sep | Oct | Nov | Dec 
1998: Jan | Feb | Mar | Apr | May | Jun | Jul | Aug | Sep | Oct | Nov | Dec 
1997: Jan | Feb | Mar | Apr | May | Jun | Jul | Aug | Sep | Oct | Nov | Dec 
1996: Jan | Feb | Mar | Apr | May | Jun | Jul | Aug | Sep | Oct | Nov | Dec 
1995: Jan | Feb | Mar | Apr | May | Jun | Jul | Aug | Sep | Oct | Nov | Dec 

Report for 2001 07
MONTHLY CLIMATOLOGICAL SUMMARY for JUL. 2001 NAME: HornSpri CITY: Lebanon STATE: TN ELEV: 612 ft LAT: 36 14' 05" N LONG: 86 22' 55" W TEMPERATURE (F), RAIN (in), WIND SPEED (mph) HEAT COOL AVG MEAN DEG DEG WIND DOM DAY TEMP HIGH TIME LOW TIME DAYS DAYS RAIN SPEED HIGH TIME DIR ------------------------------------------------------------------------------------ 1 75.0 85.0 0:08 65.0 0:08 0.0 10.0 1.18 --- --- --- --- 2 3 76.5 85.0 0:08 68.0 0:08 0.0 11.5 0.00 --- --- --- --- 4 80.5 91.0 0:08 70.0 0:08 0.0 15.5 0.00 --- --- --- --- 5 78.5 89.0 0:08 68.0 0:08 0.0 13.5 0.50 --- --- --- --- 6 76.5 84.0 0:08 69.0 0:08 0.0 11.5 0.08 --- --- --- --- 7 72.5 85.0 0:08 60.0 0:08 0.0 7.5 0.00 --- --- --- --- 8 76.0 90.0 0:08 62.0 0:08 0.0 11.0 0.00 --- --- --- --- 9 85.0 95.0 0:08 75.0 0:08 0.0 20.0 0.00 --- --- --- --- 10 84.0 95.0 0:08 73.0 0:08 0.0 19.0 0.65 --- --- --- --- 11 81.5 91.0 0:08 72.0 0:08 0.0 16.5 0.00 --- --- --- --- 12 76.5 89.0 0:08 64.0 0:08 0.0 11.5 0.13 --- --- --- --- 13 73.0 83.0 0:08 63.0 0:08 0.0 8.0 0.00 --- --- --- --- 14 69.0 82.0 0:08 56.0 0:08 0.0 4.0 0.00 --- --- --- --- 15 69.5 83.0 0:08 56.0 0:08 0.0 4.5 0.00 --- --- --- --- 16 72.0 87.0 0:08 57.0 0:08 0.0 7.0 0.00 --- --- --- --- 17 74.5 88.0 0:08 61.0 0:08 0.0 9.5 0.01 --- --- --- --- 18 81.5 91.0 0:08 72.0 0:08 0.0 16.5 0.01 --- --- --- --- 19 80.5 91.0 0:08 70.0 0:08 0.0 15.5 0.27 --- --- --- --- 20 82.0 91.0 0:08 73.0 0:08 0.0 17.0 0.01 --- --- --- --- 21 80.5 87.0 0:08 74.0 0:08 0.0 15.5 0.01 --- --- --- --- 22 77.5 86.0 0:08 69.0 0:08 0.0 12.5 0.00 --- --- --- --- 23 81.0 92.0 0:08 70.0 0:08 0.0 16.0 0.00 --- --- --- --- 24 82.5 93.0 0:08 72.0 0:08 0.0 17.5 0.00 --- --- --- --- 25 83.5 94.0 0:08 73.0 0:08 0.0 18.5 0.00 --- --- --- --- 26 82.5 91.0 0:08 74.0 0:08 0.0 17.5 0.21 --- --- --- --- 27 81.5 89.0 0:08 74.0 0:08 0.0 16.5 0.02 --- --- --- --- 28 82.5 90.0 0:08 75.0 0:08 0.0 17.5 0.00 --- --- --- --- 29 83.5 93.0 0:08 74.0 0:08 0.0 18.5 0.54 --- --- --- --- 30 82.5 93.0 0:08 72.0 0:08 0.0 17.5 0.14 --- --- --- --- 31 80.5 92.0 0:08 69.0 0:08 0.0 15.5 0.00 --- --- --- --- ------------------------------------------------------------------------------------- 78.8 95.0 9 56.0 14 0.0 412.5 3.76 --- --- --- --- Max >= 90.0: 16 Max <= 32.0: 0 Min <= 32.0: 0 Min <= 0.0: 0 Max Rain: 1.18 ON 07/01/01 Days of Rain: 10 (>.01 in) 8 (>.1 in) 1 (>1 in) Heat Base: 65.0 Cool Base: 65.0 Method: (High + Low) / 2