Warning: file(http://www.wunderground.com/climate/extremes.asp): failed to open stream: HTTP request failed! HTTP/1.0 500 Internal Server Error in /homepages/6/d330860172/htdocs/usaextremes.php on line 55

Warning: implode(): Invalid arguments passed in /homepages/6/d330860172/htdocs/usaextremes.php on line 55

NOAA Style Climate Reports for Lebanon, TN

NOAA style reports

NOAA-style Climate Reports

2018: Jan | Feb | Mar | Apr | May | Jun | Jul | Aug | Sep | Oct | Nov | Dec 
2017: Jan | Feb | Mar | Apr | May | Jun | Jul | Aug | Sep | Oct | Nov | Dec 
2016: Jan | Feb | Mar | Apr | May | Jun | Jul | Aug | Sep | Oct | Nov | Dec 
2015: Jan | Feb | Mar | Apr | May | Jun | Jul | Aug | Sep | Oct | Nov | Dec 
2014: Jan | Feb | Mar | Apr | May | Jun | Jul | Aug | Sep | Oct | Nov | Dec 
2013: Jan | Feb | Mar | Apr | May | Jun | Jul | Aug | Sep | Oct | Nov | Dec 
2012: Jan | Feb | Mar | Apr | May | Jun | Jul | Aug | Sep | Oct | Nov | Dec 
2011: Jan | Feb | Mar | Apr | May | Jun | Jul | Aug | Sep | Oct | Nov | Dec 
2010: Jan | Feb | Mar | Apr | May | Jun | Jul | Aug | Sep | Oct | Nov | Dec 
2009: Jan | Feb | Mar | Apr | May | Jun | Jul | Aug | Sep | Oct | Nov | Dec 
2008: Jan | Feb | Mar | Apr | May | Jun | Jul | Aug | Sep | Oct | Nov | Dec 
2007: Jan | Feb | Mar | Apr | May | Jun | Jul | Aug | Sep | Oct | Nov | Dec 
2006: Jan | Feb | Mar | Apr | May | Jun | Jul | Aug | Sep | Oct | Nov | Dec 
2005: Jan | Feb | Mar | Apr | May | Jun | Jul | Aug | Sep | Oct | Nov | Dec 
2004: Jan | Feb | Mar | Apr | May | Jun | Jul | Aug | Sep | Oct | Nov | Dec 
2003: Jan | Feb | Mar | Apr | May | Jun | Jul | Aug | Sep | Oct | Nov | Dec 
2002: Jan | Feb | Mar | Apr | May | Jun | Jul | Aug | Sep | Oct | Nov | Dec 
2001: Jan | Feb | Mar | Apr | May | Jun | Jul | Aug | Sep | Oct | Nov | Dec 
2000: Jan | Feb | Mar | Apr | May | Jun | Jul | Aug | Sep | Oct | Nov | Dec 
1999: Jan | Feb | Mar | Apr | May | Jun | Jul | Aug | Sep | Oct | Nov | Dec 
1998: Jan | Feb | Mar | Apr | May | Jun | Jul | Aug | Sep | Oct | Nov | Dec 
1997: Jan | Feb | Mar | Apr | May | Jun | Jul | Aug | Sep | Oct | Nov | Dec 
1996: Jan | Feb | Mar | Apr | May | Jun | Jul | Aug | Sep | Oct | Nov | Dec 
1995: Jan | Feb | Mar | Apr | May | Jun | Jul | Aug | Sep | Oct | Nov | Dec 

Report for 2001 09
MONTHLY CLIMATOLOGICAL SUMMARY for SEP. 2001 NAME: HornSpri CITY: Lebanon STATE: TN ELEV: 612 ft LAT: 36 14' 05" N LONG: 86 22' 55" W TEMPERATURE (F), RAIN (in), WIND SPEED (mph) HEAT COOL AVG MEAN DEG DEG WIND DOM DAY TEMP HIGH TIME LOW TIME DAYS DAYS RAIN SPEED HIGH TIME DIR ------------------------------------------------------------------------------------ 1 74.5 79.0 0:08 70.0 0:08 0.0 9.5 0.13 --- --- --- --- 2 75.5 82.0 0:08 69.0 0:08 0.0 10.5 0.00 --- --- --- --- 3 75.5 82.0 0:08 69.0 0:08 0.0 10.5 0.04 --- --- --- --- 4 72.5 79.0 0:08 66.0 0:08 0.0 7.5 0.16 --- --- --- --- 5 77.0 87.0 0:08 67.0 0:08 0.0 12.0 0.00 --- --- --- --- 6 79.5 91.0 0:08 68.0 0:08 0.0 14.5 0.00 --- --- --- --- 7 81.0 93.0 0:08 69.0 0:08 0.0 16.0 0.00 --- --- --- --- 8 80.0 87.0 0:08 73.0 0:08 0.0 15.0 0.08 --- --- --- --- 9 79.5 88.0 0:08 71.0 0:08 0.0 14.5 0.00 --- --- --- --- 10 75.0 87.0 0:08 63.0 0:08 0.0 10.0 0.06 --- --- --- --- 11 66.0 80.0 0:08 52.0 0:08 0.0 1.0 0.00 --- --- --- --- 12 72.5 90.0 0:08 55.0 0:08 0.0 7.5 0.00 --- --- --- --- 13 75.0 90.0 0:08 60.0 0:08 0.0 10.0 0.00 --- --- --- --- 14 15 64.0 78.0 0:08 50.0 0:08 1.0 0.0 0.00 --- --- --- --- 16 64.5 80.0 0:08 49.0 0:08 0.5 0.0 0.00 --- --- --- --- 17 66.5 81.0 0:08 52.0 0:08 0.0 1.5 0.00 --- --- --- --- 18 70.5 84.0 0:08 57.0 0:08 0.0 5.5 0.00 --- --- --- --- 19 71.0 84.0 0:08 58.0 0:08 0.0 6.0 0.00 --- --- --- --- 20 68.0 78.0 0:08 58.0 0:08 0.0 3.0 2.02 --- --- --- --- 21 66.5 78.0 0:08 55.0 0:08 0.0 1.5 0.02 --- --- --- --- 22 71.0 85.0 0:08 57.0 0:08 0.0 6.0 0.00 --- --- --- --- 23 69.5 84.0 0:08 55.0 0:08 0.0 4.5 0.00 --- --- --- --- 24 71.5 88.0 0:08 55.0 0:08 0.0 6.5 1.24 --- --- --- --- 25 54.0 64.0 0:08 44.0 0:08 11.0 0.0 0.03 --- --- --- --- 26 49.5 63.0 0:08 36.0 0:08 15.5 0.0 0.00 --- --- --- --- 27 53.0 69.0 0:08 37.0 0:08 12.0 0.0 0.00 --- --- --- --- 28 58.0 76.0 0:08 40.0 0:08 7.0 0.0 0.00 --- --- --- --- 29 57.5 70.0 0:08 45.0 0:08 7.5 0.0 0.00 --- --- --- --- 30 57.5 72.0 0:08 43.0 0:08 7.5 0.0 0.00 --- --- --- --- ------------------------------------------------------------------------------------- 68.8 93.0 7 36.0 26 62.0 173.0 3.78 --- --- --- --- Max >= 90.0: 4 Max <= 32.0: 0 Min <= 32.0: 0 Min <= 0.0: 0 Max Rain: 2.02 ON 09/20/01 Days of Rain: 9 (>.01 in) 4 (>.1 in) 2 (>1 in) Heat Base: 65.0 Cool Base: 65.0 Method: (High + Low) / 2