Warning: file(http://www.wunderground.com/climate/extremes.asp): failed to open stream: HTTP request failed! HTTP/1.0 500 Internal Server Error in /homepages/6/d330860172/htdocs/usaextremes.php on line 55

Warning: implode(): Invalid arguments passed in /homepages/6/d330860172/htdocs/usaextremes.php on line 55

NOAA Style Climate Reports for Lebanon, TN

NOAA style reports

NOAA-style Climate Reports

2018: Jan | Feb | Mar | Apr | May | Jun | Jul | Aug | Sep | Oct | Nov | Dec 
2017: Jan | Feb | Mar | Apr | May | Jun | Jul | Aug | Sep | Oct | Nov | Dec 
2016: Jan | Feb | Mar | Apr | May | Jun | Jul | Aug | Sep | Oct | Nov | Dec 
2015: Jan | Feb | Mar | Apr | May | Jun | Jul | Aug | Sep | Oct | Nov | Dec 
2014: Jan | Feb | Mar | Apr | May | Jun | Jul | Aug | Sep | Oct | Nov | Dec 
2013: Jan | Feb | Mar | Apr | May | Jun | Jul | Aug | Sep | Oct | Nov | Dec 
2012: Jan | Feb | Mar | Apr | May | Jun | Jul | Aug | Sep | Oct | Nov | Dec 
2011: Jan | Feb | Mar | Apr | May | Jun | Jul | Aug | Sep | Oct | Nov | Dec 
2010: Jan | Feb | Mar | Apr | May | Jun | Jul | Aug | Sep | Oct | Nov | Dec 
2009: Jan | Feb | Mar | Apr | May | Jun | Jul | Aug | Sep | Oct | Nov | Dec 
2008: Jan | Feb | Mar | Apr | May | Jun | Jul | Aug | Sep | Oct | Nov | Dec 
2007: Jan | Feb | Mar | Apr | May | Jun | Jul | Aug | Sep | Oct | Nov | Dec 
2006: Jan | Feb | Mar | Apr | May | Jun | Jul | Aug | Sep | Oct | Nov | Dec 
2005: Jan | Feb | Mar | Apr | May | Jun | Jul | Aug | Sep | Oct | Nov | Dec 
2004: Jan | Feb | Mar | Apr | May | Jun | Jul | Aug | Sep | Oct | Nov | Dec 
2003: Jan | Feb | Mar | Apr | May | Jun | Jul | Aug | Sep | Oct | Nov | Dec 
2002: Jan | Feb | Mar | Apr | May | Jun | Jul | Aug | Sep | Oct | Nov | Dec 
2001: Jan | Feb | Mar | Apr | May | Jun | Jul | Aug | Sep | Oct | Nov | Dec 
2000: Jan | Feb | Mar | Apr | May | Jun | Jul | Aug | Sep | Oct | Nov | Dec 
1999: Jan | Feb | Mar | Apr | May | Jun | Jul | Aug | Sep | Oct | Nov | Dec 
1998: Jan | Feb | Mar | Apr | May | Jun | Jul | Aug | Sep | Oct | Nov | Dec 
1997: Jan | Feb | Mar | Apr | May | Jun | Jul | Aug | Sep | Oct | Nov | Dec 
1996: Jan | Feb | Mar | Apr | May | Jun | Jul | Aug | Sep | Oct | Nov | Dec 
1995: Jan | Feb | Mar | Apr | May | Jun | Jul | Aug | Sep | Oct | Nov | Dec 

Report for 2001 10
MONTHLY CLIMATOLOGICAL SUMMARY for OCT. 2001 NAME: HornSpri CITY: Lebanon STATE: TN ELEV: 612 ft LAT: 36 14' 05" N LONG: 86 22' 55" W TEMPERATURE (F), RAIN (in), WIND SPEED (mph) HEAT COOL AVG MEAN DEG DEG WIND DOM DAY TEMP HIGH TIME LOW TIME DAYS DAYS RAIN SPEED HIGH TIME DIR ------------------------------------------------------------------------------------ 1 2 60.5 79.0 0:08 42.0 0:08 4.5 0.0 0.00 --- --- --- --- 3 64.0 83.0 0:08 45.0 0:08 1.0 0.0 0.00 --- --- --- --- 4 66.0 83.0 0:08 49.0 0:08 0.0 1.0 0.00 --- --- --- --- 5 66.5 82.0 0:08 51.0 0:08 0.0 1.5 0.00 --- --- --- --- 6 64.0 81.0 0:08 47.0 0:08 1.0 0.0 1.50 --- --- --- --- 7 48.5 61.0 0:08 36.0 0:08 16.5 0.0 0.00 --- --- --- --- 8 50.0 65.0 0:08 35.0 0:08 15.0 0.0 0.00 --- --- --- --- 9 55.5 73.0 0:08 38.0 0:08 9.5 0.0 0.00 --- --- --- --- 10 57.5 73.0 0:08 42.0 0:08 7.5 0.0 0.00 --- --- --- --- 11 68.0 79.0 0:08 57.0 0:08 0.0 3.0 0.00 --- --- --- --- 12 69.0 73.0 0:08 65.0 0:08 0.0 4.0 0.70 --- --- --- --- 13 68.0 71.0 0:08 65.0 0:08 0.0 3.0 0.17 --- --- --- --- 14 71.0 78.0 0:08 64.0 0:08 0.0 6.0 1.26 --- --- --- --- 15 57.5 72.0 0:08 43.0 0:08 7.5 0.0 0.12 --- --- --- --- 16 57.5 72.0 0:08 43.0 0:08 7.5 0.0 0.00 --- --- --- --- 17 44.0 55.0 0:08 33.0 0:08 21.0 0.0 0.00 --- --- --- --- 18 45.0 58.0 0:08 32.0 0:08 20.0 0.0 0.00 --- --- --- --- 19 50.5 68.0 0:08 33.0 0:08 14.5 0.0 0.00 --- --- --- --- 20 54.5 70.0 0:08 39.0 0:08 10.5 0.0 0.00 --- --- --- --- 21 58.5 75.0 0:08 42.0 0:08 6.5 0.0 0.00 --- --- --- --- 22 61.5 79.0 0:08 44.0 0:08 3.5 0.0 0.00 --- --- --- --- 23 66.5 82.0 0:08 51.0 0:08 0.0 1.5 0.00 --- --- --- --- 24 74.5 82.0 0:08 67.0 0:08 0.0 9.5 0.00 --- --- --- --- 25 63.0 80.0 0:08 46.0 0:08 2.0 0.0 0.68 --- --- --- --- 26 55.5 68.0 0:08 43.0 0:08 9.5 0.0 0.00 --- --- --- --- 27 47.0 59.0 0:08 35.0 0:08 18.0 0.0 0.00 --- --- --- --- 28 37.5 49.0 0:08 26.0 0:08 27.5 0.0 0.00 --- --- --- --- 29 41.0 56.0 0:08 26.0 0:08 24.0 0.0 0.00 --- --- --- --- 30 48.5 66.0 0:08 31.0 0:08 16.5 0.0 0.00 --- --- --- --- 31 51.5 69.0 0:08 34.0 0:08 13.5 0.0 0.00 --- --- --- --- ------------------------------------------------------------------------------------- 57.4 83.0 3 26.0 28 257.0 29.5 4.43 --- --- --- --- Max >= 90.0: 0 Max <= 32.0: 0 Min <= 32.0: 4 Min <= 0.0: 0 Max Rain: 1.50 ON 10/06/01 Days of Rain: 6 (>.01 in) 6 (>.1 in) 2 (>1 in) Heat Base: 65.0 Cool Base: 65.0 Method: (High + Low) / 2