Warning: file(http://www.wunderground.com/climate/extremes.asp): failed to open stream: HTTP request failed! HTTP/1.0 500 Internal Server Error in /homepages/6/d330860172/htdocs/usaextremes.php on line 55

Warning: implode(): Invalid arguments passed in /homepages/6/d330860172/htdocs/usaextremes.php on line 55

NOAA Style Climate Reports for Lebanon, TN

NOAA style reports

NOAA-style Climate Reports

2018: Jan | Feb | Mar | Apr | May | Jun | Jul | Aug | Sep | Oct | Nov | Dec 
2017: Jan | Feb | Mar | Apr | May | Jun | Jul | Aug | Sep | Oct | Nov | Dec 
2016: Jan | Feb | Mar | Apr | May | Jun | Jul | Aug | Sep | Oct | Nov | Dec 
2015: Jan | Feb | Mar | Apr | May | Jun | Jul | Aug | Sep | Oct | Nov | Dec 
2014: Jan | Feb | Mar | Apr | May | Jun | Jul | Aug | Sep | Oct | Nov | Dec 
2013: Jan | Feb | Mar | Apr | May | Jun | Jul | Aug | Sep | Oct | Nov | Dec 
2012: Jan | Feb | Mar | Apr | May | Jun | Jul | Aug | Sep | Oct | Nov | Dec 
2011: Jan | Feb | Mar | Apr | May | Jun | Jul | Aug | Sep | Oct | Nov | Dec 
2010: Jan | Feb | Mar | Apr | May | Jun | Jul | Aug | Sep | Oct | Nov | Dec 
2009: Jan | Feb | Mar | Apr | May | Jun | Jul | Aug | Sep | Oct | Nov | Dec 
2008: Jan | Feb | Mar | Apr | May | Jun | Jul | Aug | Sep | Oct | Nov | Dec 
2007: Jan | Feb | Mar | Apr | May | Jun | Jul | Aug | Sep | Oct | Nov | Dec 
2006: Jan | Feb | Mar | Apr | May | Jun | Jul | Aug | Sep | Oct | Nov | Dec 
2005: Jan | Feb | Mar | Apr | May | Jun | Jul | Aug | Sep | Oct | Nov | Dec 
2004: Jan | Feb | Mar | Apr | May | Jun | Jul | Aug | Sep | Oct | Nov | Dec 
2003: Jan | Feb | Mar | Apr | May | Jun | Jul | Aug | Sep | Oct | Nov | Dec 
2002: Jan | Feb | Mar | Apr | May | Jun | Jul | Aug | Sep | Oct | Nov | Dec 
2001: Jan | Feb | Mar | Apr | May | Jun | Jul | Aug | Sep | Oct | Nov | Dec 
2000: Jan | Feb | Mar | Apr | May | Jun | Jul | Aug | Sep | Oct | Nov | Dec 
1999: Jan | Feb | Mar | Apr | May | Jun | Jul | Aug | Sep | Oct | Nov | Dec 
1998: Jan | Feb | Mar | Apr | May | Jun | Jul | Aug | Sep | Oct | Nov | Dec 
1997: Jan | Feb | Mar | Apr | May | Jun | Jul | Aug | Sep | Oct | Nov | Dec 
1996: Jan | Feb | Mar | Apr | May | Jun | Jul | Aug | Sep | Oct | Nov | Dec 
1995: Jan | Feb | Mar | Apr | May | Jun | Jul | Aug | Sep | Oct | Nov | Dec 

Report for 2001 11
MONTHLY CLIMATOLOGICAL SUMMARY for NOV. 2001 NAME: HornSpri CITY: Lebanon STATE: TN ELEV: 612 ft LAT: 36 14' 05" N LONG: 86 22' 55" W TEMPERATURE (F), RAIN (in), WIND SPEED (mph) HEAT COOL AVG MEAN DEG DEG WIND DOM DAY TEMP HIGH TIME LOW TIME DAYS DAYS RAIN SPEED HIGH TIME DIR ------------------------------------------------------------------------------------ 1 54.5 74.0 0:08 35.0 0:08 10.5 0.0 0.00 --- --- --- --- 2 62.5 76.0 0:08 49.0 0:08 2.5 0.0 0.00 --- --- --- --- 3 69.5 81.0 0:08 58.0 0:08 0.0 4.5 0.00 --- --- --- --- 4 54.0 71.0 0:08 37.0 0:08 11.0 0.0 0.00 --- --- --- --- 5 54.5 72.0 0:08 37.0 0:08 10.5 0.0 0.00 --- --- --- --- 6 49.0 65.0 0:08 33.0 0:08 16.0 0.0 0.00 --- --- --- --- 7 50.0 69.0 0:08 31.0 0:08 15.0 0.0 0.00 --- --- --- --- 8 51.5 71.0 0:08 32.0 0:08 13.5 0.0 0.00 --- --- --- --- 9 54.0 74.0 0:08 34.0 0:08 11.0 0.0 0.00 --- --- --- --- 10 45.0 63.0 0:08 27.0 0:08 20.0 0.0 0.00 --- --- --- --- 11 47.0 66.0 0:08 28.0 0:08 18.0 0.0 0.00 --- --- --- --- 12 49.0 65.0 0:08 33.0 0:08 16.0 0.0 0.00 --- --- --- --- 13 49.0 65.0 0:08 33.0 0:08 16.0 0.0 0.00 --- --- --- --- 14 52.5 70.0 0:08 35.0 0:08 12.5 0.0 0.00 --- --- --- --- 15 51.5 70.0 0:08 33.0 0:08 13.5 0.0 0.00 --- --- --- --- 16 51.0 69.0 0:08 33.0 0:08 14.0 0.0 0.00 --- --- --- --- 17 53.0 71.0 0:08 35.0 0:08 12.0 0.0 0.00 --- --- --- --- 18 57.0 74.0 0:08 40.0 0:08 8.0 0.0 0.00 --- --- --- --- 19 58.0 76.0 0:08 40.0 0:08 7.0 0.0 0.00 --- --- --- --- 20 52.0 71.0 0:08 33.0 0:08 13.0 0.0 0.23 --- --- --- --- 21 36.5 49.0 0:08 24.0 0:08 28.5 0.0 0.00 --- --- --- --- 22 41.5 58.0 0:08 25.0 0:08 23.5 0.0 0.00 --- --- --- --- 23 47.5 64.0 0:08 31.0 0:08 17.5 0.0 0.00 --- --- --- --- 24 54.0 66.0 0:08 42.0 0:08 11.0 0.0 0.07 --- --- --- --- 25 59.5 69.0 0:08 50.0 0:08 5.5 0.0 0.54 --- --- --- --- 26 50.5 66.0 0:08 35.0 0:08 14.5 0.0 0.00 --- --- --- --- 27 54.0 73.0 0:08 35.0 0:08 11.0 0.0 0.04 --- --- --- --- 28 60.0 66.0 0:08 54.0 0:08 5.0 0.0 0.53 --- --- --- --- 29 59.0 68.0 0:08 50.0 0:08 6.0 0.0 0.71 --- --- --- --- 30 55.5 64.0 0:08 47.0 0:08 9.5 0.0 2.01 --- --- --- --- ------------------------------------------------------------------------------------- 52.8 81.0 3 24.0 21 372.0 4.5 4.13 --- --- --- --- Max >= 90.0: 0 Max <= 32.0: 0 Min <= 32.0: 7 Min <= 0.0: 0 Max Rain: 2.01 ON 11/30/01 Days of Rain: 7 (>.01 in) 5 (>.1 in) 1 (>1 in) Heat Base: 65.0 Cool Base: 65.0 Method: (High + Low) / 2