Warning: file(http://www.wunderground.com/climate/extremes.asp): failed to open stream: HTTP request failed! HTTP/1.0 500 Internal Server Error in /homepages/6/d330860172/htdocs/usaextremes.php on line 55

Warning: implode(): Invalid arguments passed in /homepages/6/d330860172/htdocs/usaextremes.php on line 55

NOAA Style Climate Reports for Lebanon, TN

NOAA style reports

NOAA-style Climate Reports

2018: Jan | Feb | Mar | Apr | May | Jun | Jul | Aug | Sep | Oct | Nov | Dec 
2017: Jan | Feb | Mar | Apr | May | Jun | Jul | Aug | Sep | Oct | Nov | Dec 
2016: Jan | Feb | Mar | Apr | May | Jun | Jul | Aug | Sep | Oct | Nov | Dec 
2015: Jan | Feb | Mar | Apr | May | Jun | Jul | Aug | Sep | Oct | Nov | Dec 
2014: Jan | Feb | Mar | Apr | May | Jun | Jul | Aug | Sep | Oct | Nov | Dec 
2013: Jan | Feb | Mar | Apr | May | Jun | Jul | Aug | Sep | Oct | Nov | Dec 
2012: Jan | Feb | Mar | Apr | May | Jun | Jul | Aug | Sep | Oct | Nov | Dec 
2011: Jan | Feb | Mar | Apr | May | Jun | Jul | Aug | Sep | Oct | Nov | Dec 
2010: Jan | Feb | Mar | Apr | May | Jun | Jul | Aug | Sep | Oct | Nov | Dec 
2009: Jan | Feb | Mar | Apr | May | Jun | Jul | Aug | Sep | Oct | Nov | Dec 
2008: Jan | Feb | Mar | Apr | May | Jun | Jul | Aug | Sep | Oct | Nov | Dec 
2007: Jan | Feb | Mar | Apr | May | Jun | Jul | Aug | Sep | Oct | Nov | Dec 
2006: Jan | Feb | Mar | Apr | May | Jun | Jul | Aug | Sep | Oct | Nov | Dec 
2005: Jan | Feb | Mar | Apr | May | Jun | Jul | Aug | Sep | Oct | Nov | Dec 
2004: Jan | Feb | Mar | Apr | May | Jun | Jul | Aug | Sep | Oct | Nov | Dec 
2003: Jan | Feb | Mar | Apr | May | Jun | Jul | Aug | Sep | Oct | Nov | Dec 
2002: Jan | Feb | Mar | Apr | May | Jun | Jul | Aug | Sep | Oct | Nov | Dec 
2001: Jan | Feb | Mar | Apr | May | Jun | Jul | Aug | Sep | Oct | Nov | Dec 
2000: Jan | Feb | Mar | Apr | May | Jun | Jul | Aug | Sep | Oct | Nov | Dec 
1999: Jan | Feb | Mar | Apr | May | Jun | Jul | Aug | Sep | Oct | Nov | Dec 
1998: Jan | Feb | Mar | Apr | May | Jun | Jul | Aug | Sep | Oct | Nov | Dec 
1997: Jan | Feb | Mar | Apr | May | Jun | Jul | Aug | Sep | Oct | Nov | Dec 
1996: Jan | Feb | Mar | Apr | May | Jun | Jul | Aug | Sep | Oct | Nov | Dec 
1995: Jan | Feb | Mar | Apr | May | Jun | Jul | Aug | Sep | Oct | Nov | Dec 

Report for 2001 12
MONTHLY CLIMATOLOGICAL SUMMARY for DEC. 2001 NAME: HornSpri CITY: Lebanon STATE: TN ELEV: 612 ft LAT: 36 14' 05" N LONG: 86 22' 55" W TEMPERATURE (F), RAIN (in), WIND SPEED (mph) HEAT COOL AVG MEAN DEG DEG WIND DOM DAY TEMP HIGH TIME LOW TIME DAYS DAYS RAIN SPEED HIGH TIME DIR ------------------------------------------------------------------------------------ 1 45.0 55.1 15:05 34.9 2:20 20.0 0.0 0.00 1.0 8.0 10:20 SW 2 46.7 60.4 13:10 32.9 4:55 18.3 0.0 0.00 0.9 10.0 10:30 NW 3 49.3 67.4 14:05 31.3 5:45 15.7 0.0 0.00 1.4 12.0 11:00 SSE 4 56.8 70.1 13:10 43.6 3:25 8.2 0.0 0.00 2.2 17.0 9:25 SSW 5 60.5 71.8 13:05 49.2 7:35 4.5 0.0 0.00 3.4 18.0 14:30 S 6 64.2 71.8 13:05 56.5 3:10 0.8 0.0 0.20 4.6 18.0 12:30 SSW 7 57.8 59.9 15:00 55.7 6:20 7.2 0.0 0.20 1.3 7.0 22:45 ENE 8 52.8 61.0 11:15 44.5 00:00 12.3 0.0 0.79 5.8 21.0 16:50 NNW 9 42.5 48.0 13:15 37.0 23:35 22.5 0.0 0.00 4.3 17.0 7:25 N 10 38.8 44.8 11:15 32.7 2:25 26.3 0.0 0.15 0.9 7.0 10:25 NW 11 43.1 51.4 15:40 34.7 4:49 21.9 0.0 0.00 1.0 7.0 11:22 NE 12 54.3 61.5 13:54 47.1 5:31 10.7 0.0 0.57 3.2 17.0 17:12 SSE 13 58.2 61.6 4:10 54.8 22:25 6.8 0.0 0.58 3.3 17.0 5:04 SSW 14 54.6 61.8 7:00 47.4 23:58 10.4 0.0 0.05 6.6 38.0 8:13 SW 15 47.3 56.0 13:43 38.6 7:12 17.7 0.0 0.00 2.5 14.0 9:42 NE 16 55.5 63.7 11:22 47.3 2:26 9.5 0.0 0.00 5.1 22.0 10:50 SSE 17 54.9 62.3 5:33 47.6 23:41 10.1 0.0 0.33 8.7 28.0 15:05 S 18 43.7 53.2 13:14 34.1 22:21 21.3 0.0 0.00 2.0 17.0 6:31 WSW 19 41.2 53.6 10:49 28.8 23:51 23.8 0.0 0.00 5.6 25.0 15:02 NW 20 33.8 46.4 14:57 21.1 7:01 31.3 0.0 0.00 1.8 12.0 14:40 SW 21 37.0 50.5 11:41 23.5 6:49 28.0 0.0 0.00 0.9 8.0 10:34 SW 22 23 40.5 49.1 14:37 31.9 23:19 24.5 0.0 0.21 4.7 21.0 14:39 W 24 29.4 39.1 14:43 19.7 23:35 35.6 0.0 0.01 3.3 17.0 1:35 W 25 23.5 31.8 14:15 15.1 22:35 41.5 0.0 0.00 1.0 11.0 12:35 WNW 26 23.9 36.5 12:55 11.2 6:50 41.2 0.0 0.00 3.8 20.0 13:15 WSW 27 31.3 42.8 15:10 19.7 4:00 33.8 0.0 0.00 4.4 29.0 13:10 SW 28 38.2 49.1 14:25 27.3 0:10 26.8 0.0 0.00 4.1 22.0 13:40 SSW 29 27.6 39.8 2:35 15.4 00:00 37.4 0.0 0.00 5.4 22.0 9:50 NNW 30 20.0 30.3 14:50 9.7 6:35 45.0 0.0 0.00 1.5 11.0 10:45 ENE 31 21.5 30.0 14:50 12.9 00:00 43.5 0.0 0.00 1.2 10.0 0:05 NNW ------------------------------------------------------------------------------------- 43.1 71.8 5 9.7 30 656.5 0.0 3.09 3.2 38.0 14 SSW Max >= 90.0: 0 Max <= 32.0: 3 Min <= 32.0: 13 Min <= 0.0: 0 Max Rain: 0.79 ON 12/08/01 Days of Rain: 9 (>.01 in) 8 (>.1 in) 0 (>1 in) Heat Base: 65.0 Cool Base: 65.0 Method: (High + Low) / 2