Warning: file(http://www.wunderground.com/climate/extremes.asp): failed to open stream: HTTP request failed! HTTP/1.0 500 Internal Server Error in /homepages/6/d330860172/htdocs/usaextremes.php on line 55

Warning: implode(): Invalid arguments passed in /homepages/6/d330860172/htdocs/usaextremes.php on line 55

NOAA Style Climate Reports for Lebanon, TN

NOAA style reports

NOAA-style Climate Reports

2018: Jan | Feb | Mar | Apr | May | Jun | Jul | Aug | Sep | Oct | Nov | Dec 
2017: Jan | Feb | Mar | Apr | May | Jun | Jul | Aug | Sep | Oct | Nov | Dec 
2016: Jan | Feb | Mar | Apr | May | Jun | Jul | Aug | Sep | Oct | Nov | Dec 
2015: Jan | Feb | Mar | Apr | May | Jun | Jul | Aug | Sep | Oct | Nov | Dec 
2014: Jan | Feb | Mar | Apr | May | Jun | Jul | Aug | Sep | Oct | Nov | Dec 
2013: Jan | Feb | Mar | Apr | May | Jun | Jul | Aug | Sep | Oct | Nov | Dec 
2012: Jan | Feb | Mar | Apr | May | Jun | Jul | Aug | Sep | Oct | Nov | Dec 
2011: Jan | Feb | Mar | Apr | May | Jun | Jul | Aug | Sep | Oct | Nov | Dec 
2010: Jan | Feb | Mar | Apr | May | Jun | Jul | Aug | Sep | Oct | Nov | Dec 
2009: Jan | Feb | Mar | Apr | May | Jun | Jul | Aug | Sep | Oct | Nov | Dec 
2008: Jan | Feb | Mar | Apr | May | Jun | Jul | Aug | Sep | Oct | Nov | Dec 
2007: Jan | Feb | Mar | Apr | May | Jun | Jul | Aug | Sep | Oct | Nov | Dec 
2006: Jan | Feb | Mar | Apr | May | Jun | Jul | Aug | Sep | Oct | Nov | Dec 
2005: Jan | Feb | Mar | Apr | May | Jun | Jul | Aug | Sep | Oct | Nov | Dec 
2004: Jan | Feb | Mar | Apr | May | Jun | Jul | Aug | Sep | Oct | Nov | Dec 
2003: Jan | Feb | Mar | Apr | May | Jun | Jul | Aug | Sep | Oct | Nov | Dec 
2002: Jan | Feb | Mar | Apr | May | Jun | Jul | Aug | Sep | Oct | Nov | Dec 
2001: Jan | Feb | Mar | Apr | May | Jun | Jul | Aug | Sep | Oct | Nov | Dec 
2000: Jan | Feb | Mar | Apr | May | Jun | Jul | Aug | Sep | Oct | Nov | Dec 
1999: Jan | Feb | Mar | Apr | May | Jun | Jul | Aug | Sep | Oct | Nov | Dec 
1998: Jan | Feb | Mar | Apr | May | Jun | Jul | Aug | Sep | Oct | Nov | Dec 
1997: Jan | Feb | Mar | Apr | May | Jun | Jul | Aug | Sep | Oct | Nov | Dec 
1996: Jan | Feb | Mar | Apr | May | Jun | Jul | Aug | Sep | Oct | Nov | Dec 
1995: Jan | Feb | Mar | Apr | May | Jun | Jul | Aug | Sep | Oct | Nov | Dec 

Report for 2002 03
MONTHLY CLIMATOLOGICAL SUMMARY for MAR. 2002 NAME: HornSpri CITY: Lebanon STATE: TN ELEV: 612 ft LAT: 36 14' 05" N LONG: 86 22' 55" W TEMPERATURE (F), RAIN (in), WIND SPEED (mph) HEAT COOL AVG MEAN DEG DEG WIND DOM DAY TEMP HIGH TIME LOW TIME DAYS DAYS RAIN SPEED HIGH TIME DIR ------------------------------------------------------------------------------------ 1 31.5 44.0 0:08 19.0 0:08 33.5 0.0 0.00 --- --- --- --- 2 45.0 58.0 0:08 32.0 0:08 20.0 0.0 0.20 --- --- --- --- 3 41.0 56.0 0:08 26.0 0:08 24.0 0.0 0.14 --- --- --- --- 4 22.0 31.0 0:08 13.0 0:08 43.0 0.0 0.00 --- --- --- --- 5 24.5 35.0 0:08 14.0 0:08 40.5 0.0 0.00 --- --- --- --- 6 43.5 58.0 0:08 29.0 0:08 21.5 0.0 0.00 --- --- --- --- 7 52.5 65.0 0:08 40.0 0:08 12.5 0.0 0.06 --- --- --- --- 8 59.0 70.0 0:08 48.0 0:08 6.0 0.0 0.00 --- --- --- --- 9 66.0 74.0 0:08 58.0 0:08 0.0 1.0 0.00 --- --- --- --- 10 46.0 66.0 0:08 26.0 0:08 19.0 0.0 0.45 --- --- --- --- 11 36.5 49.0 0:08 24.0 0:08 28.5 0.0 0.00 --- --- --- --- 12 50.0 62.0 0:08 38.0 0:08 15.0 0.0 0.25 --- --- --- --- 13 50.0 52.0 0:08 48.0 0:08 15.0 0.0 0.18 --- --- --- --- 14 45.0 56.0 0:08 34.0 0:08 20.0 0.0 0.00 --- --- --- --- 15 60.0 73.0 0:08 47.0 0:08 5.0 0.0 0.00 --- --- --- --- 16 63.5 76.0 0:08 51.0 0:08 1.5 0.0 0.20 --- --- --- --- 17 49.0 51.0 0:08 47.0 0:08 16.0 0.0 1.51 --- --- --- --- 18 59.5 69.0 0:08 50.0 0:08 5.5 0.0 2.03 --- --- --- --- 19 57.5 60.0 0:08 55.0 0:08 7.5 0.0 0.02 --- --- --- --- 20 62.0 68.0 0:08 56.0 0:08 3.0 0.0 0.91 --- --- --- --- 21 50.0 56.0 0:08 44.0 0:08 15.0 0.0 0.12 --- --- --- --- 22 39.0 57.0 0:08 21.0 0:08 26.0 0.0 0.00 --- --- --- --- 23 31.0 40.0 0:08 22.0 0:08 34.0 0.0 0.00 --- --- --- --- 24 39.5 57.0 0:08 22.0 0:08 25.5 0.0 0.00 --- --- --- --- 25 52.5 70.0 0:08 35.0 0:08 12.5 0.0 0.00 --- --- --- --- 26 63.5 75.0 0:08 52.0 0:08 1.5 0.0 1.05 --- --- --- --- 27 45.5 57.0 0:08 34.0 0:08 19.5 0.0 0.04 --- --- --- --- 28 38.0 47.0 0:08 29.0 0:08 27.0 0.0 0.00 --- --- --- --- 29 56.5 72.0 0:08 41.0 0:08 8.5 0.0 0.00 --- --- --- --- 30 63.5 78.0 0:08 49.0 0:08 1.5 0.0 0.09 --- --- --- --- 31 53.0 57.0 0:08 49.0 0:08 12.0 0.0 0.96 --- --- --- --- ------------------------------------------------------------------------------------- 48.3 78.0 30 13.0 4 520.0 1.0 8.21 --- --- --- --- Max >= 90.0: 0 Max <= 32.0: 1 Min <= 32.0: 12 Min <= 0.0: 0 Max Rain: 2.03 ON 03/18/02 Days of Rain: 16 (>.01 in) 12 (>.1 in) 3 (>1 in) Heat Base: 65.0 Cool Base: 65.0 Method: (High + Low) / 2