Warning: file(http://www.wunderground.com/climate/extremes.asp): failed to open stream: HTTP request failed! HTTP/1.0 500 Internal Server Error in /homepages/6/d330860172/htdocs/usaextremes.php on line 55

Warning: implode(): Invalid arguments passed in /homepages/6/d330860172/htdocs/usaextremes.php on line 55

NOAA Style Climate Reports for Lebanon, TN

NOAA style reports

NOAA-style Climate Reports

2018: Jan | Feb | Mar | Apr | May | Jun | Jul | Aug | Sep | Oct | Nov | Dec 
2017: Jan | Feb | Mar | Apr | May | Jun | Jul | Aug | Sep | Oct | Nov | Dec 
2016: Jan | Feb | Mar | Apr | May | Jun | Jul | Aug | Sep | Oct | Nov | Dec 
2015: Jan | Feb | Mar | Apr | May | Jun | Jul | Aug | Sep | Oct | Nov | Dec 
2014: Jan | Feb | Mar | Apr | May | Jun | Jul | Aug | Sep | Oct | Nov | Dec 
2013: Jan | Feb | Mar | Apr | May | Jun | Jul | Aug | Sep | Oct | Nov | Dec 
2012: Jan | Feb | Mar | Apr | May | Jun | Jul | Aug | Sep | Oct | Nov | Dec 
2011: Jan | Feb | Mar | Apr | May | Jun | Jul | Aug | Sep | Oct | Nov | Dec 
2010: Jan | Feb | Mar | Apr | May | Jun | Jul | Aug | Sep | Oct | Nov | Dec 
2009: Jan | Feb | Mar | Apr | May | Jun | Jul | Aug | Sep | Oct | Nov | Dec 
2008: Jan | Feb | Mar | Apr | May | Jun | Jul | Aug | Sep | Oct | Nov | Dec 
2007: Jan | Feb | Mar | Apr | May | Jun | Jul | Aug | Sep | Oct | Nov | Dec 
2006: Jan | Feb | Mar | Apr | May | Jun | Jul | Aug | Sep | Oct | Nov | Dec 
2005: Jan | Feb | Mar | Apr | May | Jun | Jul | Aug | Sep | Oct | Nov | Dec 
2004: Jan | Feb | Mar | Apr | May | Jun | Jul | Aug | Sep | Oct | Nov | Dec 
2003: Jan | Feb | Mar | Apr | May | Jun | Jul | Aug | Sep | Oct | Nov | Dec 
2002: Jan | Feb | Mar | Apr | May | Jun | Jul | Aug | Sep | Oct | Nov | Dec 
2001: Jan | Feb | Mar | Apr | May | Jun | Jul | Aug | Sep | Oct | Nov | Dec 
2000: Jan | Feb | Mar | Apr | May | Jun | Jul | Aug | Sep | Oct | Nov | Dec 
1999: Jan | Feb | Mar | Apr | May | Jun | Jul | Aug | Sep | Oct | Nov | Dec 
1998: Jan | Feb | Mar | Apr | May | Jun | Jul | Aug | Sep | Oct | Nov | Dec 
1997: Jan | Feb | Mar | Apr | May | Jun | Jul | Aug | Sep | Oct | Nov | Dec 
1996: Jan | Feb | Mar | Apr | May | Jun | Jul | Aug | Sep | Oct | Nov | Dec 
1995: Jan | Feb | Mar | Apr | May | Jun | Jul | Aug | Sep | Oct | Nov | Dec 

Report for 2002 04
MONTHLY CLIMATOLOGICAL SUMMARY for APR. 2002 NAME: HornSpri CITY: Lebanon STATE: TN ELEV: 612 ft LAT: 36 14' 05" N LONG: 86 22' 55" W TEMPERATURE (F), RAIN (in), WIND SPEED (mph) HEAT COOL AVG MEAN DEG DEG WIND DOM DAY TEMP HIGH TIME LOW TIME DAYS DAYS RAIN SPEED HIGH TIME DIR ------------------------------------------------------------------------------------ 1 45.5 53.0 0:08 38.0 0:08 19.5 0.0 0.83 --- --- --- --- 2 54.0 66.0 0:08 42.0 0:08 11.0 0.0 0.00 --- --- --- --- 3 59.5 79.0 0:08 40.0 0:08 5.5 0.0 0.00 --- --- --- --- 4 41.0 50.0 0:08 32.0 0:08 24.0 0.0 0.00 --- --- --- --- 5 44.0 55.0 0:08 33.0 0:08 21.0 0.0 0.00 --- --- --- --- 6 42.5 55.0 0:08 30.0 0:08 22.5 0.0 0.00 --- --- --- --- 7 43.5 56.0 0:08 31.0 0:08 21.5 0.0 0.00 --- --- --- --- 8 61.5 71.0 0:08 52.0 0:08 3.5 0.0 0.00 --- --- --- --- 9 68.0 76.0 0:08 60.0 0:08 0.0 3.0 0.07 --- --- --- --- 10 56.5 69.0 0:08 44.0 0:08 8.5 0.0 0.00 --- --- --- --- 11 59.5 74.0 0:08 45.0 0:08 5.5 0.0 0.00 --- --- --- --- 12 68.0 80.0 0:08 56.0 0:08 0.0 3.0 0.14 --- --- --- --- 13 67.5 77.0 0:08 58.0 0:08 0.0 2.5 0.05 --- --- --- --- 14 68.5 75.0 0:08 62.0 0:08 0.0 3.5 0.03 --- --- --- --- 15 69.0 76.0 0:08 62.0 0:08 0.0 4.0 0.03 --- --- --- --- 16 73.5 86.0 0:08 61.0 0:08 0.0 8.5 0.00 --- --- --- --- 17 74.0 87.0 0:08 61.0 0:08 0.0 9.0 0.00 --- --- --- --- 18 73.0 87.0 0:08 59.0 0:08 0.0 8.0 0.05 --- --- --- --- 19 74.0 89.0 0:08 59.0 0:08 0.0 9.0 0.00 --- --- --- --- 20 76.0 85.0 0:08 67.0 0:08 0.0 11.0 0.01 --- --- --- --- 21 77.0 87.0 0:08 67.0 0:08 0.0 12.0 0.00 --- --- --- --- 22 70.5 90.0 0:08 51.0 0:08 0.0 5.5 0.11 --- --- --- --- 23 53.5 67.0 0:08 40.0 0:08 11.5 0.0 0.00 --- --- --- --- 24 55.0 69.0 0:08 41.0 0:08 10.0 0.0 0.30 --- --- --- --- 25 60.5 72.0 0:08 49.0 0:08 4.5 0.0 1.33 --- --- --- --- 26 52.0 63.0 0:08 41.0 0:08 13.0 0.0 0.00 --- --- --- --- 27 53.0 64.0 0:08 42.0 0:08 12.0 0.0 0.01 --- --- --- --- 28 63.5 74.0 0:08 53.0 0:08 1.5 0.0 0.01 --- --- --- --- 29 64.5 85.0 0:08 44.0 0:08 0.5 0.0 0.41 --- --- --- --- 30 57.0 70.0 0:08 44.0 0:08 8.0 0.0 0.00 --- --- --- --- ------------------------------------------------------------------------------------- 60.8 90.0 22 30.0 6 203.5 79.0 3.38 --- --- --- --- Max >= 90.0: 1 Max <= 32.0: 0 Min <= 32.0: 3 Min <= 0.0: 0 Max Rain: 1.33 ON 04/25/02 Days of Rain: 11 (>.01 in) 6 (>.1 in) 1 (>1 in) Heat Base: 65.0 Cool Base: 65.0 Method: (High + Low) / 2