Warning: file(http://www.wunderground.com/climate/extremes.asp): failed to open stream: HTTP request failed! HTTP/1.0 500 Internal Server Error in /homepages/6/d330860172/htdocs/usaextremes.php on line 55

Warning: implode(): Invalid arguments passed in /homepages/6/d330860172/htdocs/usaextremes.php on line 55

NOAA Style Climate Reports for Lebanon, TN

NOAA style reports

NOAA-style Climate Reports

2018: Jan | Feb | Mar | Apr | May | Jun | Jul | Aug | Sep | Oct | Nov | Dec 
2017: Jan | Feb | Mar | Apr | May | Jun | Jul | Aug | Sep | Oct | Nov | Dec 
2016: Jan | Feb | Mar | Apr | May | Jun | Jul | Aug | Sep | Oct | Nov | Dec 
2015: Jan | Feb | Mar | Apr | May | Jun | Jul | Aug | Sep | Oct | Nov | Dec 
2014: Jan | Feb | Mar | Apr | May | Jun | Jul | Aug | Sep | Oct | Nov | Dec 
2013: Jan | Feb | Mar | Apr | May | Jun | Jul | Aug | Sep | Oct | Nov | Dec 
2012: Jan | Feb | Mar | Apr | May | Jun | Jul | Aug | Sep | Oct | Nov | Dec 
2011: Jan | Feb | Mar | Apr | May | Jun | Jul | Aug | Sep | Oct | Nov | Dec 
2010: Jan | Feb | Mar | Apr | May | Jun | Jul | Aug | Sep | Oct | Nov | Dec 
2009: Jan | Feb | Mar | Apr | May | Jun | Jul | Aug | Sep | Oct | Nov | Dec 
2008: Jan | Feb | Mar | Apr | May | Jun | Jul | Aug | Sep | Oct | Nov | Dec 
2007: Jan | Feb | Mar | Apr | May | Jun | Jul | Aug | Sep | Oct | Nov | Dec 
2006: Jan | Feb | Mar | Apr | May | Jun | Jul | Aug | Sep | Oct | Nov | Dec 
2005: Jan | Feb | Mar | Apr | May | Jun | Jul | Aug | Sep | Oct | Nov | Dec 
2004: Jan | Feb | Mar | Apr | May | Jun | Jul | Aug | Sep | Oct | Nov | Dec 
2003: Jan | Feb | Mar | Apr | May | Jun | Jul | Aug | Sep | Oct | Nov | Dec 
2002: Jan | Feb | Mar | Apr | May | Jun | Jul | Aug | Sep | Oct | Nov | Dec 
2001: Jan | Feb | Mar | Apr | May | Jun | Jul | Aug | Sep | Oct | Nov | Dec 
2000: Jan | Feb | Mar | Apr | May | Jun | Jul | Aug | Sep | Oct | Nov | Dec 
1999: Jan | Feb | Mar | Apr | May | Jun | Jul | Aug | Sep | Oct | Nov | Dec 
1998: Jan | Feb | Mar | Apr | May | Jun | Jul | Aug | Sep | Oct | Nov | Dec 
1997: Jan | Feb | Mar | Apr | May | Jun | Jul | Aug | Sep | Oct | Nov | Dec 
1996: Jan | Feb | Mar | Apr | May | Jun | Jul | Aug | Sep | Oct | Nov | Dec 
1995: Jan | Feb | Mar | Apr | May | Jun | Jul | Aug | Sep | Oct | Nov | Dec 

Report for 2002 05
MONTHLY CLIMATOLOGICAL SUMMARY for MAY. 2002 NAME: HornSpri CITY: Lebanon STATE: TN ELEV: 612 ft LAT: 36 14' 05" N LONG: 86 22' 55" W TEMPERATURE (F), RAIN (in), WIND SPEED (mph) HEAT COOL AVG MEAN DEG DEG WIND DOM DAY TEMP HIGH TIME LOW TIME DAYS DAYS RAIN SPEED HIGH TIME DIR ------------------------------------------------------------------------------------ 1 67.0 76.0 0:08 58.0 0:08 0.0 2.0 1.66 --- --- --- --- 2 69.5 76.0 0:08 63.0 0:08 0.0 4.5 0.02 --- --- --- --- 3 63.5 75.0 0:08 52.0 0:08 1.5 0.0 0.11 --- --- --- --- 4 55.5 60.0 0:08 51.0 0:08 9.5 0.0 0.57 --- --- --- --- 5 6 65.0 79.0 0:08 51.0 0:08 0.0 0.0 0.00 --- --- --- --- 7 69.5 76.0 0:08 63.0 0:08 0.0 4.5 0.13 --- --- --- --- 8 75.0 86.0 0:08 64.0 0:08 0.0 10.0 0.15 --- --- --- --- 9 71.5 86.0 0:08 57.0 0:08 0.0 6.5 0.32 --- --- --- --- 10 64.0 77.0 0:08 51.0 0:08 1.0 0.0 0.14 --- --- --- --- 11 58.5 65.0 0:08 52.0 0:08 6.5 0.0 0.00 --- --- --- --- 12 74.0 85.0 0:08 63.0 0:08 0.0 9.0 0.00 --- --- --- --- 13 75.0 87.0 0:08 63.0 0:08 0.0 10.0 1.65 --- --- --- --- 14 56.5 69.0 0:08 44.0 0:08 8.5 0.0 0.35 --- --- --- --- 15 57.5 71.0 0:08 44.0 0:08 7.5 0.0 0.00 --- --- --- --- 16 61.5 76.0 0:08 47.0 0:08 3.5 0.0 0.00 --- --- --- --- 17 71.5 83.0 0:08 60.0 0:08 0.0 6.5 0.00 --- --- --- --- 18 64.0 80.0 0:08 48.0 0:08 1.0 0.0 1.15 --- --- --- --- 19 49.0 60.0 0:08 38.0 0:08 16.0 0.0 0.00 --- --- --- --- 20 52.0 64.0 0:08 40.0 0:08 13.0 0.0 0.00 --- --- --- --- 21 53.5 65.0 0:08 42.0 0:08 11.5 0.0 0.00 --- --- --- --- 22 49.5 62.0 0:08 37.0 0:08 15.5 0.0 0.00 --- --- --- --- 23 57.0 73.0 0:08 41.0 0:08 8.0 0.0 0.00 --- --- --- --- 24 64.0 77.0 0:08 51.0 0:08 1.0 0.0 0.00 --- --- --- --- 25 67.5 82.0 0:08 53.0 0:08 0.0 2.5 0.00 --- --- --- --- 26 70.5 86.0 0:08 55.0 0:08 0.0 5.5 0.14 --- --- --- --- 27 69.0 80.0 0:08 58.0 0:08 0.0 4.0 0.01 --- --- --- --- 28 73.5 87.0 0:08 60.0 0:08 0.0 8.5 0.25 --- --- --- --- 29 73.0 83.0 0:08 63.0 0:08 0.0 8.0 0.11 --- --- --- --- 30 76.0 86.0 0:08 66.0 0:08 0.0 11.0 0.05 --- --- --- --- 31 73.0 83.0 0:08 63.0 0:08 0.0 8.0 0.00 --- --- --- --- ------------------------------------------------------------------------------------- 64.9 87.0 13 37.0 22 104.0 100.5 6.81 --- --- --- --- Max >= 90.0: 0 Max <= 32.0: 0 Min <= 32.0: 0 Min <= 0.0: 0 Max Rain: 1.66 ON 05/01/02 Days of Rain: 15 (>.01 in) 13 (>.1 in) 3 (>1 in) Heat Base: 65.0 Cool Base: 65.0 Method: (High + Low) / 2