Warning: file(http://www.wunderground.com/climate/extremes.asp): failed to open stream: HTTP request failed! HTTP/1.0 500 Internal Server Error in /homepages/6/d330860172/htdocs/usaextremes.php on line 55

Warning: implode(): Invalid arguments passed in /homepages/6/d330860172/htdocs/usaextremes.php on line 55

NOAA Style Climate Reports for Lebanon, TN

NOAA style reports

NOAA-style Climate Reports

2018: Jan | Feb | Mar | Apr | May | Jun | Jul | Aug | Sep | Oct | Nov | Dec 
2017: Jan | Feb | Mar | Apr | May | Jun | Jul | Aug | Sep | Oct | Nov | Dec 
2016: Jan | Feb | Mar | Apr | May | Jun | Jul | Aug | Sep | Oct | Nov | Dec 
2015: Jan | Feb | Mar | Apr | May | Jun | Jul | Aug | Sep | Oct | Nov | Dec 
2014: Jan | Feb | Mar | Apr | May | Jun | Jul | Aug | Sep | Oct | Nov | Dec 
2013: Jan | Feb | Mar | Apr | May | Jun | Jul | Aug | Sep | Oct | Nov | Dec 
2012: Jan | Feb | Mar | Apr | May | Jun | Jul | Aug | Sep | Oct | Nov | Dec 
2011: Jan | Feb | Mar | Apr | May | Jun | Jul | Aug | Sep | Oct | Nov | Dec 
2010: Jan | Feb | Mar | Apr | May | Jun | Jul | Aug | Sep | Oct | Nov | Dec 
2009: Jan | Feb | Mar | Apr | May | Jun | Jul | Aug | Sep | Oct | Nov | Dec 
2008: Jan | Feb | Mar | Apr | May | Jun | Jul | Aug | Sep | Oct | Nov | Dec 
2007: Jan | Feb | Mar | Apr | May | Jun | Jul | Aug | Sep | Oct | Nov | Dec 
2006: Jan | Feb | Mar | Apr | May | Jun | Jul | Aug | Sep | Oct | Nov | Dec 
2005: Jan | Feb | Mar | Apr | May | Jun | Jul | Aug | Sep | Oct | Nov | Dec 
2004: Jan | Feb | Mar | Apr | May | Jun | Jul | Aug | Sep | Oct | Nov | Dec 
2003: Jan | Feb | Mar | Apr | May | Jun | Jul | Aug | Sep | Oct | Nov | Dec 
2002: Jan | Feb | Mar | Apr | May | Jun | Jul | Aug | Sep | Oct | Nov | Dec 
2001: Jan | Feb | Mar | Apr | May | Jun | Jul | Aug | Sep | Oct | Nov | Dec 
2000: Jan | Feb | Mar | Apr | May | Jun | Jul | Aug | Sep | Oct | Nov | Dec 
1999: Jan | Feb | Mar | Apr | May | Jun | Jul | Aug | Sep | Oct | Nov | Dec 
1998: Jan | Feb | Mar | Apr | May | Jun | Jul | Aug | Sep | Oct | Nov | Dec 
1997: Jan | Feb | Mar | Apr | May | Jun | Jul | Aug | Sep | Oct | Nov | Dec 
1996: Jan | Feb | Mar | Apr | May | Jun | Jul | Aug | Sep | Oct | Nov | Dec 
1995: Jan | Feb | Mar | Apr | May | Jun | Jul | Aug | Sep | Oct | Nov | Dec 

Report for 2002 06
MONTHLY CLIMATOLOGICAL SUMMARY for JUN. 2002 NAME: HornSpri CITY: Lebanon STATE: TN ELEV: 612 ft LAT: 36 14' 05" N LONG: 86 22' 55" W TEMPERATURE (F), RAIN (in), WIND SPEED (mph) HEAT COOL AVG MEAN DEG DEG WIND DOM DAY TEMP HIGH TIME LOW TIME DAYS DAYS RAIN SPEED HIGH TIME DIR ------------------------------------------------------------------------------------ 1 76.5 88.0 0:08 65.0 0:08 0.0 11.5 0.00 --- --- --- --- 2 79.0 91.0 0:08 67.0 0:08 0.0 14.0 0.00 --- --- --- --- 3 80.0 92.0 0:08 68.0 0:08 0.0 15.0 0.00 --- --- --- --- 4 82.5 95.0 0:08 70.0 0:08 0.0 17.5 0.00 --- --- --- --- 5 83.0 96.0 0:08 70.0 0:08 0.0 18.0 0.00 --- --- --- --- 6 80.5 91.0 0:08 70.0 0:08 0.0 15.5 0.75 --- --- --- --- 7 67.0 75.0 0:08 59.0 0:08 0.0 2.0 0.42 --- --- --- --- 8 71.5 81.0 0:08 62.0 0:08 0.0 6.5 0.00 --- --- --- --- 9 74.5 86.0 0:08 63.0 0:08 0.0 9.5 0.00 --- --- --- --- 10 75.5 88.0 0:08 63.0 0:08 0.0 10.5 0.00 --- --- --- --- 11 76.5 89.0 0:08 64.0 0:08 0.0 11.5 0.00 --- --- --- --- 12 79.5 89.0 0:08 70.0 0:08 0.0 14.5 0.00 --- --- --- --- 13 81.0 91.0 0:08 71.0 0:08 0.0 16.0 0.00 --- --- --- --- 14 79.0 89.0 0:08 69.0 0:08 0.0 14.0 0.05 --- --- --- --- 15 68.5 81.0 0:08 56.0 0:08 0.0 3.5 0.00 --- --- --- --- 16 68.5 81.0 0:08 56.0 0:08 0.0 3.5 0.00 --- --- --- --- 17 68.5 81.0 0:08 56.0 0:08 0.0 3.5 0.00 --- --- --- --- 18 71.0 83.0 0:08 59.0 0:08 0.0 6.0 0.00 --- --- --- --- 19 75.0 87.0 0:08 63.0 0:08 0.0 10.0 0.00 --- --- --- --- 20 78.0 91.0 0:08 65.0 0:08 0.0 13.0 0.00 --- --- --- --- 21 78.5 92.0 0:08 65.0 0:08 0.0 13.5 0.00 --- --- --- --- 22 77.0 92.0 0:08 62.0 0:08 0.0 12.0 0.00 --- --- --- --- 23 77.0 90.0 0:08 64.0 0:08 0.0 12.0 0.00 --- --- --- --- 24 80.0 90.0 0:08 70.0 0:08 0.0 15.0 0.75 --- --- --- --- 25 80.0 89.0 0:08 71.0 0:08 0.0 15.0 0.00 --- --- --- --- 26 78.5 86.0 0:08 71.0 0:08 0.0 13.5 0.00 --- --- --- --- 27 82.0 93.0 0:08 71.0 0:08 0.0 17.0 0.00 --- --- --- --- 28 77.5 86.0 0:08 69.0 0:08 0.0 12.5 0.23 --- --- --- --- 29 30 80.5 90.0 0:08 71.0 0:08 0.0 15.5 0.00 --- --- --- --- ------------------------------------------------------------------------------------- 76.8 96.0 5 56.0 15 0.0 341.5 2.20 --- --- --- --- Max >= 90.0: 13 Max <= 32.0: 0 Min <= 32.0: 0 Min <= 0.0: 0 Max Rain: 0.75 ON 06/06/02 Days of Rain: 5 (>.01 in) 4 (>.1 in) 0 (>1 in) Heat Base: 65.0 Cool Base: 65.0 Method: (High + Low) / 2