Warning: file(http://www.wunderground.com/climate/extremes.asp): failed to open stream: HTTP request failed! HTTP/1.0 500 Internal Server Error in /homepages/6/d330860172/htdocs/usaextremes.php on line 55

Warning: implode(): Invalid arguments passed in /homepages/6/d330860172/htdocs/usaextremes.php on line 55

NOAA Style Climate Reports for Lebanon, TN

NOAA style reports

NOAA-style Climate Reports

2018: Jan | Feb | Mar | Apr | May | Jun | Jul | Aug | Sep | Oct | Nov | Dec 
2017: Jan | Feb | Mar | Apr | May | Jun | Jul | Aug | Sep | Oct | Nov | Dec 
2016: Jan | Feb | Mar | Apr | May | Jun | Jul | Aug | Sep | Oct | Nov | Dec 
2015: Jan | Feb | Mar | Apr | May | Jun | Jul | Aug | Sep | Oct | Nov | Dec 
2014: Jan | Feb | Mar | Apr | May | Jun | Jul | Aug | Sep | Oct | Nov | Dec 
2013: Jan | Feb | Mar | Apr | May | Jun | Jul | Aug | Sep | Oct | Nov | Dec 
2012: Jan | Feb | Mar | Apr | May | Jun | Jul | Aug | Sep | Oct | Nov | Dec 
2011: Jan | Feb | Mar | Apr | May | Jun | Jul | Aug | Sep | Oct | Nov | Dec 
2010: Jan | Feb | Mar | Apr | May | Jun | Jul | Aug | Sep | Oct | Nov | Dec 
2009: Jan | Feb | Mar | Apr | May | Jun | Jul | Aug | Sep | Oct | Nov | Dec 
2008: Jan | Feb | Mar | Apr | May | Jun | Jul | Aug | Sep | Oct | Nov | Dec 
2007: Jan | Feb | Mar | Apr | May | Jun | Jul | Aug | Sep | Oct | Nov | Dec 
2006: Jan | Feb | Mar | Apr | May | Jun | Jul | Aug | Sep | Oct | Nov | Dec 
2005: Jan | Feb | Mar | Apr | May | Jun | Jul | Aug | Sep | Oct | Nov | Dec 
2004: Jan | Feb | Mar | Apr | May | Jun | Jul | Aug | Sep | Oct | Nov | Dec 
2003: Jan | Feb | Mar | Apr | May | Jun | Jul | Aug | Sep | Oct | Nov | Dec 
2002: Jan | Feb | Mar | Apr | May | Jun | Jul | Aug | Sep | Oct | Nov | Dec 
2001: Jan | Feb | Mar | Apr | May | Jun | Jul | Aug | Sep | Oct | Nov | Dec 
2000: Jan | Feb | Mar | Apr | May | Jun | Jul | Aug | Sep | Oct | Nov | Dec 
1999: Jan | Feb | Mar | Apr | May | Jun | Jul | Aug | Sep | Oct | Nov | Dec 
1998: Jan | Feb | Mar | Apr | May | Jun | Jul | Aug | Sep | Oct | Nov | Dec 
1997: Jan | Feb | Mar | Apr | May | Jun | Jul | Aug | Sep | Oct | Nov | Dec 
1996: Jan | Feb | Mar | Apr | May | Jun | Jul | Aug | Sep | Oct | Nov | Dec 
1995: Jan | Feb | Mar | Apr | May | Jun | Jul | Aug | Sep | Oct | Nov | Dec 

Report for 2002 08
MONTHLY CLIMATOLOGICAL SUMMARY for AUG. 2002 NAME: HornSpri CITY: Lebanon STATE: TN ELEV: 612 ft LAT: 36 14' 05" N LONG: 86 22' 55" W TEMPERATURE (F), RAIN (in), WIND SPEED (mph) HEAT COOL AVG MEAN DEG DEG WIND DOM DAY TEMP HIGH TIME LOW TIME DAYS DAYS RAIN SPEED HIGH TIME DIR ------------------------------------------------------------------------------------ 1 83.1 94.9 15:00 71.3 23:55 0.0 18.1 0.00 1.1 11.0 12:20 N 2 82.3 96.1 16:15 68.6 4:15 0.0 17.3 0.00 1.5 12.0 11:35 N 3 84.3 98.7 16:10 69.8 5:40 0.0 19.3 0.00 1.1 13.0 14:35 ESE 4 83.9 97.3 13:45 70.4 5:55 0.0 18.9 0.00 1.0 12.0 11:05 WSW 5 84.1 98.7 14:30 69.4 6:00 0.0 19.1 0.00 0.8 14.0 15:10 N 6 80.3 92.1 15:50 68.4 00:00 0.0 15.3 0.00 3.5 21.0 15:30 N 7 74.2 91.4 15:45 57.0 6:10 0.0 9.2 0.00 3.3 18.0 17:10 NNE 8 74.6 93.8 17:05 55.3 6:20 0.0 9.6 0.00 1.8 13.0 15:10 N 9 76.2 93.4 16:05 58.9 6:10 0.0 11.2 0.00 1.2 13.0 14:20 ENE 10 77.2 91.4 14:50 62.9 4:25 0.0 12.2 0.00 1.2 14.0 18:05 WSW 11 79.4 91.0 16:10 67.9 23:55 0.0 14.4 0.00 1.3 14.0 12:50 WSW 12 79.7 95.9 14:15 63.4 5:05 0.0 14.7 0.00 1.0 13.0 11:30 WSW 13 79.9 94.3 16:00 65.6 5:00 0.0 14.9 0.00 1.5 19.0 11:50 WSW 14 80.9 91.6 16:35 70.3 23:50 0.0 15.9 0.63 1.8 25.0 18:15 WSW 15 77.2 85.1 13:05 69.3 3:20 0.0 12.2 0.02 1.1 19.0 14:20 WSW 16 76.7 82.4 12:30 70.9 14:55 0.0 11.7 0.99 0.9 24.0 14:25 WSW 17 80.2 89.0 17:05 71.3 5:50 0.0 15.2 0.01 1.8 20.0 14:35 WSW 18 80.6 90.3 13:35 70.9 6:20 0.0 15.6 0.00 1.8 18.0 9:50 WSW 19 81.3 92.7 15:50 69.8 5:55 0.0 16.3 0.00 1.0 12.0 12:25 WSW 20 83.4 94.7 16:40 72.1 5:40 0.0 18.4 0.00 1.3 13.0 8:35 N 21 83.1 97.8 15:55 68.4 6:05 0.0 18.1 0.00 0.9 11.0 11:10 ESE 22 84.1 96.8 15:25 71.3 3:30 0.0 19.1 1.34 0.7 43.0 15:50 WSW 23 81.1 91.2 14:10 71.1 4:00 0.0 16.1 0.02 1.7 17.0 13:30 WSW 24 80.8 89.9 14:45 71.6 6:15 0.0 15.8 0.00 1.2 16.0 13:45 WSW 25 78.8 87.4 14:30 70.1 23:55 0.0 13.8 0.02 1.2 12.0 13:30 WSW 26 75.5 86.5 14:10 64.5 5:25 0.0 10.5 0.00 2.0 16.0 13:40 N 27 75.6 88.4 16:45 62.7 6:20 0.0 10.6 0.00 1.4 17.0 18:30 N 28 75.2 87.4 14:05 62.9 6:20 0.0 10.2 0.00 1.8 21.0 17:20 NNE 29 76.8 90.3 16:15 63.2 6:10 0.0 11.8 0.00 1.0 14.0 18:00 N 30 76.8 88.0 13:50 65.6 5:30 0.0 11.8 0.00 1.0 17.0 14:15 E 31 78.3 90.1 14:35 66.6 3:45 0.0 13.3 0.00 0.6 12.0 20:25 ESE ------------------------------------------------------------------------------------- 79.5 98.7 3 55.3 8 0.0 450.1 3.03 1.4 43.0 22 WSW Max >= 90.0: 22 Max <= 32.0: 0 Min <= 32.0: 0 Min <= 0.0: 0 Max Rain: 1.34 ON 08/22/02 Days of Rain: 6 (>.01 in) 3 (>.1 in) 1 (>1 in) Heat Base: 65.0 Cool Base: 65.0 Method: (High + Low) / 2