Warning: file(http://www.wunderground.com/climate/extremes.asp): failed to open stream: HTTP request failed! HTTP/1.0 500 Internal Server Error in /homepages/6/d330860172/htdocs/usaextremes.php on line 55

Warning: implode(): Invalid arguments passed in /homepages/6/d330860172/htdocs/usaextremes.php on line 55

NOAA Style Climate Reports for Lebanon, TN

NOAA style reports

NOAA-style Climate Reports

2018: Jan | Feb | Mar | Apr | May | Jun | Jul | Aug | Sep | Oct | Nov | Dec 
2017: Jan | Feb | Mar | Apr | May | Jun | Jul | Aug | Sep | Oct | Nov | Dec 
2016: Jan | Feb | Mar | Apr | May | Jun | Jul | Aug | Sep | Oct | Nov | Dec 
2015: Jan | Feb | Mar | Apr | May | Jun | Jul | Aug | Sep | Oct | Nov | Dec 
2014: Jan | Feb | Mar | Apr | May | Jun | Jul | Aug | Sep | Oct | Nov | Dec 
2013: Jan | Feb | Mar | Apr | May | Jun | Jul | Aug | Sep | Oct | Nov | Dec 
2012: Jan | Feb | Mar | Apr | May | Jun | Jul | Aug | Sep | Oct | Nov | Dec 
2011: Jan | Feb | Mar | Apr | May | Jun | Jul | Aug | Sep | Oct | Nov | Dec 
2010: Jan | Feb | Mar | Apr | May | Jun | Jul | Aug | Sep | Oct | Nov | Dec 
2009: Jan | Feb | Mar | Apr | May | Jun | Jul | Aug | Sep | Oct | Nov | Dec 
2008: Jan | Feb | Mar | Apr | May | Jun | Jul | Aug | Sep | Oct | Nov | Dec 
2007: Jan | Feb | Mar | Apr | May | Jun | Jul | Aug | Sep | Oct | Nov | Dec 
2006: Jan | Feb | Mar | Apr | May | Jun | Jul | Aug | Sep | Oct | Nov | Dec 
2005: Jan | Feb | Mar | Apr | May | Jun | Jul | Aug | Sep | Oct | Nov | Dec 
2004: Jan | Feb | Mar | Apr | May | Jun | Jul | Aug | Sep | Oct | Nov | Dec 
2003: Jan | Feb | Mar | Apr | May | Jun | Jul | Aug | Sep | Oct | Nov | Dec 
2002: Jan | Feb | Mar | Apr | May | Jun | Jul | Aug | Sep | Oct | Nov | Dec 
2001: Jan | Feb | Mar | Apr | May | Jun | Jul | Aug | Sep | Oct | Nov | Dec 
2000: Jan | Feb | Mar | Apr | May | Jun | Jul | Aug | Sep | Oct | Nov | Dec 
1999: Jan | Feb | Mar | Apr | May | Jun | Jul | Aug | Sep | Oct | Nov | Dec 
1998: Jan | Feb | Mar | Apr | May | Jun | Jul | Aug | Sep | Oct | Nov | Dec 
1997: Jan | Feb | Mar | Apr | May | Jun | Jul | Aug | Sep | Oct | Nov | Dec 
1996: Jan | Feb | Mar | Apr | May | Jun | Jul | Aug | Sep | Oct | Nov | Dec 
1995: Jan | Feb | Mar | Apr | May | Jun | Jul | Aug | Sep | Oct | Nov | Dec 

Report for 2002 09
MONTHLY CLIMATOLOGICAL SUMMARY for SEP. 2002 NAME: HornSpri CITY: Lebanon STATE: TN ELEV: 612 ft LAT: 36 14' 05" N LONG: 86 22' 55" W TEMPERATURE (F), RAIN (in), WIND SPEED (mph) HEAT COOL AVG MEAN DEG DEG WIND DOM DAY TEMP HIGH TIME LOW TIME DAYS DAYS RAIN SPEED HIGH TIME DIR ------------------------------------------------------------------------------------ 1 79.6 90.5 16:00 68.6 6:50 0.0 14.6 0.00 0.4 8.0 2:30 WSW 2 78.5 91.8 16:55 65.2 6:00 0.0 13.5 0.00 0.6 13.0 10:45 WSW 3 81.3 95.6 17:25 66.9 6:05 0.0 16.3 0.00 0.7 14.0 11:55 WSW 4 81.2 95.9 15:15 66.4 6:25 0.0 16.2 0.00 1.2 13.0 13:45 N 5 77.2 96.3 16:25 58.1 6:00 0.0 12.2 0.00 1.7 16.0 12:50 NNE 6 77.8 97.1 15:35 58.6 5:00 0.0 12.8 0.13 0.8 11.0 12:10 E 7 79.7 94.0 14:50 65.3 6:50 0.0 14.7 0.00 0.7 13.0 14:50 ESE 8 77.6 93.6 14:45 61.6 6:20 0.0 12.6 0.00 0.8 13.0 14:55 N 9 80.1 95.9 14:10 64.3 6:35 0.0 15.1 0.00 0.6 10.0 13:30 N 10 79.2 97.8 14:10 60.5 6:30 0.0 14.2 0.00 1.1 14.0 15:15 N 11 74.2 87.4 15:15 61.0 00:00 0.0 9.2 0.00 2.4 17.0 13:10 N 12 72.2 90.5 16:25 53.9 4:40 0.0 7.2 0.00 1.6 13.0 9:00 NE 13 76.3 90.1 15:45 62.6 5:30 0.0 11.3 0.00 1.0 14.0 10:20 SE 14 80.3 88.6 15:25 72.1 23:35 0.0 15.3 0.05 0.9 13.0 15:05 SE 15 75.8 84.9 16:20 66.6 23:50 0.0 10.8 0.50 0.6 25.0 18:30 WSW 16 75.8 86.3 14:05 65.3 1:50 0.0 10.8 0.01 0.6 10.0 12:50 NW 17 76.6 84.3 14:20 68.8 6:00 0.0 11.6 0.27 0.5 19.0 15:35 WSW 18 76.9 85.3 16:10 68.6 2:30 0.0 11.9 0.21 0.7 13.0 14:30 WSW 19 79.8 86.7 14:15 73.0 5:10 0.0 14.8 0.00 1.3 17.0 14:55 SSE 20 76.2 87.4 14:55 65.0 19:05 0.0 11.2 0.89 2.2 26.0 16:55 SSE 21 72.6 79.6 17:40 65.5 23:15 0.0 7.6 0.00 0.5 8.0 7:45 N 22 71.0 81.6 14:45 60.4 00:00 0.0 6.0 0.00 3.0 21.0 17:40 N 23 64.3 78.1 16:50 50.4 00:00 0.8 0.0 0.00 3.1 15.0 1:40 N 24 61.1 77.9 14:35 44.2 6:40 3.9 0.0 0.00 2.2 16.0 10:50 NNE 25 61.5 65.0 15:00 58.1 0:05 3.5 0.0 0.33 0.9 10.0 22:10 NE 26 65.4 67.3 23:50 63.5 1:15 0.0 0.4 2.16 3.9 18.0 14:20 ENE 27 69.2 74.2 17:10 64.2 00:00 0.0 4.2 1.55 2.3 19.0 13:45 NNW 28 68.4 80.7 14:05 56.2 7:00 0.0 3.4 0.00 1.9 18.0 13:00 N 29 69.1 83.6 14:40 54.5 5:40 0.0 4.1 0.00 0.5 11.0 11:25 WSW 30 71.7 81.4 13:15 62.0 2:20 0.0 6.7 0.01 0.5 12.0 17:10 WSW ------------------------------------------------------------------------------------- 74.3 97.8 10 44.2 24 8.1 288.5 6.11 1.3 26.0 20 N Max >= 90.0: 12 Max <= 32.0: 0 Min <= 32.0: 0 Min <= 0.0: 0 Max Rain: 2.16 ON 09/26/02 Days of Rain: 9 (>.01 in) 8 (>.1 in) 2 (>1 in) Heat Base: 65.0 Cool Base: 65.0 Method: (High + Low) / 2