Warning: file(http://www.wunderground.com/climate/extremes.asp): failed to open stream: HTTP request failed! HTTP/1.0 500 Internal Server Error in /homepages/6/d330860172/htdocs/usaextremes.php on line 55

Warning: implode(): Invalid arguments passed in /homepages/6/d330860172/htdocs/usaextremes.php on line 55

NOAA Style Climate Reports for Lebanon, TN

NOAA style reports

NOAA-style Climate Reports

2018: Jan | Feb | Mar | Apr | May | Jun | Jul | Aug | Sep | Oct | Nov | Dec 
2017: Jan | Feb | Mar | Apr | May | Jun | Jul | Aug | Sep | Oct | Nov | Dec 
2016: Jan | Feb | Mar | Apr | May | Jun | Jul | Aug | Sep | Oct | Nov | Dec 
2015: Jan | Feb | Mar | Apr | May | Jun | Jul | Aug | Sep | Oct | Nov | Dec 
2014: Jan | Feb | Mar | Apr | May | Jun | Jul | Aug | Sep | Oct | Nov | Dec 
2013: Jan | Feb | Mar | Apr | May | Jun | Jul | Aug | Sep | Oct | Nov | Dec 
2012: Jan | Feb | Mar | Apr | May | Jun | Jul | Aug | Sep | Oct | Nov | Dec 
2011: Jan | Feb | Mar | Apr | May | Jun | Jul | Aug | Sep | Oct | Nov | Dec 
2010: Jan | Feb | Mar | Apr | May | Jun | Jul | Aug | Sep | Oct | Nov | Dec 
2009: Jan | Feb | Mar | Apr | May | Jun | Jul | Aug | Sep | Oct | Nov | Dec 
2008: Jan | Feb | Mar | Apr | May | Jun | Jul | Aug | Sep | Oct | Nov | Dec 
2007: Jan | Feb | Mar | Apr | May | Jun | Jul | Aug | Sep | Oct | Nov | Dec 
2006: Jan | Feb | Mar | Apr | May | Jun | Jul | Aug | Sep | Oct | Nov | Dec 
2005: Jan | Feb | Mar | Apr | May | Jun | Jul | Aug | Sep | Oct | Nov | Dec 
2004: Jan | Feb | Mar | Apr | May | Jun | Jul | Aug | Sep | Oct | Nov | Dec 
2003: Jan | Feb | Mar | Apr | May | Jun | Jul | Aug | Sep | Oct | Nov | Dec 
2002: Jan | Feb | Mar | Apr | May | Jun | Jul | Aug | Sep | Oct | Nov | Dec 
2001: Jan | Feb | Mar | Apr | May | Jun | Jul | Aug | Sep | Oct | Nov | Dec 
2000: Jan | Feb | Mar | Apr | May | Jun | Jul | Aug | Sep | Oct | Nov | Dec 
1999: Jan | Feb | Mar | Apr | May | Jun | Jul | Aug | Sep | Oct | Nov | Dec 
1998: Jan | Feb | Mar | Apr | May | Jun | Jul | Aug | Sep | Oct | Nov | Dec 
1997: Jan | Feb | Mar | Apr | May | Jun | Jul | Aug | Sep | Oct | Nov | Dec 
1996: Jan | Feb | Mar | Apr | May | Jun | Jul | Aug | Sep | Oct | Nov | Dec 
1995: Jan | Feb | Mar | Apr | May | Jun | Jul | Aug | Sep | Oct | Nov | Dec 

Report for 2002 10
MONTHLY CLIMATOLOGICAL SUMMARY for OCT. 2002 NAME: HornSpri CITY: Lebanon STATE: TN ELEV: 612 ft LAT: 36 14' 05" N LONG: 86 22' 55" W TEMPERATURE (F), RAIN (in), WIND SPEED (mph) HEAT COOL AVG MEAN DEG DEG WIND DOM DAY TEMP HIGH TIME LOW TIME DAYS DAYS RAIN SPEED HIGH TIME DIR ------------------------------------------------------------------------------------ 1 71.1 75.8 15:45 66.4 4:40 0.0 6.1 0.63 0.6 10.0 10:15 SSW 2 75.6 87.6 17:15 63.5 6:50 0.0 10.6 0.00 0.5 12.0 11:05 WSW 3 75.6 84.5 13:15 66.6 7:00 0.0 10.6 0.00 0.7 10.0 12:40 ESE 4 76.1 82.2 16:45 70.1 0:10 0.0 11.1 0.59 4.2 31.0 9:45 WSW 5 64.2 74.2 14:00 54.2 22:25 0.8 0.0 0.00 2.4 16.0 2:35 N 6 64.5 79.6 12:55 49.4 6:40 0.5 0.0 0.00 1.4 16.0 11:20 WSW 7 57.9 67.8 14:25 48.0 23:40 7.1 0.0 0.12 2.3 16.0 16:05 N 8 59.0 72.1 16:45 46.0 3:40 6.0 0.0 0.00 0.6 8.0 13:20 NNE 9 64.3 69.4 12:30 59.2 2:15 0.7 0.0 0.08 0.1 6.0 11:10 E 10 65.4 66.9 16:55 63.9 5:45 0.0 0.4 2.70 1.4 14.0 16:30 ESE 11 70.3 74.9 15:15 65.6 3:05 0.0 5.3 0.09 0.3 8.0 2:45 WSW 12 71.1 79.4 13:40 62.7 23:25 0.0 6.1 0.00 0.8 10.0 13:15 WSW 13 55.2 63.9 14:15 46.5 23:55 9.8 0.0 0.00 4.6 22.0 5:25 N 14 53.7 66.1 15:15 41.2 7:10 11.3 0.0 0.00 2.4 16.0 12:20 NNE 15 57.8 62.1 11:20 53.5 23:55 7.2 0.0 0.12 0.8 12.0 20:00 NNW 16 50.6 60.1 14:05 41.1 00:00 14.4 0.0 0.01 2.8 18.0 11:40 NNW 17 49.9 61.5 13:05 38.3 6:05 15.1 0.0 0.00 1.6 19.0 11:45 WSW 18 54.3 68.6 15:40 40.1 1:20 10.7 0.0 0.00 1.0 14.0 13:30 WSW 19 59.9 64.8 13:00 55.0 8:00 5.1 0.0 0.16 1.7 17.0 12:40 SSW 20 54.9 58.4 2:35 51.4 23:20 10.1 0.0 0.06 1.6 11.0 13:35 N 21 53.2 59.3 16:05 47.0 23:55 11.8 0.0 0.00 0.3 8.0 3:40 NNW 22 55.7 66.8 14:20 44.5 7:20 9.3 0.0 0.01 0.6 8.0 12:30 N 23 57.8 72.0 13:45 43.5 4:05 7.3 0.0 0.00 1.3 11.0 18:35 E 24 59.3 64.7 15:50 53.8 7:10 5.8 0.0 0.00 0.8 8.0 23:45 NE 25 60.8 63.7 14:50 58.0 6:20 4.2 0.0 0.01 1.1 12.0 12:40 WSW 26 61.7 66.4 14:20 56.9 23:55 3.3 0.0 0.04 1.9 12.0 15:25 N 27 59.6 64.7 14:45 54.5 5:55 5.4 0.0 0.00 1.9 12.0 21:10 N 28 58.5 63.1 15:15 53.9 7:45 6.5 0.0 0.02 1.6 12.0 6:55 NE 29 61.5 70.9 15:45 52.0 23:55 3.5 0.0 0.25 2.9 21.0 10:30 WSW 30 49.0 52.0 0:05 46.1 23:35 16.0 0.0 0.00 2.5 13.0 7:45 NNW 31 48.4 51.6 14:00 45.2 5:35 16.6 0.0 0.00 1.1 12.0 19:40 NNW ------------------------------------------------------------------------------------- 60.5 87.6 2 38.3 17 188.4 50.1 4.89 1.5 31.0 4 N Max >= 90.0: 0 Max <= 32.0: 0 Min <= 32.0: 0 Min <= 0.0: 0 Max Rain: 2.70 ON 10/10/02 Days of Rain: 12 (>.01 in) 7 (>.1 in) 1 (>1 in) Heat Base: 65.0 Cool Base: 65.0 Method: (High + Low) / 2