Warning: file(http://www.wunderground.com/climate/extremes.asp): failed to open stream: HTTP request failed! HTTP/1.0 500 Internal Server Error in /homepages/6/d330860172/htdocs/usaextremes.php on line 55

Warning: implode(): Invalid arguments passed in /homepages/6/d330860172/htdocs/usaextremes.php on line 55

NOAA Style Climate Reports for Lebanon, TN

NOAA style reports

NOAA-style Climate Reports

2018: Jan | Feb | Mar | Apr | May | Jun | Jul | Aug | Sep | Oct | Nov | Dec 
2017: Jan | Feb | Mar | Apr | May | Jun | Jul | Aug | Sep | Oct | Nov | Dec 
2016: Jan | Feb | Mar | Apr | May | Jun | Jul | Aug | Sep | Oct | Nov | Dec 
2015: Jan | Feb | Mar | Apr | May | Jun | Jul | Aug | Sep | Oct | Nov | Dec 
2014: Jan | Feb | Mar | Apr | May | Jun | Jul | Aug | Sep | Oct | Nov | Dec 
2013: Jan | Feb | Mar | Apr | May | Jun | Jul | Aug | Sep | Oct | Nov | Dec 
2012: Jan | Feb | Mar | Apr | May | Jun | Jul | Aug | Sep | Oct | Nov | Dec 
2011: Jan | Feb | Mar | Apr | May | Jun | Jul | Aug | Sep | Oct | Nov | Dec 
2010: Jan | Feb | Mar | Apr | May | Jun | Jul | Aug | Sep | Oct | Nov | Dec 
2009: Jan | Feb | Mar | Apr | May | Jun | Jul | Aug | Sep | Oct | Nov | Dec 
2008: Jan | Feb | Mar | Apr | May | Jun | Jul | Aug | Sep | Oct | Nov | Dec 
2007: Jan | Feb | Mar | Apr | May | Jun | Jul | Aug | Sep | Oct | Nov | Dec 
2006: Jan | Feb | Mar | Apr | May | Jun | Jul | Aug | Sep | Oct | Nov | Dec 
2005: Jan | Feb | Mar | Apr | May | Jun | Jul | Aug | Sep | Oct | Nov | Dec 
2004: Jan | Feb | Mar | Apr | May | Jun | Jul | Aug | Sep | Oct | Nov | Dec 
2003: Jan | Feb | Mar | Apr | May | Jun | Jul | Aug | Sep | Oct | Nov | Dec 
2002: Jan | Feb | Mar | Apr | May | Jun | Jul | Aug | Sep | Oct | Nov | Dec 
2001: Jan | Feb | Mar | Apr | May | Jun | Jul | Aug | Sep | Oct | Nov | Dec 
2000: Jan | Feb | Mar | Apr | May | Jun | Jul | Aug | Sep | Oct | Nov | Dec 
1999: Jan | Feb | Mar | Apr | May | Jun | Jul | Aug | Sep | Oct | Nov | Dec 
1998: Jan | Feb | Mar | Apr | May | Jun | Jul | Aug | Sep | Oct | Nov | Dec 
1997: Jan | Feb | Mar | Apr | May | Jun | Jul | Aug | Sep | Oct | Nov | Dec 
1996: Jan | Feb | Mar | Apr | May | Jun | Jul | Aug | Sep | Oct | Nov | Dec 
1995: Jan | Feb | Mar | Apr | May | Jun | Jul | Aug | Sep | Oct | Nov | Dec 

Report for 2002 11
MONTHLY CLIMATOLOGICAL SUMMARY for NOV. 2002 NAME: HornSpri CITY: Lebanon STATE: TN ELEV: 612 ft LAT: 36 14' 05" N LONG: 86 22' 55" W TEMPERATURE (F), RAIN (in), WIND SPEED (mph) HEAT COOL AVG MEAN DEG DEG WIND DOM DAY TEMP HIGH TIME LOW TIME DAYS DAYS RAIN SPEED HIGH TIME DIR ------------------------------------------------------------------------------------ 1 40.2 49.5 14:35 30.9 23:55 24.8 0.0 0.00 2.1 14.0 8:20 NNW 2 37.9 49.4 14:25 26.4 6:15 27.1 0.0 0.00 1.0 11.0 12:50 WSW 3 43.8 46.8 10:45 40.8 1:40 21.2 0.0 0.24 0.3 8.0 8:25 ESE 4 47.5 49.9 14:10 45.1 7:00 17.5 0.0 0.01 0.9 10.0 3:35 NNW 5 52.1 59.0 12:55 45.2 0:35 12.9 0.0 0.84 3.4 19.0 11:40 ESE 6 41.6 47.6 15:00 35.6 00:00 23.4 0.0 0.00 3.7 21.0 9:15 NW 7 45.3 58.7 14:35 31.9 4:05 19.7 0.0 0.00 1.2 13.0 13:55 WSW 8 53.6 65.3 12:40 41.9 6:35 11.4 0.0 0.00 4.4 21.0 10:45 SSW 9 61.9 70.1 13:15 53.8 4:10 3.1 0.0 0.03 6.4 29.0 22:10 SSW 10 67.3 79.4 12:15 55.1 23:40 0.0 2.3 0.41 6.8 30.0 2:10 SSW 11 55.8 64.7 13:05 47.0 7:00 9.2 0.0 0.01 1.4 13.0 21:40 N 12 46.8 53.1 12:25 40.6 6:50 18.2 0.0 0.00 5.2 19.0 13:00 N 13 43.5 55.9 13:00 31.0 6:35 21.5 0.0 0.00 1.0 11.0 2:20 WSW 14 47.8 59.2 13:40 36.3 4:15 17.3 0.0 0.00 2.1 19.0 11:20 SSW 15 49.7 53.3 5:05 46.0 23:40 15.3 0.0 0.91 2.5 18.0 4:30 SSE 16 41.8 46.0 0:05 37.6 23:55 23.2 0.0 0.00 6.2 20.0 16:45 N 17 33.8 42.2 11:30 25.4 23:50 31.2 0.0 0.00 4.6 20.0 2:45 NNW 18 42.5 60.5 12:50 24.5 4:35 22.5 0.0 0.01 3.3 19.0 23:05 SSW 19 49.3 61.2 13:15 37.5 22:40 15.7 0.0 0.06 1.8 18.0 3:00 SW 20 51.0 63.7 13:25 38.3 1:55 14.0 0.0 0.00 1.4 14.0 14:15 SSW 21 52.3 63.1 13:10 41.5 23:55 12.7 0.0 0.02 5.7 35.0 18:25 WSW 22 33.3 41.6 9:50 25.1 23:50 31.7 0.0 0.00 5.4 25.0 0:40 NNW 23 37.5 51.9 14:05 23.0 5:20 27.5 0.0 0.00 1.9 16.0 13:55 SW 24 49.6 62.6 13:00 36.6 3:30 15.4 0.0 0.00 1.6 11.0 9:50 SSW 25 41.8 47.6 12:25 35.9 6:25 23.3 0.0 0.00 2.8 17.0 5:30 N 26 36.8 40.6 11:15 33.1 00:00 28.2 0.0 0.11 2.9 16.0 15:45 N 27 33.7 37.0 12:45 30.3 00:00 31.3 0.0 0.01 2.9 14.0 1:15 N 28 32.8 40.3 13:05 25.3 2:15 32.2 0.0 0.00 1.3 13.0 12:25 WSW 29 43.7 57.3 15:20 30.1 1:40 21.3 0.0 0.00 7.4 26.0 11:15 SW 30 38.8 51.0 11:35 26.6 23:55 26.2 0.0 0.00 7.5 30.0 10:35 NNW ------------------------------------------------------------------------------------- 45.1 79.4 10 23.0 23 598.8 2.3 2.66 3.3 35.0 21 SSW Max >= 90.0: 0 Max <= 32.0: 0 Min <= 32.0: 12 Min <= 0.0: 0 Max Rain: 0.91 ON 11/15/02 Days of Rain: 8 (>.01 in) 5 (>.1 in) 0 (>1 in) Heat Base: 65.0 Cool Base: 65.0 Method: (High + Low) / 2