Warning: file(http://www.wunderground.com/climate/extremes.asp): failed to open stream: HTTP request failed! HTTP/1.0 500 Internal Server Error in /homepages/6/d330860172/htdocs/usaextremes.php on line 55

Warning: implode(): Invalid arguments passed in /homepages/6/d330860172/htdocs/usaextremes.php on line 55

NOAA Style Climate Reports for Lebanon, TN

NOAA style reports

NOAA-style Climate Reports

2018: Jan | Feb | Mar | Apr | May | Jun | Jul | Aug | Sep | Oct | Nov | Dec 
2017: Jan | Feb | Mar | Apr | May | Jun | Jul | Aug | Sep | Oct | Nov | Dec 
2016: Jan | Feb | Mar | Apr | May | Jun | Jul | Aug | Sep | Oct | Nov | Dec 
2015: Jan | Feb | Mar | Apr | May | Jun | Jul | Aug | Sep | Oct | Nov | Dec 
2014: Jan | Feb | Mar | Apr | May | Jun | Jul | Aug | Sep | Oct | Nov | Dec 
2013: Jan | Feb | Mar | Apr | May | Jun | Jul | Aug | Sep | Oct | Nov | Dec 
2012: Jan | Feb | Mar | Apr | May | Jun | Jul | Aug | Sep | Oct | Nov | Dec 
2011: Jan | Feb | Mar | Apr | May | Jun | Jul | Aug | Sep | Oct | Nov | Dec 
2010: Jan | Feb | Mar | Apr | May | Jun | Jul | Aug | Sep | Oct | Nov | Dec 
2009: Jan | Feb | Mar | Apr | May | Jun | Jul | Aug | Sep | Oct | Nov | Dec 
2008: Jan | Feb | Mar | Apr | May | Jun | Jul | Aug | Sep | Oct | Nov | Dec 
2007: Jan | Feb | Mar | Apr | May | Jun | Jul | Aug | Sep | Oct | Nov | Dec 
2006: Jan | Feb | Mar | Apr | May | Jun | Jul | Aug | Sep | Oct | Nov | Dec 
2005: Jan | Feb | Mar | Apr | May | Jun | Jul | Aug | Sep | Oct | Nov | Dec 
2004: Jan | Feb | Mar | Apr | May | Jun | Jul | Aug | Sep | Oct | Nov | Dec 
2003: Jan | Feb | Mar | Apr | May | Jun | Jul | Aug | Sep | Oct | Nov | Dec 
2002: Jan | Feb | Mar | Apr | May | Jun | Jul | Aug | Sep | Oct | Nov | Dec 
2001: Jan | Feb | Mar | Apr | May | Jun | Jul | Aug | Sep | Oct | Nov | Dec 
2000: Jan | Feb | Mar | Apr | May | Jun | Jul | Aug | Sep | Oct | Nov | Dec 
1999: Jan | Feb | Mar | Apr | May | Jun | Jul | Aug | Sep | Oct | Nov | Dec 
1998: Jan | Feb | Mar | Apr | May | Jun | Jul | Aug | Sep | Oct | Nov | Dec 
1997: Jan | Feb | Mar | Apr | May | Jun | Jul | Aug | Sep | Oct | Nov | Dec 
1996: Jan | Feb | Mar | Apr | May | Jun | Jul | Aug | Sep | Oct | Nov | Dec 
1995: Jan | Feb | Mar | Apr | May | Jun | Jul | Aug | Sep | Oct | Nov | Dec 

Report for 2002 12
MONTHLY CLIMATOLOGICAL SUMMARY for DEC. 2002 NAME: HornSpri CITY: Lebanon STATE: TN ELEV: 612 ft LAT: 36 14' 05" N LONG: 86 22' 55" W TEMPERATURE (F), RAIN (in), WIND SPEED (mph) HEAT COOL AVG MEAN DEG DEG WIND DOM DAY TEMP HIGH TIME LOW TIME DAYS DAYS RAIN SPEED HIGH TIME DIR ------------------------------------------------------------------------------------ 1 37.0 52.0 0:08 22.0 0:08 28.0 0.0 0.00 --- --- --- --- 2 30.0 38.0 0:08 22.0 0:08 35.0 0.0 0.00 --- --- --- --- 3 4 35.0 39.0 0:08 31.0 0:08 30.0 0.0 0.22 --- --- --- --- 5 35.0 39.0 0:08 31.0 0:08 30.0 0.0 1.72 --- --- --- --- 6 7 27.5 36.0 0:08 19.0 0:08 37.5 0.0 0.00 --- --- --- --- 8 35.5 48.0 0:08 23.0 0:08 29.5 0.0 0.00 --- --- --- --- 9 36.5 48.0 0:08 25.0 0:08 28.5 0.0 0.00 --- --- --- --- 10 39.0 52.0 0:08 26.0 0:08 26.0 0.0 0.04 --- --- --- --- 11 38.5 42.0 0:08 35.0 0:08 26.5 0.0 1.58 --- --- --- --- 12 13 40.0 42.0 0:08 38.0 0:08 25.0 0.0 0.03 --- --- --- --- 14 41.0 46.0 0:08 36.0 0:08 24.0 0.0 0.06 --- --- --- --- 15 36.5 45.0 0:08 28.0 0:08 28.5 0.0 0.06 --- --- --- --- 16 43.0 58.0 0:08 28.0 0:08 22.0 0.0 0.00 --- --- --- --- 17 50.0 62.0 0:08 38.0 0:08 15.0 0.0 0.00 --- --- --- --- 18 56.0 62.0 0:08 50.0 0:08 9.0 0.0 0.11 --- --- --- --- 19 57.0 64.0 0:08 50.0 0:08 8.0 0.0 0.00 --- --- --- --- 20 48.5 60.0 0:08 37.0 0:08 16.5 0.0 1.06 --- --- --- --- 21 42.5 52.0 0:08 33.0 0:08 22.5 0.0 0.00 --- --- --- --- 22 23 40.5 53.0 0:08 28.0 0:08 24.5 0.0 0.00 --- --- --- --- 24 38.5 48.0 0:08 29.0 0:08 26.5 0.0 0.68 --- --- --- --- 25 37.5 46.0 0:08 29.0 0:08 27.5 0.0 0.13 --- --- --- --- 26 29.5 30.0 0:08 29.0 0:08 35.5 0.0 0.00 --- --- --- --- 27 27.0 35.0 0:08 19.0 0:08 38.0 0.0 0.00 --- --- --- --- 28 31.0 43.0 0:08 19.0 0:08 34.0 0.0 0.00 --- --- --- --- 29 42.0 54.0 0:08 30.0 0:08 23.0 0.0 0.00 --- --- --- --- 30 50.5 62.0 0:08 39.0 0:08 14.5 0.0 0.00 --- --- --- --- 31 55.5 62.0 0:08 49.0 0:08 9.5 0.0 0.00 --- --- --- --- ------------------------------------------------------------------------------------- 40.0 64.0 19 19.0 7 674.5 0.0 5.69 --- --- --- --- Max >= 90.0: 0 Max <= 32.0: 1 Min <= 32.0: 17 Min <= 0.0: 0 Max Rain: 1.72 ON 12/05/02 Days of Rain: 11 (>.01 in) 7 (>.1 in) 3 (>1 in) Heat Base: 65.0 Cool Base: 65.0 Method: (High + Low) / 2