Warning: file(http://www.wunderground.com/climate/extremes.asp): failed to open stream: HTTP request failed! HTTP/1.0 500 Internal Server Error in /homepages/6/d330860172/htdocs/usaextremes.php on line 55

Warning: implode(): Invalid arguments passed in /homepages/6/d330860172/htdocs/usaextremes.php on line 55

NOAA Style Climate Reports for Lebanon, TN

NOAA style reports

NOAA-style Climate Reports

2018: Jan | Feb | Mar | Apr | May | Jun | Jul | Aug | Sep | Oct | Nov | Dec 
2017: Jan | Feb | Mar | Apr | May | Jun | Jul | Aug | Sep | Oct | Nov | Dec 
2016: Jan | Feb | Mar | Apr | May | Jun | Jul | Aug | Sep | Oct | Nov | Dec 
2015: Jan | Feb | Mar | Apr | May | Jun | Jul | Aug | Sep | Oct | Nov | Dec 
2014: Jan | Feb | Mar | Apr | May | Jun | Jul | Aug | Sep | Oct | Nov | Dec 
2013: Jan | Feb | Mar | Apr | May | Jun | Jul | Aug | Sep | Oct | Nov | Dec 
2012: Jan | Feb | Mar | Apr | May | Jun | Jul | Aug | Sep | Oct | Nov | Dec 
2011: Jan | Feb | Mar | Apr | May | Jun | Jul | Aug | Sep | Oct | Nov | Dec 
2010: Jan | Feb | Mar | Apr | May | Jun | Jul | Aug | Sep | Oct | Nov | Dec 
2009: Jan | Feb | Mar | Apr | May | Jun | Jul | Aug | Sep | Oct | Nov | Dec 
2008: Jan | Feb | Mar | Apr | May | Jun | Jul | Aug | Sep | Oct | Nov | Dec 
2007: Jan | Feb | Mar | Apr | May | Jun | Jul | Aug | Sep | Oct | Nov | Dec 
2006: Jan | Feb | Mar | Apr | May | Jun | Jul | Aug | Sep | Oct | Nov | Dec 
2005: Jan | Feb | Mar | Apr | May | Jun | Jul | Aug | Sep | Oct | Nov | Dec 
2004: Jan | Feb | Mar | Apr | May | Jun | Jul | Aug | Sep | Oct | Nov | Dec 
2003: Jan | Feb | Mar | Apr | May | Jun | Jul | Aug | Sep | Oct | Nov | Dec 
2002: Jan | Feb | Mar | Apr | May | Jun | Jul | Aug | Sep | Oct | Nov | Dec 
2001: Jan | Feb | Mar | Apr | May | Jun | Jul | Aug | Sep | Oct | Nov | Dec 
2000: Jan | Feb | Mar | Apr | May | Jun | Jul | Aug | Sep | Oct | Nov | Dec 
1999: Jan | Feb | Mar | Apr | May | Jun | Jul | Aug | Sep | Oct | Nov | Dec 
1998: Jan | Feb | Mar | Apr | May | Jun | Jul | Aug | Sep | Oct | Nov | Dec 
1997: Jan | Feb | Mar | Apr | May | Jun | Jul | Aug | Sep | Oct | Nov | Dec 
1996: Jan | Feb | Mar | Apr | May | Jun | Jul | Aug | Sep | Oct | Nov | Dec 
1995: Jan | Feb | Mar | Apr | May | Jun | Jul | Aug | Sep | Oct | Nov | Dec 

Report for 2003 01
MONTHLY CLIMATOLOGICAL SUMMARY for JAN. 2003 NAME: HornSpri CITY: Lebanon STATE: TN ELEV: 612 ft LAT: 36 14' 05" N LONG: 86 22' 55" W TEMPERATURE (F), RAIN (in), WIND SPEED (mph) HEAT COOL AVG MEAN DEG DEG WIND DOM DAY TEMP HIGH TIME LOW TIME DAYS DAYS RAIN SPEED HIGH TIME DIR ------------------------------------------------------------------------------------ 1 48.9 56.5 10:45 41.3 23:41 16.1 0.0 0.27 2.8 18.0 4:01 NNW 2 41.0 47.7 12:06 34.3 23:28 24.0 0.0 0.23 3.1 24.0 19:21 NNW 3 31.2 34.3 0:01 28.1 23:59 33.8 0.0 0.00 4.9 20.0 1:36 NW 4 31.5 43.3 15:30 19.7 6:53 33.5 0.0 0.00 1.7 13.0 15:04 SSW 5 45.5 51.7 14:04 39.2 23:50 19.5 0.0 0.00 3.3 13.0 11:01 SW 6 32.2 39.8 2:49 24.5 00:00 32.8 0.0 0.00 5.2 22.0 2:52 NNW 7 32.2 44.3 15:21 20.0 7:11 32.8 0.0 0.00 4.0 25.0 22:19 WSW 8 45.3 59.2 15:21 31.3 6:58 19.8 0.0 0.00 5.4 22.0 19:56 SW 9 50.8 62.6 14:27 38.9 00:00 14.3 0.0 0.01 4.7 26.0 20:26 SW 10 29.5 39.1 0:01 20.0 00:00 35.5 0.0 0.00 4.5 22.0 11:09 NW 11 24.0 32.8 14:40 15.2 6:42 41.0 0.0 0.00 3.2 19.0 10:24 NNW 12 23.7 31.5 15:12 15.9 7:18 41.3 0.0 0.00 1.2 12.0 0:13 N 13 33.2 44.3 15:21 22.1 2:08 31.8 0.0 0.00 1.7 14.0 12:22 WSW 14 31.6 40.1 14:36 23.2 22:17 33.3 0.0 0.00 3.7 21.0 10:50 NNW 15 22.3 32.1 15:01 12.4 6:59 42.8 0.0 0.00 0.7 10.0 13:05 ESE 16 27.2 30.9 9:21 23.5 0:01 37.8 0.0 0.40 3.4 25.0 23:16 ESE 17 12.4 24.4 0:01 0.5 23:55 52.5 0.0 0.00 3.3 18.0 9:36 NW 18 10.9 26.4 14:21 -4.6 6:32 54.1 0.0 0.00 3.1 22.0 14:44 SW 19 28.0 40.2 23:53 15.9 6:28 37.0 0.0 0.00 4.8 22.0 23:40 SW 20 44.1 55.7 15:15 32.4 6:46 20.9 0.0 0.00 4.4 26.0 0:52 SW 21 35.9 45.8 0:15 26.0 23:57 29.1 0.0 0.26 4.3 19.0 11:14 N 22 24.6 33.8 12:19 15.4 00:00 40.4 0.0 0.00 6.6 24.0 18:37 N 23 9.1 15.4 0:01 2.8 23:39 55.9 0.0 0.00 7.5 28.0 2:21 NNW 24 9.1 20.3 14:58 -2.0 5:51 55.8 0.0 0.01 0.7 11.0 15:32 E 25 25.9 34.7 15:01 17.0 1:23 39.2 0.0 0.00 0.8 14.0 13:38 WSW 26 26.9 37.6 12:38 16.2 23:57 38.1 0.0 0.01 4.8 27.0 14:09 NNW 27 20.3 31.3 16:19 9.2 5:33 44.8 0.0 0.00 2.0 14.0 1:10 SSE 28 39.0 48.5 12:53 29.4 0:05 26.0 0.0 0.15 4.3 20.0 21:25 SSW 29 42.0 48.9 6:55 35.0 23:50 23.0 0.0 0.47 5.5 20.0 15:20 N 30 32.3 35.0 0:01 29.7 23:48 32.7 0.0 0.00 3.0 16.0 4:39 N 31 38.2 47.6 13:30 28.8 4:09 26.8 0.0 0.03 3.3 18.0 13:45 WSW ------------------------------------------------------------------------------------- 30.6 62.6 9 -4.6 18 1066.4 0.0 1.84 3.6 28.0 23 NNW Max >= 90.0: 0 Max <= 32.0: 7 Min <= 32.0: 25 Min <= 0.0: 2 Max Rain: 0.47 ON 01/29/03 Days of Rain: 7 (>.01 in) 6 (>.1 in) 0 (>1 in) Heat Base: 65.0 Cool Base: 65.0 Method: (High + Low) / 2