Warning: file(http://www.wunderground.com/climate/extremes.asp): failed to open stream: HTTP request failed! HTTP/1.0 500 Internal Server Error in /homepages/6/d330860172/htdocs/usaextremes.php on line 55

Warning: implode(): Invalid arguments passed in /homepages/6/d330860172/htdocs/usaextremes.php on line 55

NOAA Style Climate Reports for Lebanon, TN

NOAA style reports

NOAA-style Climate Reports

2018: Jan | Feb | Mar | Apr | May | Jun | Jul | Aug | Sep | Oct | Nov | Dec 
2017: Jan | Feb | Mar | Apr | May | Jun | Jul | Aug | Sep | Oct | Nov | Dec 
2016: Jan | Feb | Mar | Apr | May | Jun | Jul | Aug | Sep | Oct | Nov | Dec 
2015: Jan | Feb | Mar | Apr | May | Jun | Jul | Aug | Sep | Oct | Nov | Dec 
2014: Jan | Feb | Mar | Apr | May | Jun | Jul | Aug | Sep | Oct | Nov | Dec 
2013: Jan | Feb | Mar | Apr | May | Jun | Jul | Aug | Sep | Oct | Nov | Dec 
2012: Jan | Feb | Mar | Apr | May | Jun | Jul | Aug | Sep | Oct | Nov | Dec 
2011: Jan | Feb | Mar | Apr | May | Jun | Jul | Aug | Sep | Oct | Nov | Dec 
2010: Jan | Feb | Mar | Apr | May | Jun | Jul | Aug | Sep | Oct | Nov | Dec 
2009: Jan | Feb | Mar | Apr | May | Jun | Jul | Aug | Sep | Oct | Nov | Dec 
2008: Jan | Feb | Mar | Apr | May | Jun | Jul | Aug | Sep | Oct | Nov | Dec 
2007: Jan | Feb | Mar | Apr | May | Jun | Jul | Aug | Sep | Oct | Nov | Dec 
2006: Jan | Feb | Mar | Apr | May | Jun | Jul | Aug | Sep | Oct | Nov | Dec 
2005: Jan | Feb | Mar | Apr | May | Jun | Jul | Aug | Sep | Oct | Nov | Dec 
2004: Jan | Feb | Mar | Apr | May | Jun | Jul | Aug | Sep | Oct | Nov | Dec 
2003: Jan | Feb | Mar | Apr | May | Jun | Jul | Aug | Sep | Oct | Nov | Dec 
2002: Jan | Feb | Mar | Apr | May | Jun | Jul | Aug | Sep | Oct | Nov | Dec 
2001: Jan | Feb | Mar | Apr | May | Jun | Jul | Aug | Sep | Oct | Nov | Dec 
2000: Jan | Feb | Mar | Apr | May | Jun | Jul | Aug | Sep | Oct | Nov | Dec 
1999: Jan | Feb | Mar | Apr | May | Jun | Jul | Aug | Sep | Oct | Nov | Dec 
1998: Jan | Feb | Mar | Apr | May | Jun | Jul | Aug | Sep | Oct | Nov | Dec 
1997: Jan | Feb | Mar | Apr | May | Jun | Jul | Aug | Sep | Oct | Nov | Dec 
1996: Jan | Feb | Mar | Apr | May | Jun | Jul | Aug | Sep | Oct | Nov | Dec 
1995: Jan | Feb | Mar | Apr | May | Jun | Jul | Aug | Sep | Oct | Nov | Dec 

Report for 2003 02
MONTHLY CLIMATOLOGICAL SUMMARY for FEB. 2003 NAME: HornSpri CITY: Lebanon STATE: TN ELEV: 612 ft LAT: 36 14' 05" N LONG: 86 22' 55" W TEMPERATURE (F), RAIN (in), WIND SPEED (mph) HEAT COOL AVG MEAN DEG DEG WIND DOM DAY TEMP HIGH TIME LOW TIME DAYS DAYS RAIN SPEED HIGH TIME DIR ------------------------------------------------------------------------------------ 1 42.1 47.6 15:45 36.6 18:55 22.9 0.0 0.00 3.8 21.0 5:37 WNW 2 52.9 69.3 15:07 36.5 2:36 12.1 0.0 0.00 5.0 22.0 13:39 SSW 3 53.1 58.9 10:24 47.3 23:58 11.9 0.0 0.77 7.6 32.0 23:06 SSW 4 35.3 47.3 0:01 23.2 23:53 29.8 0.0 0.00 6.5 28.0 0:31 WNW 5 27.9 38.6 14:26 17.2 6:52 37.1 0.0 0.00 0.8 9.0 8:49 N 6 35.4 39.9 10:54 30.9 3:58 29.6 0.0 0.20 1.1 13.0 10:20 ESE 7 24.9 32.8 0:01 17.0 23:57 40.1 0.0 0.00 5.4 19.0 5:09 NNW 8 20.7 32.2 15:41 9.2 6:47 44.3 0.0 0.00 1.9 14.0 11:21 SW 9 30.6 40.3 10:57 21.0 3:20 34.3 0.0 0.23 0.7 13.0 12:25 WSW 10 31.8 36.0 11:52 27.5 23:30 33.3 0.0 0.00 3.4 18.0 11:42 WSW 11 39.5 51.6 13:28 27.5 0:01 25.5 0.0 0.00 5.7 26.0 10:57 SW 12 33.3 43.5 15:59 23.2 23:38 31.7 0.0 0.00 3.2 20.0 7:26 NW 13 38.1 56.0 15:52 20.2 6:32 26.9 0.0 0.00 1.6 18.0 13:25 SSW 14 45.5 53.6 23:58 37.5 0:01 19.5 0.0 2.26 5.1 21.0 16:49 SSW 15 49.0 59.0 15:44 38.9 23:51 16.0 0.0 1.92 4.2 20.0 1:39 SSW 16 34.2 38.9 0:01 29.4 23:59 30.8 0.0 0.49 4.2 17.0 2:12 N 17 28.0 29.4 0:01 26.7 6:55 37.0 0.0 0.00 3.2 13.0 11:42 W 18 31.6 35.5 15:49 27.8 6:12 33.3 0.0 0.00 1.7 13.0 2:50 WSW 19 37.8 44.6 11:51 31.0 2:24 27.2 0.0 0.55 1.1 10.0 22:38 ESE 20 42.4 45.5 15:51 39.3 6:03 22.6 0.0 0.10 1.6 10.0 8:19 NE 21 49.6 55.0 14:58 44.2 3:12 15.4 0.0 0.33 1.5 11.0 8:43 SSE 22 46.8 61.8 11:20 31.9 21:40 18.2 0.0 1.22 4.7 32.0 13:40 WNW 23 32.7 34.7 00:00 30.6 6:30 32.3 0.0 0.31 1.4 17.0 23:20 ESE 24 36.5 45.4 4:20 27.6 00:00 28.5 0.0 0.10 5.9 29.0 4:50 N 25 26.4 30.6 15:30 22.1 7:20 38.7 0.0 0.03 4.8 18.0 2:20 N 26 31.9 35.5 16:10 28.2 0:10 33.2 0.0 0.13 2.2 12.0 20:30 NE 27 37.4 40.2 15:10 34.6 0:10 27.6 0.0 0.10 1.8 10.0 3:20 N 28 40.5 45.1 14:50 36.0 2:40 24.5 0.0 0.00 0.4 7.0 7:20 E ------------------------------------------------------------------------------------- 37.0 69.3 2 9.2 8 784.1 0.0 8.74 3.2 32.0 3 SSW Max >= 90.0: 0 Max <= 32.0: 2 Min <= 32.0: 19 Min <= 0.0: 0 Max Rain: 2.26 ON 02/14/03 Days of Rain: 15 (>.01 in) 11 (>.1 in) 3 (>1 in) Heat Base: 65.0 Cool Base: 65.0 Method: (High + Low) / 2