Warning: file(http://www.wunderground.com/climate/extremes.asp): failed to open stream: HTTP request failed! HTTP/1.0 500 Internal Server Error in /homepages/6/d330860172/htdocs/usaextremes.php on line 55

Warning: implode(): Invalid arguments passed in /homepages/6/d330860172/htdocs/usaextremes.php on line 55

NOAA Style Climate Reports for Lebanon, TN

NOAA style reports

NOAA-style Climate Reports

2018: Jan | Feb | Mar | Apr | May | Jun | Jul | Aug | Sep | Oct | Nov | Dec 
2017: Jan | Feb | Mar | Apr | May | Jun | Jul | Aug | Sep | Oct | Nov | Dec 
2016: Jan | Feb | Mar | Apr | May | Jun | Jul | Aug | Sep | Oct | Nov | Dec 
2015: Jan | Feb | Mar | Apr | May | Jun | Jul | Aug | Sep | Oct | Nov | Dec 
2014: Jan | Feb | Mar | Apr | May | Jun | Jul | Aug | Sep | Oct | Nov | Dec 
2013: Jan | Feb | Mar | Apr | May | Jun | Jul | Aug | Sep | Oct | Nov | Dec 
2012: Jan | Feb | Mar | Apr | May | Jun | Jul | Aug | Sep | Oct | Nov | Dec 
2011: Jan | Feb | Mar | Apr | May | Jun | Jul | Aug | Sep | Oct | Nov | Dec 
2010: Jan | Feb | Mar | Apr | May | Jun | Jul | Aug | Sep | Oct | Nov | Dec 
2009: Jan | Feb | Mar | Apr | May | Jun | Jul | Aug | Sep | Oct | Nov | Dec 
2008: Jan | Feb | Mar | Apr | May | Jun | Jul | Aug | Sep | Oct | Nov | Dec 
2007: Jan | Feb | Mar | Apr | May | Jun | Jul | Aug | Sep | Oct | Nov | Dec 
2006: Jan | Feb | Mar | Apr | May | Jun | Jul | Aug | Sep | Oct | Nov | Dec 
2005: Jan | Feb | Mar | Apr | May | Jun | Jul | Aug | Sep | Oct | Nov | Dec 
2004: Jan | Feb | Mar | Apr | May | Jun | Jul | Aug | Sep | Oct | Nov | Dec 
2003: Jan | Feb | Mar | Apr | May | Jun | Jul | Aug | Sep | Oct | Nov | Dec 
2002: Jan | Feb | Mar | Apr | May | Jun | Jul | Aug | Sep | Oct | Nov | Dec 
2001: Jan | Feb | Mar | Apr | May | Jun | Jul | Aug | Sep | Oct | Nov | Dec 
2000: Jan | Feb | Mar | Apr | May | Jun | Jul | Aug | Sep | Oct | Nov | Dec 
1999: Jan | Feb | Mar | Apr | May | Jun | Jul | Aug | Sep | Oct | Nov | Dec 
1998: Jan | Feb | Mar | Apr | May | Jun | Jul | Aug | Sep | Oct | Nov | Dec 
1997: Jan | Feb | Mar | Apr | May | Jun | Jul | Aug | Sep | Oct | Nov | Dec 
1996: Jan | Feb | Mar | Apr | May | Jun | Jul | Aug | Sep | Oct | Nov | Dec 
1995: Jan | Feb | Mar | Apr | May | Jun | Jul | Aug | Sep | Oct | Nov | Dec 

Report for 2003 03
MONTHLY CLIMATOLOGICAL SUMMARY for MAR. 2003 NAME: HornSpri CITY: Lebanon STATE: TN ELEV: 612 ft LAT: 36 14' 05" N LONG: 86 22' 55" W TEMPERATURE (F), RAIN (in), WIND SPEED (mph) HEAT COOL AVG MEAN DEG DEG WIND DOM DAY TEMP HIGH TIME LOW TIME DAYS DAYS RAIN SPEED HIGH TIME DIR ------------------------------------------------------------------------------------ 1 44.6 52.9 14:31 36.3 3:40 20.4 0.0 0.00 0.4 6.0 13:07 E 2 38.8 46.8 0:01 30.9 22:34 26.2 0.0 0.02 3.8 19.0 12:44 NNW 3 34.3 47.1 15:35 21.6 5:56 30.7 0.0 0.00 1.0 11.0 11:28 ESE 4 44.0 62.9 14:40 25.0 5:20 21.0 0.0 0.00 2.7 18.0 23:00 SSW 5 56.6 63.4 14:25 49.8 00:00 8.4 0.0 0.07 3.7 20.0 10:15 SSW 6 41.9 49.8 0:05 34.0 10:45 23.1 0.0 0.05 4.2 19.0 8:35 NNW 7 47.4 61.3 16:50 33.5 4:40 17.6 0.0 0.00 1.4 11.0 12:55 ESE 8 51.4 71.8 13:35 30.9 5:45 13.6 0.0 0.00 3.9 28.0 14:50 SSW 9 43.3 56.9 1:35 29.8 00:00 21.7 0.0 0.00 5.8 20.0 10:15 NNW 10 34.5 45.1 15:55 23.9 6:05 30.5 0.0 0.00 3.6 19.0 7:55 N 11 46.7 59.0 16:45 34.3 6:35 18.3 0.0 0.00 0.9 11.0 14:00 WSW 12 56.3 75.4 16:05 37.3 1:15 8.7 0.0 0.00 4.1 24.0 12:05 SSW 13 60.3 69.9 12:10 50.7 00:00 4.7 0.0 0.00 5.2 27.0 12:20 SSW 14 49.8 55.6 15:40 44.1 6:15 15.2 0.0 0.00 3.5 20.0 2:30 NE 15 56.0 66.4 16:50 45.5 3:50 9.0 0.0 0.00 1.4 16.0 11:05 SSE 16 55.3 67.9 16:30 42.6 6:10 9.8 0.0 0.00 1.1 13.0 13:40 ESE 17 56.8 65.6 15:10 47.9 2:05 8.3 0.0 0.00 1.4 13.0 10:05 ESE 18 60.4 64.8 14:00 55.9 3:10 4.6 0.0 0.36 1.2 10.0 13:45 ESE 19 64.9 75.1 15:15 54.7 23:45 0.1 0.0 1.35 4.1 25.0 7:35 SSW 20 62.6 77.0 13:35 48.2 4:35 2.4 0.0 0.17 3.5 24.0 20:40 SSW 21 53.8 57.3 15:05 50.2 20:50 11.3 0.0 0.02 3.6 19.0 10:40 WSW 22 52.3 65.0 16:30 39.6 6:10 12.7 0.0 0.00 1.8 16.0 12:20 W 23 53.2 68.9 14:45 37.5 3:50 11.8 0.0 0.00 0.7 12.0 12:25 W 24 56.7 75.1 15:30 38.2 5:40 8.3 0.0 0.00 1.9 14.0 10:35 SSW 25 64.7 76.1 13:45 53.3 4:25 0.3 0.0 0.11 4.7 25.0 21:50 SSW 26 51.7 63.2 15:00 40.1 00:00 13.3 0.0 0.14 2.7 17.0 4:55 N 27 56.7 75.4 14:25 37.9 1:55 8.3 0.0 0.00 3.6 25.0 22:40 SSE 28 61.9 75.1 14:55 48.8 00:00 3.1 0.0 0.06 5.6 27.0 21:05 S 29 45.0 50.4 12:35 39.5 5:55 20.0 0.0 0.37 5.2 21.0 1:45 NNW 30 34.6 42.6 14:20 26.6 23:55 30.4 0.0 0.00 5.9 25.0 14:25 NNW 31 42.6 60.5 15:40 24.7 5:40 22.4 0.0 0.00 3.0 22.0 11:15 WSW ------------------------------------------------------------------------------------- 50.9 77.0 20 21.6 3 436.2 0.0 2.72 3.1 28.0 8 SSW Max >= 90.0: 0 Max <= 32.0: 0 Min <= 32.0: 8 Min <= 0.0: 0 Max Rain: 1.35 ON 03/19/03 Days of Rain: 11 (>.01 in) 6 (>.1 in) 1 (>1 in) Heat Base: 65.0 Cool Base: 65.0 Method: (High + Low) / 2