Warning: file(http://www.wunderground.com/climate/extremes.asp): failed to open stream: HTTP request failed! HTTP/1.0 500 Internal Server Error in /homepages/6/d330860172/htdocs/usaextremes.php on line 55

Warning: implode(): Invalid arguments passed in /homepages/6/d330860172/htdocs/usaextremes.php on line 55

NOAA Style Climate Reports for Lebanon, TN

NOAA style reports

NOAA-style Climate Reports

2018: Jan | Feb | Mar | Apr | May | Jun | Jul | Aug | Sep | Oct | Nov | Dec 
2017: Jan | Feb | Mar | Apr | May | Jun | Jul | Aug | Sep | Oct | Nov | Dec 
2016: Jan | Feb | Mar | Apr | May | Jun | Jul | Aug | Sep | Oct | Nov | Dec 
2015: Jan | Feb | Mar | Apr | May | Jun | Jul | Aug | Sep | Oct | Nov | Dec 
2014: Jan | Feb | Mar | Apr | May | Jun | Jul | Aug | Sep | Oct | Nov | Dec 
2013: Jan | Feb | Mar | Apr | May | Jun | Jul | Aug | Sep | Oct | Nov | Dec 
2012: Jan | Feb | Mar | Apr | May | Jun | Jul | Aug | Sep | Oct | Nov | Dec 
2011: Jan | Feb | Mar | Apr | May | Jun | Jul | Aug | Sep | Oct | Nov | Dec 
2010: Jan | Feb | Mar | Apr | May | Jun | Jul | Aug | Sep | Oct | Nov | Dec 
2009: Jan | Feb | Mar | Apr | May | Jun | Jul | Aug | Sep | Oct | Nov | Dec 
2008: Jan | Feb | Mar | Apr | May | Jun | Jul | Aug | Sep | Oct | Nov | Dec 
2007: Jan | Feb | Mar | Apr | May | Jun | Jul | Aug | Sep | Oct | Nov | Dec 
2006: Jan | Feb | Mar | Apr | May | Jun | Jul | Aug | Sep | Oct | Nov | Dec 
2005: Jan | Feb | Mar | Apr | May | Jun | Jul | Aug | Sep | Oct | Nov | Dec 
2004: Jan | Feb | Mar | Apr | May | Jun | Jul | Aug | Sep | Oct | Nov | Dec 
2003: Jan | Feb | Mar | Apr | May | Jun | Jul | Aug | Sep | Oct | Nov | Dec 
2002: Jan | Feb | Mar | Apr | May | Jun | Jul | Aug | Sep | Oct | Nov | Dec 
2001: Jan | Feb | Mar | Apr | May | Jun | Jul | Aug | Sep | Oct | Nov | Dec 
2000: Jan | Feb | Mar | Apr | May | Jun | Jul | Aug | Sep | Oct | Nov | Dec 
1999: Jan | Feb | Mar | Apr | May | Jun | Jul | Aug | Sep | Oct | Nov | Dec 
1998: Jan | Feb | Mar | Apr | May | Jun | Jul | Aug | Sep | Oct | Nov | Dec 
1997: Jan | Feb | Mar | Apr | May | Jun | Jul | Aug | Sep | Oct | Nov | Dec 
1996: Jan | Feb | Mar | Apr | May | Jun | Jul | Aug | Sep | Oct | Nov | Dec 
1995: Jan | Feb | Mar | Apr | May | Jun | Jul | Aug | Sep | Oct | Nov | Dec 

Report for 2003 04
MONTHLY CLIMATOLOGICAL SUMMARY for APR. 2003 NAME: HornSpri CITY: Lebanon STATE: TN ELEV: 612 ft LAT: 36 14' 05" N LONG: 86 22' 55" W TEMPERATURE (F), RAIN (in), WIND SPEED (mph) HEAT COOL AVG MEAN DEG DEG WIND DOM DAY TEMP HIGH TIME LOW TIME DAYS DAYS RAIN SPEED HIGH TIME DIR ------------------------------------------------------------------------------------ 1 60.7 74.9 14:15 46.4 3:15 4.3 0.0 0.00 5.8 24.0 12:30 SSW 2 64.0 74.7 15:25 53.3 5:55 1.0 0.0 0.00 4.9 26.0 8:25 SSW 3 64.4 74.4 14:50 54.5 3:40 0.6 0.0 0.00 3.7 25.0 8:50 SSW 4 69.0 76.0 13:00 62.0 5:15 0.0 4.0 0.00 4.9 28.0 13:15 SSW 5 54.0 66.6 0:10 41.5 00:00 11.0 0.0 0.36 4.1 29.0 1:00 N 6 45.8 52.3 00:00 39.2 4:50 19.3 0.0 0.94 4.1 20.0 11:25 NE 7 64.8 77.4 16:20 52.3 0:05 0.2 0.0 0.14 2.3 20.0 0:25 WSW 8 52.3 57.8 2:45 46.8 23:50 12.7 0.0 0.00 4.4 21.0 19:40 N 9 40.5 46.8 0:05 34.3 21:15 24.5 0.0 0.03 5.4 20.0 11:50 N 10 44.4 53.6 16:55 35.3 0:05 20.6 0.0 0.19 4.5 20.0 11:00 N 11 52.6 68.9 16:55 36.2 6:35 12.4 0.0 0.01 3.0 22.0 12:10 NNW 12 57.9 77.6 16:45 38.2 5:55 7.1 0.0 0.00 1.5 16.0 13:45 NNW 13 58.3 75.4 14:55 41.2 6:35 6.7 0.0 0.00 1.0 11.0 14:45 N 14 64.4 85.1 16:15 43.8 6:25 0.6 0.0 0.00 0.6 11.0 14:50 E 15 69.7 83.8 16:10 55.6 6:20 0.0 4.7 0.00 1.1 20.0 13:25 SW 16 71.3 79.0 15:10 63.7 6:20 0.0 6.3 0.00 2.2 25.0 15:35 SSW 17 64.3 70.1 1:05 58.6 00:00 0.7 0.0 0.57 2.9 21.0 12:05 WSW 18 65.8 76.3 17:40 55.3 2:00 0.0 0.8 0.00 0.7 17.0 13:50 WSW 19 66.2 79.8 14:00 52.5 6:25 0.0 1.2 0.00 1.2 17.0 12:05 ESE 20 71.8 80.3 15:45 63.2 6:20 0.0 6.8 0.01 2.6 22.0 13:25 SSW 21 61.9 70.1 14:45 53.8 6:45 3.1 0.0 0.50 4.1 20.0 15:15 WSW 22 55.0 65.2 16:00 44.8 00:00 10.0 0.0 0.00 4.9 22.0 5:10 NNW 23 52.7 69.4 16:25 36.0 6:00 12.3 0.0 0.00 1.3 14.0 12:30 E 24 55.7 64.3 12:15 47.0 5:55 9.3 0.0 0.09 2.3 17.0 12:15 ESE 25 61.6 69.6 12:00 53.6 0:15 3.4 0.0 0.19 1.6 22.0 9:40 WSW 26 58.6 66.9 17:10 50.2 8:00 6.4 0.0 0.01 2.3 19.0 6:40 N 27 60.9 77.6 14:45 44.3 5:55 4.1 0.0 0.00 0.9 12.0 12:10 ESE 28 64.3 82.0 15:50 46.7 6:10 0.7 0.0 0.00 1.2 16.0 16:35 WSW 29 72.3 86.5 16:15 58.1 6:05 0.0 7.3 0.02 1.0 18.0 18:15 WSW 30 72.6 84.7 16:25 60.4 6:40 0.0 7.6 0.01 1.3 17.0 13:10 WSW ------------------------------------------------------------------------------------- 60.6 86.5 29 34.3 9 170.6 38.6 3.07 2.7 29.0 5 SSW Max >= 90.0: 0 Max <= 32.0: 0 Min <= 32.0: 0 Min <= 0.0: 0 Max Rain: 0.94 ON 04/06/03 Days of Rain: 10 (>.01 in) 7 (>.1 in) 0 (>1 in) Heat Base: 65.0 Cool Base: 65.0 Method: (High + Low) / 2