Warning: file(http://www.wunderground.com/climate/extremes.asp): failed to open stream: HTTP request failed! HTTP/1.0 500 Internal Server Error in /homepages/6/d330860172/htdocs/usaextremes.php on line 55

Warning: implode(): Invalid arguments passed in /homepages/6/d330860172/htdocs/usaextremes.php on line 55

NOAA Style Climate Reports for Lebanon, TN

NOAA style reports

NOAA-style Climate Reports

2018: Jan | Feb | Mar | Apr | May | Jun | Jul | Aug | Sep | Oct | Nov | Dec 
2017: Jan | Feb | Mar | Apr | May | Jun | Jul | Aug | Sep | Oct | Nov | Dec 
2016: Jan | Feb | Mar | Apr | May | Jun | Jul | Aug | Sep | Oct | Nov | Dec 
2015: Jan | Feb | Mar | Apr | May | Jun | Jul | Aug | Sep | Oct | Nov | Dec 
2014: Jan | Feb | Mar | Apr | May | Jun | Jul | Aug | Sep | Oct | Nov | Dec 
2013: Jan | Feb | Mar | Apr | May | Jun | Jul | Aug | Sep | Oct | Nov | Dec 
2012: Jan | Feb | Mar | Apr | May | Jun | Jul | Aug | Sep | Oct | Nov | Dec 
2011: Jan | Feb | Mar | Apr | May | Jun | Jul | Aug | Sep | Oct | Nov | Dec 
2010: Jan | Feb | Mar | Apr | May | Jun | Jul | Aug | Sep | Oct | Nov | Dec 
2009: Jan | Feb | Mar | Apr | May | Jun | Jul | Aug | Sep | Oct | Nov | Dec 
2008: Jan | Feb | Mar | Apr | May | Jun | Jul | Aug | Sep | Oct | Nov | Dec 
2007: Jan | Feb | Mar | Apr | May | Jun | Jul | Aug | Sep | Oct | Nov | Dec 
2006: Jan | Feb | Mar | Apr | May | Jun | Jul | Aug | Sep | Oct | Nov | Dec 
2005: Jan | Feb | Mar | Apr | May | Jun | Jul | Aug | Sep | Oct | Nov | Dec 
2004: Jan | Feb | Mar | Apr | May | Jun | Jul | Aug | Sep | Oct | Nov | Dec 
2003: Jan | Feb | Mar | Apr | May | Jun | Jul | Aug | Sep | Oct | Nov | Dec 
2002: Jan | Feb | Mar | Apr | May | Jun | Jul | Aug | Sep | Oct | Nov | Dec 
2001: Jan | Feb | Mar | Apr | May | Jun | Jul | Aug | Sep | Oct | Nov | Dec 
2000: Jan | Feb | Mar | Apr | May | Jun | Jul | Aug | Sep | Oct | Nov | Dec 
1999: Jan | Feb | Mar | Apr | May | Jun | Jul | Aug | Sep | Oct | Nov | Dec 
1998: Jan | Feb | Mar | Apr | May | Jun | Jul | Aug | Sep | Oct | Nov | Dec 
1997: Jan | Feb | Mar | Apr | May | Jun | Jul | Aug | Sep | Oct | Nov | Dec 
1996: Jan | Feb | Mar | Apr | May | Jun | Jul | Aug | Sep | Oct | Nov | Dec 
1995: Jan | Feb | Mar | Apr | May | Jun | Jul | Aug | Sep | Oct | Nov | Dec 

Report for 2003 05
MONTHLY CLIMATOLOGICAL SUMMARY for MAY. 2003 NAME: HornSpri CITY: Lebanon STATE: TN ELEV: 612 ft LAT: 36 14' 05" N LONG: 86 22' 55" W TEMPERATURE (F), RAIN (in), WIND SPEED (mph) HEAT COOL AVG MEAN DEG DEG WIND DOM DAY TEMP HIGH TIME LOW TIME DAYS DAYS RAIN SPEED HIGH TIME DIR ------------------------------------------------------------------------------------ 1 70.5 84.3 13:55 56.7 23:15 0.0 5.5 0.22 1.3 35.0 15:45 WSW 2 66.3 76.0 14:20 56.7 0:10 0.0 1.3 0.40 0.9 19.0 9:35 N 3 60.7 69.9 15:35 51.4 23:00 4.3 0.0 0.00 2.0 16.0 14:00 N 4 61.5 76.1 16:05 47.0 4:10 3.5 0.0 0.00 2.0 17.0 21:35 SE 5 69.8 79.0 12:25 60.5 21:55 0.0 4.8 2.59 3.3 27.0 22:00 SSW 6 67.9 74.9 14:55 61.0 0:30 0.0 2.9 0.66 1.2 27.0 7:50 WSW 7 67.9 73.2 18:40 62.6 9:00 0.0 2.9 3.05 2.1 26.0 2:40 ESE 8 71.9 80.5 12:50 63.4 0:10 0.0 6.9 0.01 0.6 12.0 15:55 WSW 9 78.8 85.9 16:55 71.6 5:45 0.0 13.8 0.00 2.3 22.0 13:55 WSW 10 79.3 85.9 15:20 72.7 5:25 0.0 14.3 0.00 2.4 25.0 14:40 SSW 11 68.7 77.4 1:00 59.9 23:45 0.0 3.7 0.88 4.9 31.0 3:35 WSW 12 62.4 71.8 15:25 52.9 00:00 2.6 0.0 0.00 3.9 24.0 14:40 WSW 13 62.4 77.2 15:05 47.6 5:45 2.6 0.0 0.00 1.0 13.0 13:15 N 14 65.7 72.3 9:55 59.0 3:25 0.0 0.7 0.01 0.8 14.0 9:35 WSW 15 70.9 80.5 16:40 61.3 5:15 0.0 5.9 0.10 1.6 18.0 13:20 WSW 16 70.5 82.6 13:15 58.4 5:45 0.0 5.5 0.06 0.6 13.0 12:35 WSW 17 70.6 76.0 9:25 65.2 00:00 0.0 5.6 0.91 1.7 27.0 4:05 ESE 18 69.4 76.7 15:35 62.1 4:15 0.0 4.4 0.31 2.3 16.0 13:40 ESE 19 68.8 77.4 16:50 60.2 5:50 0.0 3.8 0.00 0.6 12.0 12:40 SE 20 64.4 67.6 0:05 61.2 23:55 0.6 0.0 0.40 0.4 13.0 21:20 WSW 21 60.0 63.5 14:05 56.5 7:40 5.0 0.0 0.17 2.3 12.0 0:50 N 22 62.4 67.8 17:05 56.9 00:00 2.6 0.0 0.00 1.5 11.0 12:10 N 23 63.0 75.4 15:50 50.5 5:45 2.0 0.0 0.00 1.7 14.0 14:25 N 24 60.8 74.0 15:00 47.6 6:10 4.2 0.0 0.00 0.8 12.0 15:00 N 25 60.0 64.7 10:00 55.3 22:25 5.0 0.0 0.16 0.6 11.0 16:50 NNE 26 63.6 74.9 15:45 52.3 3:30 1.4 0.0 0.00 1.2 11.0 14:05 N 27 63.1 76.7 15:45 49.5 5:40 1.9 0.0 0.00 1.9 18.0 13:25 NNW 28 64.4 78.3 13:55 50.5 3:30 0.6 0.0 0.05 2.1 28.0 23:15 WSW 29 64.9 73.7 16:30 56.2 23:20 0.1 0.0 0.01 3.5 22.0 10:10 NNW 30 65.8 79.9 15:30 51.7 5:20 0.0 0.8 0.00 2.0 18.0 10:45 WSW 31 66.5 74.7 9:30 58.3 00:00 0.0 1.5 0.00 4.4 28.0 11:10 NNW ------------------------------------------------------------------------------------- 66.5 85.9 9 47.0 4 36.5 84.2 9.99 1.9 35.0 1 WSW Max >= 90.0: 0 Max <= 32.0: 0 Min <= 32.0: 0 Min <= 0.0: 0 Max Rain: 3.05 ON 05/07/03 Days of Rain: 14 (>.01 in) 11 (>.1 in) 2 (>1 in) Heat Base: 65.0 Cool Base: 65.0 Method: (High + Low) / 2