Warning: file(http://www.wunderground.com/climate/extremes.asp): failed to open stream: HTTP request failed! HTTP/1.0 500 Internal Server Error in /homepages/6/d330860172/htdocs/usaextremes.php on line 55

Warning: implode(): Invalid arguments passed in /homepages/6/d330860172/htdocs/usaextremes.php on line 55

NOAA Style Climate Reports for Lebanon, TN

NOAA style reports

NOAA-style Climate Reports

2018: Jan | Feb | Mar | Apr | May | Jun | Jul | Aug | Sep | Oct | Nov | Dec 
2017: Jan | Feb | Mar | Apr | May | Jun | Jul | Aug | Sep | Oct | Nov | Dec 
2016: Jan | Feb | Mar | Apr | May | Jun | Jul | Aug | Sep | Oct | Nov | Dec 
2015: Jan | Feb | Mar | Apr | May | Jun | Jul | Aug | Sep | Oct | Nov | Dec 
2014: Jan | Feb | Mar | Apr | May | Jun | Jul | Aug | Sep | Oct | Nov | Dec 
2013: Jan | Feb | Mar | Apr | May | Jun | Jul | Aug | Sep | Oct | Nov | Dec 
2012: Jan | Feb | Mar | Apr | May | Jun | Jul | Aug | Sep | Oct | Nov | Dec 
2011: Jan | Feb | Mar | Apr | May | Jun | Jul | Aug | Sep | Oct | Nov | Dec 
2010: Jan | Feb | Mar | Apr | May | Jun | Jul | Aug | Sep | Oct | Nov | Dec 
2009: Jan | Feb | Mar | Apr | May | Jun | Jul | Aug | Sep | Oct | Nov | Dec 
2008: Jan | Feb | Mar | Apr | May | Jun | Jul | Aug | Sep | Oct | Nov | Dec 
2007: Jan | Feb | Mar | Apr | May | Jun | Jul | Aug | Sep | Oct | Nov | Dec 
2006: Jan | Feb | Mar | Apr | May | Jun | Jul | Aug | Sep | Oct | Nov | Dec 
2005: Jan | Feb | Mar | Apr | May | Jun | Jul | Aug | Sep | Oct | Nov | Dec 
2004: Jan | Feb | Mar | Apr | May | Jun | Jul | Aug | Sep | Oct | Nov | Dec 
2003: Jan | Feb | Mar | Apr | May | Jun | Jul | Aug | Sep | Oct | Nov | Dec 
2002: Jan | Feb | Mar | Apr | May | Jun | Jul | Aug | Sep | Oct | Nov | Dec 
2001: Jan | Feb | Mar | Apr | May | Jun | Jul | Aug | Sep | Oct | Nov | Dec 
2000: Jan | Feb | Mar | Apr | May | Jun | Jul | Aug | Sep | Oct | Nov | Dec 
1999: Jan | Feb | Mar | Apr | May | Jun | Jul | Aug | Sep | Oct | Nov | Dec 
1998: Jan | Feb | Mar | Apr | May | Jun | Jul | Aug | Sep | Oct | Nov | Dec 
1997: Jan | Feb | Mar | Apr | May | Jun | Jul | Aug | Sep | Oct | Nov | Dec 
1996: Jan | Feb | Mar | Apr | May | Jun | Jul | Aug | Sep | Oct | Nov | Dec 
1995: Jan | Feb | Mar | Apr | May | Jun | Jul | Aug | Sep | Oct | Nov | Dec 

Report for 2003 06
MONTHLY CLIMATOLOGICAL SUMMARY for JUN. 2003 NAME: HornSpri CITY: Lebanon STATE: TN ELEV: 612 ft LAT: 36 14' 05" N LONG: 86 22' 55" W TEMPERATURE (F), RAIN (in), WIND SPEED (mph) HEAT COOL AVG MEAN DEG DEG WIND DOM DAY TEMP HIGH TIME LOW TIME DAYS DAYS RAIN SPEED HIGH TIME DIR ------------------------------------------------------------------------------------ 1 62.5 74.0 15:30 51.1 5:35 2.5 0.0 0.00 1.7 11.0 12:00 N 2 60.2 72.5 12:35 47.9 5:50 4.8 0.0 0.35 1.0 22.0 22:45 ESE 3 68.9 78.6 14:00 59.3 00:00 0.0 3.9 0.26 2.6 19.0 20:05 WSW 4 59.6 66.9 17:30 52.2 23:55 5.4 0.0 0.00 1.5 13.0 10:50 W 5 63.9 78.3 15:30 49.5 2:55 1.1 0.0 0.00 0.9 12.0 13:30 N 6 68.2 80.9 12:25 55.4 2:35 0.0 3.2 3.04 1.3 12.0 9:00 ESE 7 68.8 74.9 18:05 62.6 00:00 0.0 3.8 0.02 0.9 11.0 12:50 N 8 69.9 81.2 13:05 58.6 5:25 0.0 4.9 0.00 1.4 21.0 14:25 WSW 9 68.1 81.4 16:10 54.8 3:25 0.0 3.1 0.00 1.5 17.0 14:15 WSW 10 68.7 82.6 12:35 54.8 5:20 0.0 3.7 0.49 0.9 33.0 15:10 WSW 11 73.4 81.1 9:25 65.8 1:10 0.0 8.4 0.61 1.6 44.0 15:35 ESE 12 73.8 80.7 12:35 66.9 5:50 0.0 8.8 0.00 1.2 15.0 8:20 WSW 13 76.3 86.1 16:30 66.6 4:30 0.0 11.3 0.00 0.8 16.0 9:25 WSW 14 75.7 81.6 15:00 69.8 23:40 0.0 10.7 0.00 1.2 14.0 13:25 WSW 15 76.6 83.8 15:05 69.3 1:55 0.0 11.6 0.01 0.8 12.0 22:10 WSW 16 75.6 84.1 15:30 67.1 00:00 0.0 10.6 0.36 0.4 30.0 17:15 W 17 74.8 83.0 16:20 66.6 0:45 0.0 9.8 0.00 0.3 8.0 14:00 WSW 18 73.3 77.6 14:15 68.9 5:40 0.0 8.3 0.23 0.5 13.0 14:25 W 19 76.4 85.5 16:45 67.4 4:10 0.0 11.4 0.00 1.0 14.0 21:35 N 20 67.1 78.3 16:40 55.9 23:55 0.0 2.1 0.00 3.2 21.0 11:20 N 21 66.1 81.2 15:30 51.0 5:45 0.0 1.1 0.00 1.5 13.0 11:10 NE 22 67.9 82.8 16:50 53.1 5:20 0.0 2.9 0.00 1.2 14.0 13:35 ENE 23 73.8 88.6 16:20 58.9 6:10 0.0 8.8 0.00 0.8 14.0 14:05 E 24 75.7 91.6 16:25 59.8 5:10 0.0 10.7 0.00 0.3 7.0 12:20 E 25 77.2 91.8 14:40 62.6 5:30 0.0 12.2 0.00 0.5 12.0 10:00 WSW 26 78.1 87.0 15:50 69.1 23:35 0.0 13.1 0.11 1.6 18.0 12:30 WSW 27 70.3 80.5 16:20 60.1 23:50 0.0 5.3 0.14 1.7 16.0 1:20 N 28 69.8 84.9 16:30 54.7 6:00 0.0 4.8 0.00 0.7 11.0 10:05 E 29 74.1 89.5 16:55 58.6 3:55 0.0 9.1 0.00 0.5 10.0 11:55 WSW 30 73.4 78.8 11:25 67.9 23:50 0.0 8.4 1.75 0.6 14.0 17:50 WSW ------------------------------------------------------------------------------------- 70.9 91.8 25 47.9 2 13.8 191.9 7.37 1.1 44.0 11 WSW Max >= 90.0: 2 Max <= 32.0: 0 Min <= 32.0: 0 Min <= 0.0: 0 Max Rain: 3.04 ON 06/06/03 Days of Rain: 11 (>.01 in) 10 (>.1 in) 2 (>1 in) Heat Base: 65.0 Cool Base: 65.0 Method: (High + Low) / 2