Warning: file(http://www.wunderground.com/climate/extremes.asp): failed to open stream: HTTP request failed! HTTP/1.0 500 Internal Server Error in /homepages/6/d330860172/htdocs/usaextremes.php on line 55

Warning: implode(): Invalid arguments passed in /homepages/6/d330860172/htdocs/usaextremes.php on line 55

NOAA Style Climate Reports for Lebanon, TN

NOAA style reports

NOAA-style Climate Reports

2018: Jan | Feb | Mar | Apr | May | Jun | Jul | Aug | Sep | Oct | Nov | Dec 
2017: Jan | Feb | Mar | Apr | May | Jun | Jul | Aug | Sep | Oct | Nov | Dec 
2016: Jan | Feb | Mar | Apr | May | Jun | Jul | Aug | Sep | Oct | Nov | Dec 
2015: Jan | Feb | Mar | Apr | May | Jun | Jul | Aug | Sep | Oct | Nov | Dec 
2014: Jan | Feb | Mar | Apr | May | Jun | Jul | Aug | Sep | Oct | Nov | Dec 
2013: Jan | Feb | Mar | Apr | May | Jun | Jul | Aug | Sep | Oct | Nov | Dec 
2012: Jan | Feb | Mar | Apr | May | Jun | Jul | Aug | Sep | Oct | Nov | Dec 
2011: Jan | Feb | Mar | Apr | May | Jun | Jul | Aug | Sep | Oct | Nov | Dec 
2010: Jan | Feb | Mar | Apr | May | Jun | Jul | Aug | Sep | Oct | Nov | Dec 
2009: Jan | Feb | Mar | Apr | May | Jun | Jul | Aug | Sep | Oct | Nov | Dec 
2008: Jan | Feb | Mar | Apr | May | Jun | Jul | Aug | Sep | Oct | Nov | Dec 
2007: Jan | Feb | Mar | Apr | May | Jun | Jul | Aug | Sep | Oct | Nov | Dec 
2006: Jan | Feb | Mar | Apr | May | Jun | Jul | Aug | Sep | Oct | Nov | Dec 
2005: Jan | Feb | Mar | Apr | May | Jun | Jul | Aug | Sep | Oct | Nov | Dec 
2004: Jan | Feb | Mar | Apr | May | Jun | Jul | Aug | Sep | Oct | Nov | Dec 
2003: Jan | Feb | Mar | Apr | May | Jun | Jul | Aug | Sep | Oct | Nov | Dec 
2002: Jan | Feb | Mar | Apr | May | Jun | Jul | Aug | Sep | Oct | Nov | Dec 
2001: Jan | Feb | Mar | Apr | May | Jun | Jul | Aug | Sep | Oct | Nov | Dec 
2000: Jan | Feb | Mar | Apr | May | Jun | Jul | Aug | Sep | Oct | Nov | Dec 
1999: Jan | Feb | Mar | Apr | May | Jun | Jul | Aug | Sep | Oct | Nov | Dec 
1998: Jan | Feb | Mar | Apr | May | Jun | Jul | Aug | Sep | Oct | Nov | Dec 
1997: Jan | Feb | Mar | Apr | May | Jun | Jul | Aug | Sep | Oct | Nov | Dec 
1996: Jan | Feb | Mar | Apr | May | Jun | Jul | Aug | Sep | Oct | Nov | Dec 
1995: Jan | Feb | Mar | Apr | May | Jun | Jul | Aug | Sep | Oct | Nov | Dec 

Report for 2003 07
MONTHLY CLIMATOLOGICAL SUMMARY for JUL. 2003 NAME: HornSpri CITY: Lebanon STATE: TN ELEV: 612 ft LAT: 36 14' 05" N LONG: 86 22' 55" W TEMPERATURE (F), RAIN (in), WIND SPEED (mph) HEAT COOL AVG MEAN DEG DEG WIND DOM DAY TEMP HIGH TIME LOW TIME DAYS DAYS RAIN SPEED HIGH TIME DIR ------------------------------------------------------------------------------------ 1 72.1 76.5 16:35 67.6 1:40 0.0 7.1 0.18 1.9 14.0 13:10 ENE 2 76.6 86.7 16:30 66.6 5:50 0.0 11.6 0.00 1.3 12.0 11:45 N 3 78.4 90.5 16:05 66.3 4:55 0.0 13.4 0.00 0.4 8.0 18:10 WSW 4 80.9 92.7 17:05 69.1 6:05 0.0 15.9 0.00 0.4 10.0 10:10 WSW 5 79.4 88.0 16:30 70.8 4:45 0.0 14.4 0.00 0.8 13.0 7:15 WSW 6 77.8 83.6 11:50 72.0 6:00 0.0 12.8 0.13 0.6 17.0 12:10 WSW 7 80.7 89.3 16:25 72.0 1:55 0.0 15.7 0.00 1.4 14.0 11:55 WSW 8 81.7 92.5 16:25 70.9 4:40 0.0 16.7 0.00 1.3 13.0 9:15 WSW 9 81.1 90.1 12:50 72.0 17:40 0.0 16.1 0.65 1.4 30.0 17:20 WSW 10 78.9 87.4 11:35 70.4 19:05 0.0 13.9 0.88 1.9 31.0 13:20 WSW 11 75.8 85.3 15:00 66.3 23:55 0.0 10.8 0.13 1.8 14.0 16:00 WSW 12 75.4 85.3 16:35 65.5 5:10 0.0 10.4 0.00 1.0 13.0 15:30 WSW 13 74.8 84.5 13:40 65.2 3:35 0.0 9.8 0.27 0.6 24.0 14:25 SE 14 76.8 88.2 16:55 65.3 5:50 0.0 11.8 0.00 0.3 8.0 15:15 ESE 15 80.0 89.9 15:00 70.1 0:45 0.0 15.0 0.00 1.0 13.0 6:05 WSW 16 80.1 91.2 15:30 68.9 00:00 0.0 15.1 0.07 1.2 12.0 11:30 WSW 17 77.2 89.7 16:25 64.7 5:50 0.0 12.2 0.00 0.7 10.0 16:35 N 18 75.5 85.7 15:00 65.3 4:25 0.0 10.5 0.00 0.5 11.0 15:35 NNW 19 79.2 89.9 17:05 68.4 4:05 0.0 14.2 0.00 0.7 11.0 18:10 N 20 78.6 91.2 15:45 66.1 5:45 0.0 13.6 0.00 0.5 11.0 15:45 WSW 21 79.6 88.8 13:50 70.3 21:15 0.0 14.6 0.41 1.1 26.0 14:40 WSW 22 72.0 79.0 16:15 65.0 21:10 0.0 7.0 0.24 0.9 17.0 19:25 WSW 23 70.7 81.1 15:55 60.2 00:00 0.0 5.7 0.01 1.4 17.0 16:40 N 24 69.9 83.2 16:45 56.7 5:55 0.0 4.9 0.00 0.4 8.0 15:55 ESE 25 73.9 87.6 16:10 60.2 3:50 0.0 8.9 0.00 0.9 11.0 10:55 ESE 26 76.2 89.5 16:35 62.9 4:45 0.0 11.2 0.00 0.4 12.0 12:50 WSW 27 79.7 91.0 15:45 68.4 5:55 0.0 14.7 0.00 1.0 17.0 15:10 WSW 28 80.6 91.6 13:40 69.6 22:05 0.0 15.6 0.56 1.5 26.0 14:55 WSW 29 74.8 80.1 16:15 69.4 5:20 0.0 9.8 0.10 0.6 12.0 2:50 WSW 30 77.7 87.0 15:15 68.4 3:15 0.0 12.7 0.37 0.3 18.0 21:25 WSW 31 75.7 81.6 15:25 69.8 9:15 0.0 10.7 0.98 0.3 11.0 8:35 WSW ------------------------------------------------------------------------------------- 77.1 92.7 4 56.7 24 0.0 376.5 4.98 0.9 31.0 10 WSW Max >= 90.0: 8 Max <= 32.0: 0 Min <= 32.0: 0 Min <= 0.0: 0 Max Rain: 0.98 ON 07/31/03 Days of Rain: 13 (>.01 in) 11 (>.1 in) 0 (>1 in) Heat Base: 65.0 Cool Base: 65.0 Method: (High + Low) / 2