Warning: file(http://www.wunderground.com/climate/extremes.asp): failed to open stream: HTTP request failed! HTTP/1.0 500 Internal Server Error in /homepages/6/d330860172/htdocs/usaextremes.php on line 55

Warning: implode(): Invalid arguments passed in /homepages/6/d330860172/htdocs/usaextremes.php on line 55

NOAA Style Climate Reports for Lebanon, TN

NOAA style reports

NOAA-style Climate Reports

2018: Jan | Feb | Mar | Apr | May | Jun | Jul | Aug | Sep | Oct | Nov | Dec 
2017: Jan | Feb | Mar | Apr | May | Jun | Jul | Aug | Sep | Oct | Nov | Dec 
2016: Jan | Feb | Mar | Apr | May | Jun | Jul | Aug | Sep | Oct | Nov | Dec 
2015: Jan | Feb | Mar | Apr | May | Jun | Jul | Aug | Sep | Oct | Nov | Dec 
2014: Jan | Feb | Mar | Apr | May | Jun | Jul | Aug | Sep | Oct | Nov | Dec 
2013: Jan | Feb | Mar | Apr | May | Jun | Jul | Aug | Sep | Oct | Nov | Dec 
2012: Jan | Feb | Mar | Apr | May | Jun | Jul | Aug | Sep | Oct | Nov | Dec 
2011: Jan | Feb | Mar | Apr | May | Jun | Jul | Aug | Sep | Oct | Nov | Dec 
2010: Jan | Feb | Mar | Apr | May | Jun | Jul | Aug | Sep | Oct | Nov | Dec 
2009: Jan | Feb | Mar | Apr | May | Jun | Jul | Aug | Sep | Oct | Nov | Dec 
2008: Jan | Feb | Mar | Apr | May | Jun | Jul | Aug | Sep | Oct | Nov | Dec 
2007: Jan | Feb | Mar | Apr | May | Jun | Jul | Aug | Sep | Oct | Nov | Dec 
2006: Jan | Feb | Mar | Apr | May | Jun | Jul | Aug | Sep | Oct | Nov | Dec 
2005: Jan | Feb | Mar | Apr | May | Jun | Jul | Aug | Sep | Oct | Nov | Dec 
2004: Jan | Feb | Mar | Apr | May | Jun | Jul | Aug | Sep | Oct | Nov | Dec 
2003: Jan | Feb | Mar | Apr | May | Jun | Jul | Aug | Sep | Oct | Nov | Dec 
2002: Jan | Feb | Mar | Apr | May | Jun | Jul | Aug | Sep | Oct | Nov | Dec 
2001: Jan | Feb | Mar | Apr | May | Jun | Jul | Aug | Sep | Oct | Nov | Dec 
2000: Jan | Feb | Mar | Apr | May | Jun | Jul | Aug | Sep | Oct | Nov | Dec 
1999: Jan | Feb | Mar | Apr | May | Jun | Jul | Aug | Sep | Oct | Nov | Dec 
1998: Jan | Feb | Mar | Apr | May | Jun | Jul | Aug | Sep | Oct | Nov | Dec 
1997: Jan | Feb | Mar | Apr | May | Jun | Jul | Aug | Sep | Oct | Nov | Dec 
1996: Jan | Feb | Mar | Apr | May | Jun | Jul | Aug | Sep | Oct | Nov | Dec 
1995: Jan | Feb | Mar | Apr | May | Jun | Jul | Aug | Sep | Oct | Nov | Dec 

Report for 2003 08
MONTHLY CLIMATOLOGICAL SUMMARY for AUG. 2003 NAME: HornSpri CITY: Lebanon STATE: TN ELEV: 612 ft LAT: 36 14' 05" N LONG: 86 22' 55" W TEMPERATURE (F), RAIN (in), WIND SPEED (mph) HEAT COOL AVG MEAN DEG DEG WIND DOM DAY TEMP HIGH TIME LOW TIME DAYS DAYS RAIN SPEED HIGH TIME DIR ------------------------------------------------------------------------------------ 1 80.1 89.7 16:20 70.4 4:10 0.0 15.1 0.11 0.5 8.0 8:35 WSW 2 76.9 85.3 12:35 68.4 5:45 0.0 11.9 1.40 0.9 24.0 13:30 ESE 3 76.3 84.5 14:15 68.1 6:00 0.0 11.3 1.14 0.9 14.0 1:05 WSW 4 75.7 84.5 16:25 66.8 23:10 0.0 10.7 0.60 1.0 30.0 22:35 WSW 5 75.5 87.0 17:15 64.0 6:05 0.0 10.5 0.01 0.4 8.0 18:35 N 6 76.9 84.0 11:58 69.8 6:24 0.0 11.9 0.08 0.1 6.0 11:45 N 7 75.9 85.7 15:18 66.1 6:26 0.0 10.9 0.00 1.1 14.0 14:41 N 8 75.4 86.7 15:44 64.2 6:18 0.0 10.4 0.00 0.8 14.0 17:12 N 9 76.0 87.8 15:31 64.2 5:58 0.0 11.0 0.00 0.7 12.0 15:43 N 10 75.8 87.2 15:45 64.5 6:11 0.0 10.8 0.00 1.0 11.0 12:28 N 11 73.8 84.1 13:26 63.5 6:11 0.0 8.8 0.00 0.9 17.0 16:44 N 12 74.3 86.7 16:06 61.8 5:57 0.0 9.3 0.13 0.8 18.0 20:03 ESE 13 76.3 83.8 19:26 68.8 19:26 0.0 11.3 0.31 0.1 6.0 23:08 SE 14 80.1 91.6 15:30 68.6 6:10 0.0 15.1 0.00 0.3 10.0 11:39 W 15 81.8 92.9 15:33 70.6 6:03 0.0 16.8 0.00 0.7 12.0 14:33 N 16 81.4 91.2 15:17 71.6 3:33 0.0 16.4 0.00 1.0 13.0 16:29 NNW 17 81.4 92.9 14:24 69.8 3:38 0.0 16.4 0.00 0.8 12.0 12:40 NNW 18 81.1 91.8 15:04 70.3 4:45 0.0 16.1 0.00 0.7 11.0 16:05 E 19 80.4 91.0 14:36 69.8 6:22 0.0 15.4 0.00 0.9 11.0 12:55 ENE 20 80.7 90.3 16:22 71.1 4:58 0.0 15.7 0.00 0.4 11.0 9:26 ESE 21 82.8 92.1 15:52 73.5 4:57 0.0 17.8 0.00 0.4 8.0 8:35 WSW 22 80.8 92.9 15:23 68.6 21:34 0.0 15.8 0.11 1.4 33.0 19:35 WSW 23 76.9 88.4 15:51 65.5 6:03 0.0 11.9 0.00 0.9 15.0 16:27 N 24 76.6 88.4 15:30 64.8 6:25 0.0 11.6 0.00 1.0 11.0 11:23 NNE 25 78.3 93.6 16:03 63.1 6:17 0.0 13.3 0.00 0.3 10.0 13:41 WSW 26 81.2 93.6 17:30 68.8 6:10 0.0 16.2 0.00 0.5 8.0 10:21 WSW 27 81.6 91.6 12:50 71.6 23:09 0.0 16.6 0.00 0.8 12.0 10:51 WSW 28 78.1 87.8 16:25 68.4 4:56 0.0 13.1 0.00 0.2 7.0 14:16 WSW 29 81.5 92.7 15:54 70.3 4:59 0.0 16.5 0.00 1.0 14.0 15:18 WSW 30 81.9 91.2 16:16 72.7 23:39 0.0 16.9 0.51 1.0 17.0 17:53 WSW 31 80.2 89.9 16:34 70.4 6:12 0.0 15.2 0.02 0.6 18.0 17:28 ESE ------------------------------------------------------------------------------------- 78.6 93.6 25 61.8 12 0.0 420.5 4.42 0.7 33.0 22 WSW Max >= 90.0: 14 Max <= 32.0: 0 Min <= 32.0: 0 Min <= 0.0: 0 Max Rain: 1.40 ON 08/02/03 Days of Rain: 10 (>.01 in) 8 (>.1 in) 2 (>1 in) Heat Base: 65.0 Cool Base: 65.0 Method: (High + Low) / 2