Warning: file(http://www.wunderground.com/climate/extremes.asp): failed to open stream: HTTP request failed! HTTP/1.0 500 Internal Server Error in /homepages/6/d330860172/htdocs/usaextremes.php on line 55

Warning: implode(): Invalid arguments passed in /homepages/6/d330860172/htdocs/usaextremes.php on line 55

NOAA Style Climate Reports for Lebanon, TN

NOAA style reports

NOAA-style Climate Reports

2018: Jan | Feb | Mar | Apr | May | Jun | Jul | Aug | Sep | Oct | Nov | Dec 
2017: Jan | Feb | Mar | Apr | May | Jun | Jul | Aug | Sep | Oct | Nov | Dec 
2016: Jan | Feb | Mar | Apr | May | Jun | Jul | Aug | Sep | Oct | Nov | Dec 
2015: Jan | Feb | Mar | Apr | May | Jun | Jul | Aug | Sep | Oct | Nov | Dec 
2014: Jan | Feb | Mar | Apr | May | Jun | Jul | Aug | Sep | Oct | Nov | Dec 
2013: Jan | Feb | Mar | Apr | May | Jun | Jul | Aug | Sep | Oct | Nov | Dec 
2012: Jan | Feb | Mar | Apr | May | Jun | Jul | Aug | Sep | Oct | Nov | Dec 
2011: Jan | Feb | Mar | Apr | May | Jun | Jul | Aug | Sep | Oct | Nov | Dec 
2010: Jan | Feb | Mar | Apr | May | Jun | Jul | Aug | Sep | Oct | Nov | Dec 
2009: Jan | Feb | Mar | Apr | May | Jun | Jul | Aug | Sep | Oct | Nov | Dec 
2008: Jan | Feb | Mar | Apr | May | Jun | Jul | Aug | Sep | Oct | Nov | Dec 
2007: Jan | Feb | Mar | Apr | May | Jun | Jul | Aug | Sep | Oct | Nov | Dec 
2006: Jan | Feb | Mar | Apr | May | Jun | Jul | Aug | Sep | Oct | Nov | Dec 
2005: Jan | Feb | Mar | Apr | May | Jun | Jul | Aug | Sep | Oct | Nov | Dec 
2004: Jan | Feb | Mar | Apr | May | Jun | Jul | Aug | Sep | Oct | Nov | Dec 
2003: Jan | Feb | Mar | Apr | May | Jun | Jul | Aug | Sep | Oct | Nov | Dec 
2002: Jan | Feb | Mar | Apr | May | Jun | Jul | Aug | Sep | Oct | Nov | Dec 
2001: Jan | Feb | Mar | Apr | May | Jun | Jul | Aug | Sep | Oct | Nov | Dec 
2000: Jan | Feb | Mar | Apr | May | Jun | Jul | Aug | Sep | Oct | Nov | Dec 
1999: Jan | Feb | Mar | Apr | May | Jun | Jul | Aug | Sep | Oct | Nov | Dec 
1998: Jan | Feb | Mar | Apr | May | Jun | Jul | Aug | Sep | Oct | Nov | Dec 
1997: Jan | Feb | Mar | Apr | May | Jun | Jul | Aug | Sep | Oct | Nov | Dec 
1996: Jan | Feb | Mar | Apr | May | Jun | Jul | Aug | Sep | Oct | Nov | Dec 
1995: Jan | Feb | Mar | Apr | May | Jun | Jul | Aug | Sep | Oct | Nov | Dec 

Report for 2003 09
MONTHLY CLIMATOLOGICAL SUMMARY for SEP. 2003 NAME: HornSpri CITY: Lebanon STATE: TN ELEV: 612 ft LAT: 36 14' 05" N LONG: 86 22' 55" W TEMPERATURE (F), RAIN (in), WIND SPEED (mph) HEAT COOL AVG MEAN DEG DEG WIND DOM DAY TEMP HIGH TIME LOW TIME DAYS DAYS RAIN SPEED HIGH TIME DIR ------------------------------------------------------------------------------------ 1 82.0 91.0 15:11 73.0 5:00 0.0 17.0 0.00 0.9 17.0 13:49 WSW 2 78.2 85.1 11:14 71.3 23:02 0.0 13.2 1.09 0.6 12.0 9:05 WSW 3 75.1 79.8 13:40 70.4 2:58 0.0 10.1 0.43 0.6 13.0 11:34 WSW 4 73.4 83.8 15:34 62.9 23:59 0.0 8.4 0.05 2.3 18.0 17:26 NNW 5 69.2 81.2 15:42 57.2 4:52 0.0 4.2 0.00 2.2 16.0 9:54 NNE 6 69.8 82.6 16:09 56.9 3:07 0.0 4.8 0.00 1.0 10.0 12:02 NE 7 67.3 76.5 14:53 58.1 6:24 0.0 2.3 0.00 0.4 8.0 13:30 NE 8 69.5 82.4 16:59 56.6 6:07 0.0 4.5 0.00 0.3 7.0 15:07 NW 9 70.7 83.4 15:32 58.0 6:22 0.0 5.7 0.00 0.5 9.0 13:55 ESE 10 72.3 84.1 15:08 60.5 6:01 0.0 7.3 0.00 0.4 10.0 16:00 E 11 72.5 84.5 16:11 60.5 6:31 0.0 7.5 0.00 0.2 7.0 11:39 ESE 12 72.8 84.0 15:41 61.5 5:02 0.0 7.8 0.00 0.6 13.0 8:37 SE 13 72.3 86.5 16:21 58.0 6:13 0.0 7.3 0.00 0.6 12.0 13:20 ESE 14 72.7 81.4 14:02 63.9 22:00 0.0 7.7 0.04 1.4 18.0 13:43 WSW 15 65.4 78.3 14:39 52.5 23:47 0.0 0.4 0.00 1.8 18.0 12:23 N 16 63.8 79.6 14:06 48.0 6:47 1.2 0.0 0.00 1.5 17.0 13:18 ENE 17 68.8 82.8 15:33 54.8 5:38 0.0 3.8 0.00 0.6 12.0 15:46 E 18 70.9 83.4 14:59 58.4 23:48 0.0 5.9 0.00 1.1 14.0 14:02 N 19 69.8 83.0 13:38 56.7 2:34 0.0 4.8 0.00 1.8 17.0 15:02 NNW 20 66.1 77.4 16:45 54.8 6:19 0.0 1.1 0.00 0.9 11.0 13:35 NE 21 70.3 82.6 12:37 58.0 1:12 0.0 5.3 0.79 1.0 17.0 14:21 ESE 22 68.2 76.5 17:17 59.9 23:24 0.0 3.2 4.92 1.6 16.0 12:35 WSW 23 63.7 75.1 16:26 52.3 23:56 1.3 0.0 0.00 1.2 13.0 13:27 NW 24 65.3 83.0 16:48 47.7 6:40 0.0 0.3 0.00 0.3 11.0 15:18 WSW 25 67.7 78.1 13:51 57.2 1:42 0.0 2.7 0.00 1.0 12.0 14:54 N 26 71.2 84.3 16:28 58.1 4:59 0.0 6.2 0.00 0.6 13.0 14:20 WSW 27 63.2 73.5 0:01 52.8 22:43 1.8 0.0 0.03 1.8 20.0 9:17 NNW 28 54.4 65.3 15:23 43.5 23:58 10.6 0.0 0.00 2.7 26.0 11:36 NNW 29 51.5 63.7 16:30 39.3 6:46 13.5 0.0 0.00 1.3 14.0 13:55 NNW 30 53.0 67.4 13:32 38.5 6:38 12.0 0.0 0.11 1.0 24.0 21:30 N ------------------------------------------------------------------------------------- 68.4 91.0 1 38.5 30 40.5 141.3 7.46 1.1 26.0 28 N Max >= 90.0: 1 Max <= 32.0: 0 Min <= 32.0: 0 Min <= 0.0: 0 Max Rain: 4.92 ON 09/22/03 Days of Rain: 8 (>.01 in) 5 (>.1 in) 2 (>1 in) Heat Base: 65.0 Cool Base: 65.0 Method: (High + Low) / 2