Warning: file(http://www.wunderground.com/climate/extremes.asp): failed to open stream: HTTP request failed! HTTP/1.0 500 Internal Server Error in /homepages/6/d330860172/htdocs/usaextremes.php on line 55

Warning: implode(): Invalid arguments passed in /homepages/6/d330860172/htdocs/usaextremes.php on line 55

NOAA Style Climate Reports for Lebanon, TN

NOAA style reports

NOAA-style Climate Reports

2018: Jan | Feb | Mar | Apr | May | Jun | Jul | Aug | Sep | Oct | Nov | Dec 
2017: Jan | Feb | Mar | Apr | May | Jun | Jul | Aug | Sep | Oct | Nov | Dec 
2016: Jan | Feb | Mar | Apr | May | Jun | Jul | Aug | Sep | Oct | Nov | Dec 
2015: Jan | Feb | Mar | Apr | May | Jun | Jul | Aug | Sep | Oct | Nov | Dec 
2014: Jan | Feb | Mar | Apr | May | Jun | Jul | Aug | Sep | Oct | Nov | Dec 
2013: Jan | Feb | Mar | Apr | May | Jun | Jul | Aug | Sep | Oct | Nov | Dec 
2012: Jan | Feb | Mar | Apr | May | Jun | Jul | Aug | Sep | Oct | Nov | Dec 
2011: Jan | Feb | Mar | Apr | May | Jun | Jul | Aug | Sep | Oct | Nov | Dec 
2010: Jan | Feb | Mar | Apr | May | Jun | Jul | Aug | Sep | Oct | Nov | Dec 
2009: Jan | Feb | Mar | Apr | May | Jun | Jul | Aug | Sep | Oct | Nov | Dec 
2008: Jan | Feb | Mar | Apr | May | Jun | Jul | Aug | Sep | Oct | Nov | Dec 
2007: Jan | Feb | Mar | Apr | May | Jun | Jul | Aug | Sep | Oct | Nov | Dec 
2006: Jan | Feb | Mar | Apr | May | Jun | Jul | Aug | Sep | Oct | Nov | Dec 
2005: Jan | Feb | Mar | Apr | May | Jun | Jul | Aug | Sep | Oct | Nov | Dec 
2004: Jan | Feb | Mar | Apr | May | Jun | Jul | Aug | Sep | Oct | Nov | Dec 
2003: Jan | Feb | Mar | Apr | May | Jun | Jul | Aug | Sep | Oct | Nov | Dec 
2002: Jan | Feb | Mar | Apr | May | Jun | Jul | Aug | Sep | Oct | Nov | Dec 
2001: Jan | Feb | Mar | Apr | May | Jun | Jul | Aug | Sep | Oct | Nov | Dec 
2000: Jan | Feb | Mar | Apr | May | Jun | Jul | Aug | Sep | Oct | Nov | Dec 
1999: Jan | Feb | Mar | Apr | May | Jun | Jul | Aug | Sep | Oct | Nov | Dec 
1998: Jan | Feb | Mar | Apr | May | Jun | Jul | Aug | Sep | Oct | Nov | Dec 
1997: Jan | Feb | Mar | Apr | May | Jun | Jul | Aug | Sep | Oct | Nov | Dec 
1996: Jan | Feb | Mar | Apr | May | Jun | Jul | Aug | Sep | Oct | Nov | Dec 
1995: Jan | Feb | Mar | Apr | May | Jun | Jul | Aug | Sep | Oct | Nov | Dec 

Report for 2003 10
MONTHLY CLIMATOLOGICAL SUMMARY for OCT. 2003 NAME: HornSpri CITY: Lebanon STATE: TN ELEV: 612 ft LAT: 36 14' 05" N LONG: 86 22' 55" W TEMPERATURE (F), RAIN (in), WIND SPEED (mph) HEAT COOL AVG MEAN DEG DEG WIND DOM DAY TEMP HIGH TIME LOW TIME DAYS DAYS RAIN SPEED HIGH TIME DIR ------------------------------------------------------------------------------------ 1 49.7 60.1 16:46 39.3 23:51 15.3 0.0 0.01 1.3 19.0 15:07 N 2 47.8 59.8 13:18 35.8 6:12 17.2 0.0 0.00 1.6 14.0 12:34 N 3 50.2 67.6 15:43 32.7 6:20 14.8 0.0 0.00 1.1 20.0 13:17 WSW 4 60.8 73.3 15:30 48.3 23:56 4.2 0.0 0.00 2.0 19.0 12:29 WSW 5 54.7 65.5 15:13 43.9 5:18 10.3 0.0 0.17 0.2 6.0 15:13 NE 6 63.5 74.9 16:35 52.0 7:21 1.5 0.0 0.00 0.4 10.0 14:40 ENE 7 63.3 77.9 13:34 48.6 4:43 1.8 0.0 0.00 0.7 12.0 13:23 E 8 65.1 78.6 13:36 51.6 6:54 0.0 0.1 0.00 0.4 10.0 15:09 ESE 9 65.0 76.8 14:18 53.2 6:03 0.0 0.0 0.00 0.2 7.0 9:32 SE 10 66.3 71.3 13:33 61.3 6:07 0.0 1.3 0.02 1.1 13.0 13:08 ESE 11 68.3 77.2 17:13 59.3 7:40 0.0 3.3 0.00 0.6 11.0 12:18 E 12 65.8 73.5 15:52 58.1 23:58 0.0 0.8 0.00 0.4 10.0 13:43 WSW 13 65.5 75.6 13:17 55.4 5:54 0.0 0.5 0.00 0.3 7.0 10:56 ESE 14 55.7 65.8 8:59 45.5 23:50 9.3 0.0 0.52 3.1 30.0 13:38 WSW 15 54.5 68.4 13:58 40.6 6:56 10.5 0.0 0.00 0.9 14.0 14:00 WSW 16 56.8 72.0 13:32 41.5 6:30 8.3 0.0 0.00 0.8 14.0 11:49 WSW 17 54.6 63.4 14:04 45.7 2:09 10.4 0.0 0.01 0.8 13.0 17:48 N 18 54.3 65.2 13:47 43.5 7:23 10.7 0.0 0.00 0.6 12.0 13:51 N 19 58.5 74.9 16:06 42.1 4:22 6.5 0.0 0.00 0.5 10.0 15:27 WSW 20 62.0 79.4 13:31 44.5 6:59 3.0 0.0 0.00 0.6 12.0 16:29 WSW 21 66.1 78.3 14:43 53.8 23:59 0.0 1.1 0.00 2.3 20.0 15:58 WSW 22 57.8 71.6 14:30 43.9 23:55 7.3 0.0 0.00 2.0 20.0 13:06 N 23 57.4 73.9 15:22 40.9 3:52 7.6 0.0 0.00 2.0 19.0 13:49 N 24 57.8 73.7 16:12 41.9 7:42 7.2 0.0 0.00 0.7 10.0 10:08 E 25 67.6 75.3 13:50 59.8 5:46 0.0 2.6 0.00 2.0 19.0 13:56 S 26 56.7 66.0 0:01 47.3 23:47 8.3 0.0 1.04 1.7 14.0 11:18 N 27 48.5 56.9 12:34 40.1 21:37 16.5 0.0 0.01 0.5 11.0 10:54 WSW 28 49.9 58.9 12:58 40.9 4:52 15.1 0.0 0.01 0.7 13.0 10:00 WSW 29 53.6 65.3 15:26 41.8 6:24 11.4 0.0 0.01 0.5 10.0 11:37 WSW 30 67.5 77.7 13:28 57.3 6:05 0.0 2.5 0.00 2.7 21.0 10:10 SSW 31 65.1 77.2 12:36 53.1 5:11 0.0 0.1 0.00 1.4 17.0 8:50 S ------------------------------------------------------------------------------------- 59.0 79.4 20 32.7 3 197.3 12.2 1.80 1.1 30.0 14 WSW Max >= 90.0: 0 Max <= 32.0: 0 Min <= 32.0: 0 Min <= 0.0: 0 Max Rain: 1.04 ON 10/26/03 Days of Rain: 4 (>.01 in) 3 (>.1 in) 1 (>1 in) Heat Base: 65.0 Cool Base: 65.0 Method: (High + Low) / 2