Warning: file(http://www.wunderground.com/climate/extremes.asp): failed to open stream: HTTP request failed! HTTP/1.0 500 Internal Server Error in /homepages/6/d330860172/htdocs/usaextremes.php on line 55

Warning: implode(): Invalid arguments passed in /homepages/6/d330860172/htdocs/usaextremes.php on line 55

NOAA Style Climate Reports for Lebanon, TN

NOAA style reports

NOAA-style Climate Reports

2018: Jan | Feb | Mar | Apr | May | Jun | Jul | Aug | Sep | Oct | Nov | Dec 
2017: Jan | Feb | Mar | Apr | May | Jun | Jul | Aug | Sep | Oct | Nov | Dec 
2016: Jan | Feb | Mar | Apr | May | Jun | Jul | Aug | Sep | Oct | Nov | Dec 
2015: Jan | Feb | Mar | Apr | May | Jun | Jul | Aug | Sep | Oct | Nov | Dec 
2014: Jan | Feb | Mar | Apr | May | Jun | Jul | Aug | Sep | Oct | Nov | Dec 
2013: Jan | Feb | Mar | Apr | May | Jun | Jul | Aug | Sep | Oct | Nov | Dec 
2012: Jan | Feb | Mar | Apr | May | Jun | Jul | Aug | Sep | Oct | Nov | Dec 
2011: Jan | Feb | Mar | Apr | May | Jun | Jul | Aug | Sep | Oct | Nov | Dec 
2010: Jan | Feb | Mar | Apr | May | Jun | Jul | Aug | Sep | Oct | Nov | Dec 
2009: Jan | Feb | Mar | Apr | May | Jun | Jul | Aug | Sep | Oct | Nov | Dec 
2008: Jan | Feb | Mar | Apr | May | Jun | Jul | Aug | Sep | Oct | Nov | Dec 
2007: Jan | Feb | Mar | Apr | May | Jun | Jul | Aug | Sep | Oct | Nov | Dec 
2006: Jan | Feb | Mar | Apr | May | Jun | Jul | Aug | Sep | Oct | Nov | Dec 
2005: Jan | Feb | Mar | Apr | May | Jun | Jul | Aug | Sep | Oct | Nov | Dec 
2004: Jan | Feb | Mar | Apr | May | Jun | Jul | Aug | Sep | Oct | Nov | Dec 
2003: Jan | Feb | Mar | Apr | May | Jun | Jul | Aug | Sep | Oct | Nov | Dec 
2002: Jan | Feb | Mar | Apr | May | Jun | Jul | Aug | Sep | Oct | Nov | Dec 
2001: Jan | Feb | Mar | Apr | May | Jun | Jul | Aug | Sep | Oct | Nov | Dec 
2000: Jan | Feb | Mar | Apr | May | Jun | Jul | Aug | Sep | Oct | Nov | Dec 
1999: Jan | Feb | Mar | Apr | May | Jun | Jul | Aug | Sep | Oct | Nov | Dec 
1998: Jan | Feb | Mar | Apr | May | Jun | Jul | Aug | Sep | Oct | Nov | Dec 
1997: Jan | Feb | Mar | Apr | May | Jun | Jul | Aug | Sep | Oct | Nov | Dec 
1996: Jan | Feb | Mar | Apr | May | Jun | Jul | Aug | Sep | Oct | Nov | Dec 
1995: Jan | Feb | Mar | Apr | May | Jun | Jul | Aug | Sep | Oct | Nov | Dec 

Report for 2003 11
MONTHLY CLIMATOLOGICAL SUMMARY for NOV. 2003 NAME: HornSpri CITY: Lebanon STATE: TN ELEV: 612 ft LAT: 36 14' 05" N LONG: 86 22' 55" W TEMPERATURE (F), RAIN (in), WIND SPEED (mph) HEAT COOL AVG MEAN DEG DEG WIND DOM DAY TEMP HIGH TIME LOW TIME DAYS DAYS RAIN SPEED HIGH TIME DIR ------------------------------------------------------------------------------------ 1 65.2 78.6 12:58 51.7 6:02 0.0 0.2 0.00 0.3 8.0 10:12 WSW 2 63.7 78.8 14:29 48.6 6:18 1.3 0.0 0.00 0.6 11.0 11:21 WSW 3 64.3 81.2 12:56 47.4 6:03 0.7 0.0 0.00 0.3 7.0 15:17 WSW 4 63.0 79.0 12:32 47.1 4:23 2.0 0.0 0.00 1.5 14.0 13:50 S 5 65.8 73.0 9:42 58.6 00:00 0.0 0.8 0.23 1.8 18.0 7:28 N 6 53.3 58.6 0:01 48.0 23:38 11.7 0.0 0.01 2.5 17.0 12:53 NNW 7 45.2 49.8 16:10 40.5 23:59 19.8 0.0 0.00 3.0 16.0 14:35 N 8 46.7 55.4 12:52 37.9 6:23 18.3 0.0 0.00 4.4 19.0 8:04 NNE 9 46.2 58.6 15:01 33.8 6:30 18.8 0.0 0.00 2.0 16.0 0:21 NNE 10 50.8 64.7 14:39 37.0 3:14 14.2 0.0 0.00 1.0 11.0 8:44 S 11 64.6 71.1 15:07 58.1 3:33 0.4 0.0 0.00 4.1 22.0 10:49 SSW 12 60.2 71.6 13:03 48.8 00:00 4.8 0.0 0.15 5.9 29.0 23:35 SW 13 38.2 48.8 0:01 27.5 23:54 26.8 0.0 0.00 5.3 26.0 9:35 NNW 14 38.4 51.7 14:24 25.1 6:10 26.6 0.0 0.01 0.3 7.0 9:49 ESE 15 46.1 51.7 23:05 40.5 5:17 18.9 0.0 0.31 0.7 8.0 7:11 ESE 16 55.0 60.2 12:56 49.8 0:10 10.0 0.0 0.38 1.2 12.0 3:14 WSW 17 61.0 69.4 14:05 52.6 4:29 4.0 0.0 0.00 1.8 20.0 23:37 ESE 18 64.5 68.9 9:59 60.1 22:22 0.5 0.0 0.98 6.3 27.0 9:57 SSE 19 51.3 60.2 0:01 42.5 21:52 13.7 0.0 0.25 4.1 28.0 10:46 NNW 20 53.0 68.4 13:03 37.5 5:20 12.0 0.0 0.00 0.8 11.0 13:23 WSW 21 57.8 70.6 12:42 45.1 6:20 7.2 0.0 0.00 2.1 16.0 12:17 SSW 22 62.1 71.6 12:38 52.6 2:09 2.9 0.0 0.00 3.1 16.0 9:52 S 23 61.5 71.3 13:10 51.6 23:59 3.5 0.0 0.14 5.6 27.0 21:28 S 24 38.0 51.6 0:01 24.5 23:47 27.0 0.0 0.66 4.2 21.0 3:56 WNW 25 34.5 47.3 14:25 21.6 6:31 30.5 0.0 0.00 0.5 12.0 9:54 ESE 26 54.7 55.4 23:44 53.9 21:29 10.3 0.0 0.00 3.1 13.0 23:01 SSE 27 54.0 56.6 1:57 51.4 23:56 11.0 0.0 0.59 1.9 24.0 5:09 SSE 28 41.3 51.4 0:01 31.3 20:28 23.7 0.0 0.45 8.2 31.0 14:35 NW 29 36.3 42.6 15:03 30.0 6:18 28.7 0.0 0.00 3.6 21.0 0:28 SSW 30 45.8 58.6 14:35 32.9 4:35 19.3 0.0 0.00 3.9 18.0 10:01 SW ------------------------------------------------------------------------------------- 52.7 81.2 3 21.6 25 368.6 1.0 4.16 2.8 31.0 28 SSW Max >= 90.0: 0 Max <= 32.0: 0 Min <= 32.0: 6 Min <= 0.0: 0 Max Rain: 0.98 ON 11/18/03 Days of Rain: 10 (>.01 in) 10 (>.1 in) 0 (>1 in) Heat Base: 65.0 Cool Base: 65.0 Method: (High + Low) / 2