Warning: file(http://www.wunderground.com/climate/extremes.asp): failed to open stream: HTTP request failed! HTTP/1.0 500 Internal Server Error in /homepages/6/d330860172/htdocs/usaextremes.php on line 55

Warning: implode(): Invalid arguments passed in /homepages/6/d330860172/htdocs/usaextremes.php on line 55

NOAA Style Climate Reports for Lebanon, TN

NOAA style reports

NOAA-style Climate Reports

2018: Jan | Feb | Mar | Apr | May | Jun | Jul | Aug | Sep | Oct | Nov | Dec 
2017: Jan | Feb | Mar | Apr | May | Jun | Jul | Aug | Sep | Oct | Nov | Dec 
2016: Jan | Feb | Mar | Apr | May | Jun | Jul | Aug | Sep | Oct | Nov | Dec 
2015: Jan | Feb | Mar | Apr | May | Jun | Jul | Aug | Sep | Oct | Nov | Dec 
2014: Jan | Feb | Mar | Apr | May | Jun | Jul | Aug | Sep | Oct | Nov | Dec 
2013: Jan | Feb | Mar | Apr | May | Jun | Jul | Aug | Sep | Oct | Nov | Dec 
2012: Jan | Feb | Mar | Apr | May | Jun | Jul | Aug | Sep | Oct | Nov | Dec 
2011: Jan | Feb | Mar | Apr | May | Jun | Jul | Aug | Sep | Oct | Nov | Dec 
2010: Jan | Feb | Mar | Apr | May | Jun | Jul | Aug | Sep | Oct | Nov | Dec 
2009: Jan | Feb | Mar | Apr | May | Jun | Jul | Aug | Sep | Oct | Nov | Dec 
2008: Jan | Feb | Mar | Apr | May | Jun | Jul | Aug | Sep | Oct | Nov | Dec 
2007: Jan | Feb | Mar | Apr | May | Jun | Jul | Aug | Sep | Oct | Nov | Dec 
2006: Jan | Feb | Mar | Apr | May | Jun | Jul | Aug | Sep | Oct | Nov | Dec 
2005: Jan | Feb | Mar | Apr | May | Jun | Jul | Aug | Sep | Oct | Nov | Dec 
2004: Jan | Feb | Mar | Apr | May | Jun | Jul | Aug | Sep | Oct | Nov | Dec 
2003: Jan | Feb | Mar | Apr | May | Jun | Jul | Aug | Sep | Oct | Nov | Dec 
2002: Jan | Feb | Mar | Apr | May | Jun | Jul | Aug | Sep | Oct | Nov | Dec 
2001: Jan | Feb | Mar | Apr | May | Jun | Jul | Aug | Sep | Oct | Nov | Dec 
2000: Jan | Feb | Mar | Apr | May | Jun | Jul | Aug | Sep | Oct | Nov | Dec 
1999: Jan | Feb | Mar | Apr | May | Jun | Jul | Aug | Sep | Oct | Nov | Dec 
1998: Jan | Feb | Mar | Apr | May | Jun | Jul | Aug | Sep | Oct | Nov | Dec 
1997: Jan | Feb | Mar | Apr | May | Jun | Jul | Aug | Sep | Oct | Nov | Dec 
1996: Jan | Feb | Mar | Apr | May | Jun | Jul | Aug | Sep | Oct | Nov | Dec 
1995: Jan | Feb | Mar | Apr | May | Jun | Jul | Aug | Sep | Oct | Nov | Dec 

Report for 2003 12
MONTHLY CLIMATOLOGICAL SUMMARY for DEC. 2003 NAME: HornSpri CITY: Lebanon STATE: TN ELEV: 612 ft LAT: 36 14' 05" N LONG: 86 22' 55" W TEMPERATURE (F), RAIN (in), WIND SPEED (mph) HEAT COOL AVG MEAN DEG DEG WIND DOM DAY TEMP HIGH TIME LOW TIME DAYS DAYS RAIN SPEED HIGH TIME DIR ------------------------------------------------------------------------------------ 1 37.0 49.1 12:11 25.0 00:00 28.0 0.0 0.00 3.0 26.0 9:13 NNW 2 35.3 47.1 15:14 23.6 2:48 29.7 0.0 0.00 0.8 9.0 11:25 NE 3 47.7 57.5 12:28 37.9 3:44 17.3 0.0 0.22 3.4 24.0 17:10 ESE 4 42.2 44.8 11:52 39.6 0:01 22.8 0.0 0.22 1.4 12.0 23:38 SW 5 39.6 43.9 0:01 35.2 22:59 25.4 0.0 0.02 5.5 30.0 12:40 WSW 6 33.5 41.9 14:33 25.1 23:58 31.5 0.0 0.00 3.1 18.0 9:09 N 7 34.7 46.4 14:16 23.0 6:38 30.3 0.0 0.01 0.3 8.0 13:10 ESE 8 40.7 55.7 13:11 25.7 4:27 24.3 0.0 0.00 2.3 17.0 11:54 S 9 55.8 62.1 12:22 49.4 0:02 9.3 0.0 0.05 5.2 26.0 23:57 S 10 45.2 57.2 1:00 33.1 20:42 19.8 0.0 0.77 7.5 30.0 0:57 WSW 11 32.2 39.3 14:52 25.1 00:00 32.8 0.0 0.00 2.7 19.0 0:25 WNW 12 30.5 40.2 15:09 20.8 4:48 34.5 0.0 0.00 1.4 11.0 10:10 NE 13 34.1 37.8 15:44 30.4 0:01 30.9 0.0 0.32 2.5 17.0 12:40 NE 14 34.7 36.6 6:20 32.7 22:38 30.3 0.0 0.05 2.4 18.0 11:59 WNW 15 40.3 49.2 14:59 31.3 6:40 24.8 0.0 0.00 2.9 15.0 10:20 SSE 16 46.2 58.9 10:00 33.5 23:34 18.8 0.0 0.29 6.6 30.0 15:30 SSW 17 34.0 40.3 15:06 27.6 6:55 31.0 0.0 0.00 3.9 22.0 8:55 WSW 18 38.8 43.9 9:53 33.8 23:10 26.2 0.0 0.07 5.5 28.0 17:42 WNW 19 31.9 36.3 10:34 27.5 23:58 33.1 0.0 0.00 4.8 26.0 14:00 NW 20 25.3 34.0 15:33 16.5 7:06 39.8 0.0 0.01 0.7 11.0 10:15 ESE 21 37.3 51.6 14:38 23.0 1:24 27.7 0.0 0.00 3.2 18.0 11:26 SSW 22 50.5 59.5 15:18 41.5 3:38 14.5 0.0 0.00 5.6 22.0 9:33 SSW 23 42.8 53.3 7:22 32.4 23:59 22.2 0.0 0.64 6.7 25.0 5:57 NNW 24 32.0 34.9 12:47 29.0 21:00 33.0 0.0 0.00 3.4 18.0 2:33 NNW 25 30.2 38.9 15:22 21.4 23:58 34.8 0.0 0.00 0.8 13.0 1:43 NW 26 32.7 47.1 14:56 18.3 6:17 32.3 0.0 0.00 0.8 12.0 12:06 E 27 41.5 59.8 14:54 23.3 7:14 23.5 0.0 0.00 0.6 12.0 14:36 SSE 28 45.7 63.5 12:43 27.9 4:32 19.3 0.0 0.00 2.6 20.0 9:56 S 29 50.0 60.4 10:28 39.6 21:24 15.0 0.0 0.87 5.5 29.0 17:57 S 30 37.5 47.4 14:42 27.5 23:56 27.5 0.0 0.00 0.6 19.0 0:11 WSW 31 40.5 54.7 14:19 26.4 2:19 24.5 0.0 0.01 1.3 14.0 11:08 SSW ------------------------------------------------------------------------------------- 38.7 63.5 28 16.5 20 814.8 0.0 3.55 3.1 30.0 5 SSW Max >= 90.0: 0 Max <= 32.0: 0 Min <= 32.0: 20 Min <= 0.0: 0 Max Rain: 0.87 ON 12/29/03 Days of Rain: 11 (>.01 in) 7 (>.1 in) 0 (>1 in) Heat Base: 65.0 Cool Base: 65.0 Method: (High + Low) / 2