Warning: file(http://www.wunderground.com/climate/extremes.asp): failed to open stream: HTTP request failed! HTTP/1.0 500 Internal Server Error in /homepages/6/d330860172/htdocs/usaextremes.php on line 55

Warning: implode(): Invalid arguments passed in /homepages/6/d330860172/htdocs/usaextremes.php on line 55

NOAA Style Climate Reports for Lebanon, TN

NOAA style reports

NOAA-style Climate Reports

2018: Jan | Feb | Mar | Apr | May | Jun | Jul | Aug | Sep | Oct | Nov | Dec 
2017: Jan | Feb | Mar | Apr | May | Jun | Jul | Aug | Sep | Oct | Nov | Dec 
2016: Jan | Feb | Mar | Apr | May | Jun | Jul | Aug | Sep | Oct | Nov | Dec 
2015: Jan | Feb | Mar | Apr | May | Jun | Jul | Aug | Sep | Oct | Nov | Dec 
2014: Jan | Feb | Mar | Apr | May | Jun | Jul | Aug | Sep | Oct | Nov | Dec 
2013: Jan | Feb | Mar | Apr | May | Jun | Jul | Aug | Sep | Oct | Nov | Dec 
2012: Jan | Feb | Mar | Apr | May | Jun | Jul | Aug | Sep | Oct | Nov | Dec 
2011: Jan | Feb | Mar | Apr | May | Jun | Jul | Aug | Sep | Oct | Nov | Dec 
2010: Jan | Feb | Mar | Apr | May | Jun | Jul | Aug | Sep | Oct | Nov | Dec 
2009: Jan | Feb | Mar | Apr | May | Jun | Jul | Aug | Sep | Oct | Nov | Dec 
2008: Jan | Feb | Mar | Apr | May | Jun | Jul | Aug | Sep | Oct | Nov | Dec 
2007: Jan | Feb | Mar | Apr | May | Jun | Jul | Aug | Sep | Oct | Nov | Dec 
2006: Jan | Feb | Mar | Apr | May | Jun | Jul | Aug | Sep | Oct | Nov | Dec 
2005: Jan | Feb | Mar | Apr | May | Jun | Jul | Aug | Sep | Oct | Nov | Dec 
2004: Jan | Feb | Mar | Apr | May | Jun | Jul | Aug | Sep | Oct | Nov | Dec 
2003: Jan | Feb | Mar | Apr | May | Jun | Jul | Aug | Sep | Oct | Nov | Dec 
2002: Jan | Feb | Mar | Apr | May | Jun | Jul | Aug | Sep | Oct | Nov | Dec 
2001: Jan | Feb | Mar | Apr | May | Jun | Jul | Aug | Sep | Oct | Nov | Dec 
2000: Jan | Feb | Mar | Apr | May | Jun | Jul | Aug | Sep | Oct | Nov | Dec 
1999: Jan | Feb | Mar | Apr | May | Jun | Jul | Aug | Sep | Oct | Nov | Dec 
1998: Jan | Feb | Mar | Apr | May | Jun | Jul | Aug | Sep | Oct | Nov | Dec 
1997: Jan | Feb | Mar | Apr | May | Jun | Jul | Aug | Sep | Oct | Nov | Dec 
1996: Jan | Feb | Mar | Apr | May | Jun | Jul | Aug | Sep | Oct | Nov | Dec 
1995: Jan | Feb | Mar | Apr | May | Jun | Jul | Aug | Sep | Oct | Nov | Dec 

Report for 2004 01
MONTHLY CLIMATOLOGICAL SUMMARY for JAN. 2004 NAME: HornSpri CITY: Lebanon STATE: TN ELEV: 612 ft LAT: 36 14' 05" N LONG: 86 22' 55" W TEMPERATURE (F), RAIN (in), WIND SPEED (mph) HEAT COOL AVG MEAN DEG DEG WIND DOM DAY TEMP HIGH TIME LOW TIME DAYS DAYS RAIN SPEED HIGH TIME DIR ------------------------------------------------------------------------------------ 1 46.0 58.6 14:32 33.5 5:29 19.0 0.0 0.00 2.3 18.0 20:15 SSW 2 55.6 62.9 23:01 48.2 1:43 9.4 0.0 0.34 4.9 21.0 22:25 SSW 3 67.2 72.5 13:55 61.8 6:32 0.0 2.2 0.01 5.2 21.0 11:52 SSW 4 63.0 73.0 14:27 53.1 23:58 2.0 0.0 0.13 7.3 31.0 10:47 SSW 5 42.2 53.1 0:01 31.2 23:59 22.8 0.0 0.17 5.9 24.0 4:39 NNW 6 23.0 31.2 0:01 14.9 23:59 42.0 0.0 0.00 5.1 24.0 6:18 NNW 7 19.3 28.7 13:12 9.9 3:11 45.7 0.0 0.00 0.5 8.0 12:54 W 8 32.3 38.2 12:22 26.3 0:01 32.8 0.0 0.03 1.3 11.0 10:38 SSE 9 30.6 32.8 11:27 28.4 23:48 34.4 0.0 0.08 3.2 17.0 11:56 N 10 24.6 31.0 15:08 18.3 23:41 40.3 0.0 0.01 2.9 16.0 0:51 NE 11 31.6 47.1 14:41 16.2 4:42 33.3 0.0 0.10 3.3 19.0 14:33 SSW 12 44.0 56.7 15:18 31.2 23:58 21.0 0.0 0.00 3.7 20.0 0:35 SW 13 42.3 57.6 14:20 27.0 7:06 22.7 0.0 0.00 1.6 14.0 13:05 NNW 14 38.8 55.3 13:26 22.2 6:41 26.3 0.0 0.00 4.6 31.0 22:00 WSW 15 33.2 42.3 15:11 24.1 23:56 31.8 0.0 0.00 3.8 25.0 1:27 NNW 16 37.0 52.2 15:36 21.8 6:59 28.0 0.0 0.00 0.9 10.0 12:18 E 17 46.7 53.2 11:33 40.2 0:01 18.3 0.0 0.26 2.1 24.0 11:51 ESE 18 36.2 46.0 2:51 26.4 00:00 28.8 0.0 0.94 5.2 25.0 8:58 NNW 19 23.9 27.8 10:42 20.0 23:50 41.1 0.0 0.00 5.5 20.0 10:32 N 20 24.4 33.7 15:19 15.1 6:44 40.6 0.0 0.00 1.7 14.0 11:08 NNE 21 31.4 39.5 15:18 23.3 22:06 33.6 0.0 0.00 1.1 12.0 13:56 WSW 22 32.3 43.8 11:17 20.8 00:00 32.7 0.0 0.00 4.2 22.0 15:40 SW 23 26.5 41.3 15:31 11.7 6:33 38.5 0.0 0.00 2.6 17.0 19:52 SW 24 44.7 53.3 14:07 36.0 23:57 20.3 0.0 0.00 3.2 15.0 21:06 SW 25 45.9 59.9 14:29 31.9 2:45 19.1 0.0 1.50 4.1 25.0 16:00 ENE 26 54.8 60.4 14:52 49.1 23:36 10.3 0.0 0.00 5.1 20.0 11:32 SSW 27 37.0 50.1 1:01 23.9 23:58 28.0 0.0 0.06 8.3 31.0 1:06 WNW 28 25.1 35.0 15:58 15.2 6:59 39.9 0.0 0.00 2.1 19.0 0:18 NW 29 36.7 50.4 14:18 22.9 5:35 28.3 0.0 0.01 3.0 20.0 12:55 SW 30 26.0 38.3 0:01 13.8 23:59 39.0 0.0 0.02 5.1 25.0 1:07 NNW 31 22.5 35.0 16:08 9.9 5:27 42.5 0.0 0.00 1.9 13.0 6:29 NE ------------------------------------------------------------------------------------- 36.9 73.0 4 9.9 7 872.5 2.2 3.66 3.6 31.0 4 SSW Max >= 90.0: 0 Max <= 32.0: 4 Min <= 32.0: 24 Min <= 0.0: 0 Max Rain: 1.50 ON 01/25/04 Days of Rain: 11 (>.01 in) 6 (>.1 in) 1 (>1 in) Heat Base: 65.0 Cool Base: 65.0 Method: (High + Low) / 2