Warning: file(http://www.wunderground.com/climate/extremes.asp): failed to open stream: HTTP request failed! HTTP/1.0 500 Internal Server Error in /homepages/6/d330860172/htdocs/usaextremes.php on line 55

Warning: implode(): Invalid arguments passed in /homepages/6/d330860172/htdocs/usaextremes.php on line 55

NOAA Style Climate Reports for Lebanon, TN

NOAA style reports

NOAA-style Climate Reports

2018: Jan | Feb | Mar | Apr | May | Jun | Jul | Aug | Sep | Oct | Nov | Dec 
2017: Jan | Feb | Mar | Apr | May | Jun | Jul | Aug | Sep | Oct | Nov | Dec 
2016: Jan | Feb | Mar | Apr | May | Jun | Jul | Aug | Sep | Oct | Nov | Dec 
2015: Jan | Feb | Mar | Apr | May | Jun | Jul | Aug | Sep | Oct | Nov | Dec 
2014: Jan | Feb | Mar | Apr | May | Jun | Jul | Aug | Sep | Oct | Nov | Dec 
2013: Jan | Feb | Mar | Apr | May | Jun | Jul | Aug | Sep | Oct | Nov | Dec 
2012: Jan | Feb | Mar | Apr | May | Jun | Jul | Aug | Sep | Oct | Nov | Dec 
2011: Jan | Feb | Mar | Apr | May | Jun | Jul | Aug | Sep | Oct | Nov | Dec 
2010: Jan | Feb | Mar | Apr | May | Jun | Jul | Aug | Sep | Oct | Nov | Dec 
2009: Jan | Feb | Mar | Apr | May | Jun | Jul | Aug | Sep | Oct | Nov | Dec 
2008: Jan | Feb | Mar | Apr | May | Jun | Jul | Aug | Sep | Oct | Nov | Dec 
2007: Jan | Feb | Mar | Apr | May | Jun | Jul | Aug | Sep | Oct | Nov | Dec 
2006: Jan | Feb | Mar | Apr | May | Jun | Jul | Aug | Sep | Oct | Nov | Dec 
2005: Jan | Feb | Mar | Apr | May | Jun | Jul | Aug | Sep | Oct | Nov | Dec 
2004: Jan | Feb | Mar | Apr | May | Jun | Jul | Aug | Sep | Oct | Nov | Dec 
2003: Jan | Feb | Mar | Apr | May | Jun | Jul | Aug | Sep | Oct | Nov | Dec 
2002: Jan | Feb | Mar | Apr | May | Jun | Jul | Aug | Sep | Oct | Nov | Dec 
2001: Jan | Feb | Mar | Apr | May | Jun | Jul | Aug | Sep | Oct | Nov | Dec 
2000: Jan | Feb | Mar | Apr | May | Jun | Jul | Aug | Sep | Oct | Nov | Dec 
1999: Jan | Feb | Mar | Apr | May | Jun | Jul | Aug | Sep | Oct | Nov | Dec 
1998: Jan | Feb | Mar | Apr | May | Jun | Jul | Aug | Sep | Oct | Nov | Dec 
1997: Jan | Feb | Mar | Apr | May | Jun | Jul | Aug | Sep | Oct | Nov | Dec 
1996: Jan | Feb | Mar | Apr | May | Jun | Jul | Aug | Sep | Oct | Nov | Dec 
1995: Jan | Feb | Mar | Apr | May | Jun | Jul | Aug | Sep | Oct | Nov | Dec 

Report for 2004 02
MONTHLY CLIMATOLOGICAL SUMMARY for FEB. 2004 NAME: HornSpri CITY: Lebanon STATE: TN ELEV: 612 ft LAT: 36 14' 05" N LONG: 86 22' 55" W TEMPERATURE (F), RAIN (in), WIND SPEED (mph) HEAT COOL AVG MEAN DEG DEG WIND DOM DAY TEMP HIGH TIME LOW TIME DAYS DAYS RAIN SPEED HIGH TIME DIR ------------------------------------------------------------------------------------ 1 37.3 55.1 15:49 19.5 4:00 27.7 0.0 0.00 1.5 12.0 13:37 ESE 2 44.9 50.5 11:14 39.3 0:25 20.1 0.0 0.72 3.5 21.0 11:23 SSW 3 33.3 43.2 2:06 23.3 23:37 31.8 0.0 0.08 4.2 26.0 4:25 W 4 32.2 43.9 15:21 20.5 4:22 32.8 0.0 0.00 2.7 17.0 13:51 NE 5 43.7 54.2 20:17 33.1 5:34 21.3 0.0 3.93 5.9 29.0 15:59 ESE 6 42.2 51.9 0:01 32.4 23:54 22.8 0.0 0.14 4.5 19.0 21:06 WNW 7 28.3 32.4 0:01 24.1 23:58 36.8 0.0 0.01 5.3 22.0 11:48 WNW 8 31.3 39.2 16:22 23.3 6:58 33.8 0.0 0.01 1.6 13.0 0:44 ESE 9 36.2 43.6 15:21 28.7 0:01 28.8 0.0 0.14 1.7 13.0 2:01 SSW 10 38.7 46.1 14:08 31.3 23:54 26.3 0.0 0.05 0.9 11.0 13:35 WSW 11 39.4 50.1 14:16 28.8 6:50 25.6 0.0 0.00 0.5 8.0 12:07 E 12 36.8 46.2 13:26 27.5 00:00 28.2 0.0 0.17 3.0 16.0 14:10 N 13 30.3 39.5 15:29 21.0 5:24 34.8 0.0 0.00 0.7 9.0 12:07 NNW 14 39.8 49.5 15:26 30.1 0:01 25.2 0.0 0.00 1.2 11.0 14:41 NE 15 34.5 41.2 5:18 27.8 23:57 30.5 0.0 0.00 6.5 29.0 4:56 N 16 33.2 43.8 14:57 22.5 6:22 31.8 0.0 0.00 1.4 12.0 7:33 NE 17 39.0 49.6 13:34 28.5 21:45 26.0 0.0 0.00 1.4 11.0 10:42 WSW 18 36.8 52.0 16:01 21.6 5:52 28.2 0.0 0.00 1.2 14.0 13:19 SW 19 47.8 62.1 12:39 33.5 0:41 17.2 0.0 0.00 3.4 18.0 14:39 SSW 20 52.6 60.7 15:58 44.5 23:48 12.4 0.0 0.02 7.2 27.0 22:36 SSW 21 38.5 49.2 14:42 27.9 23:58 26.5 0.0 0.00 3.7 22.0 0:49 NNW 22 38.0 52.8 16:00 23.2 6:41 27.0 0.0 0.00 0.9 13.0 10:57 ESE 23 44.3 57.3 14:53 31.2 2:25 20.8 0.0 0.00 0.6 8.0 8:13 ESE 24 48.6 57.6 13:38 39.6 23:55 16.4 0.0 0.05 3.8 22.0 15:14 N 25 40.7 48.3 15:21 33.1 6:08 24.3 0.0 0.00 7.2 25.0 11:14 NE 26 37.3 42.5 0:02 32.1 00:00 27.7 0.0 0.16 1.3 17.0 1:30 NE 27 37.9 47.4 17:04 28.4 23:58 27.1 0.0 0.00 0.8 10.0 9:31 NNE 28 43.1 62.0 16:01 24.2 7:00 21.9 0.0 0.00 1.0 13.0 11:13 ESE 29 51.1 65.3 13:18 36.9 5:38 13.9 0.0 0.00 3.0 21.0 14:38 S ------------------------------------------------------------------------------------- 39.2 65.3 29 19.5 1 747.5 0.0 5.48 2.8 29.0 5 NE Max >= 90.0: 0 Max <= 32.0: 0 Min <= 32.0: 20 Min <= 0.0: 0 Max Rain: 3.93 ON 02/05/04 Days of Rain: 10 (>.01 in) 6 (>.1 in) 1 (>1 in) Heat Base: 65.0 Cool Base: 65.0 Method: (High + Low) / 2