Warning: file(http://www.wunderground.com/climate/extremes.asp): failed to open stream: HTTP request failed! HTTP/1.0 500 Internal Server Error in /homepages/6/d330860172/htdocs/usaextremes.php on line 55

Warning: implode(): Invalid arguments passed in /homepages/6/d330860172/htdocs/usaextremes.php on line 55

NOAA Style Climate Reports for Lebanon, TN

NOAA style reports

NOAA-style Climate Reports

2018: Jan | Feb | Mar | Apr | May | Jun | Jul | Aug | Sep | Oct | Nov | Dec 
2017: Jan | Feb | Mar | Apr | May | Jun | Jul | Aug | Sep | Oct | Nov | Dec 
2016: Jan | Feb | Mar | Apr | May | Jun | Jul | Aug | Sep | Oct | Nov | Dec 
2015: Jan | Feb | Mar | Apr | May | Jun | Jul | Aug | Sep | Oct | Nov | Dec 
2014: Jan | Feb | Mar | Apr | May | Jun | Jul | Aug | Sep | Oct | Nov | Dec 
2013: Jan | Feb | Mar | Apr | May | Jun | Jul | Aug | Sep | Oct | Nov | Dec 
2012: Jan | Feb | Mar | Apr | May | Jun | Jul | Aug | Sep | Oct | Nov | Dec 
2011: Jan | Feb | Mar | Apr | May | Jun | Jul | Aug | Sep | Oct | Nov | Dec 
2010: Jan | Feb | Mar | Apr | May | Jun | Jul | Aug | Sep | Oct | Nov | Dec 
2009: Jan | Feb | Mar | Apr | May | Jun | Jul | Aug | Sep | Oct | Nov | Dec 
2008: Jan | Feb | Mar | Apr | May | Jun | Jul | Aug | Sep | Oct | Nov | Dec 
2007: Jan | Feb | Mar | Apr | May | Jun | Jul | Aug | Sep | Oct | Nov | Dec 
2006: Jan | Feb | Mar | Apr | May | Jun | Jul | Aug | Sep | Oct | Nov | Dec 
2005: Jan | Feb | Mar | Apr | May | Jun | Jul | Aug | Sep | Oct | Nov | Dec 
2004: Jan | Feb | Mar | Apr | May | Jun | Jul | Aug | Sep | Oct | Nov | Dec 
2003: Jan | Feb | Mar | Apr | May | Jun | Jul | Aug | Sep | Oct | Nov | Dec 
2002: Jan | Feb | Mar | Apr | May | Jun | Jul | Aug | Sep | Oct | Nov | Dec 
2001: Jan | Feb | Mar | Apr | May | Jun | Jul | Aug | Sep | Oct | Nov | Dec 
2000: Jan | Feb | Mar | Apr | May | Jun | Jul | Aug | Sep | Oct | Nov | Dec 
1999: Jan | Feb | Mar | Apr | May | Jun | Jul | Aug | Sep | Oct | Nov | Dec 
1998: Jan | Feb | Mar | Apr | May | Jun | Jul | Aug | Sep | Oct | Nov | Dec 
1997: Jan | Feb | Mar | Apr | May | Jun | Jul | Aug | Sep | Oct | Nov | Dec 
1996: Jan | Feb | Mar | Apr | May | Jun | Jul | Aug | Sep | Oct | Nov | Dec 
1995: Jan | Feb | Mar | Apr | May | Jun | Jul | Aug | Sep | Oct | Nov | Dec 

Report for 2004 03
MONTHLY CLIMATOLOGICAL SUMMARY for MAR. 2004 NAME: HornSpri CITY: Lebanon STATE: TN ELEV: 612 ft LAT: 36 14' 05" N LONG: 86 22' 55" W TEMPERATURE (F), RAIN (in), WIND SPEED (mph) HEAT COOL AVG MEAN DEG DEG WIND DOM DAY TEMP HIGH TIME LOW TIME DAYS DAYS RAIN SPEED HIGH TIME DIR ------------------------------------------------------------------------------------ 1 56.6 59.9 6:47 53.2 13:01 8.4 0.0 1.33 3.6 21.0 4:36 S 2 55.7 66.6 13:57 44.8 00:00 9.3 0.0 0.01 1.4 14.0 14:38 WSW 3 53.6 63.4 21:47 43.8 4:36 11.4 0.0 0.01 1.6 12.0 9:35 ESE 4 67.0 74.7 10:57 59.3 6:28 0.0 2.0 0.00 4.3 26.0 10:07 SSW 5 61.5 68.6 0:01 54.4 23:28 3.5 0.0 1.61 4.9 28.0 17:19 SSW 6 49.0 58.7 15:53 39.2 23:55 16.0 0.0 0.01 3.3 22.0 10:21 WSW 7 48.5 62.6 12:04 34.4 5:38 16.5 0.0 0.00 4.7 32.0 15:53 NW 8 45.0 52.8 15:45 37.3 6:22 20.0 0.0 0.00 4.9 20.0 2:47 NNW 9 40.8 48.8 8:04 32.7 23:54 24.3 0.0 0.01 5.5 26.0 11:56 NNW 10 38.7 52.3 15:56 25.1 6:13 26.3 0.0 0.00 1.0 11.0 9:18 N 11 45.2 60.1 15:28 30.3 2:14 19.8 0.0 0.00 3.7 24.0 14:59 WSW 12 40.6 49.9 16:16 31.3 3:17 24.4 0.0 0.00 3.0 17.0 10:19 NNW 13 42.0 57.0 16:03 26.9 4:37 23.0 0.0 0.00 1.7 16.0 11:36 E 14 47.5 54.7 16:19 40.3 22:57 17.5 0.0 0.09 0.6 10.0 11:59 WSW 15 46.8 57.8 12:46 35.9 6:24 18.2 0.0 0.06 1.9 16.0 8:19 E 16 50.1 58.3 13:21 41.9 23:22 14.9 0.0 0.13 6.3 26.0 11:50 N 17 48.4 58.6 14:47 38.2 6:38 16.6 0.0 0.05 2.4 20.0 17:03 WSW 18 59.3 72.8 15:59 45.7 0:28 5.8 0.0 0.07 3.0 20.0 7:14 ESE 19 54.3 66.6 14:42 42.1 6:14 10.7 0.0 0.00 1.6 13.0 7:45 N 20 62.3 77.4 12:09 47.1 3:43 2.8 0.0 0.72 3.8 35.0 15:04 SW 21 41.8 53.8 0:01 29.8 00:00 23.2 0.0 0.00 8.0 27.0 3:30 NNW 22 37.2 46.4 15:32 27.9 0:57 27.8 0.0 0.00 2.6 19.0 9:37 N 23 43.3 61.2 15:50 25.4 4:56 21.7 0.0 0.00 1.7 17.0 14:41 SSW 24 59.7 70.8 15:36 48.6 2:19 5.3 0.0 0.00 3.6 24.0 10:21 S 25 65.2 74.9 14:10 55.4 1:08 0.0 0.2 0.00 3.2 21.0 13:20 S 26 65.9 76.7 12:58 55.1 00:00 0.0 0.9 0.00 3.0 22.0 10:57 SSW 27 67.2 79.6 13:27 54.7 0:23 0.0 2.2 0.00 0.9 16.0 14:12 SW 28 67.8 80.3 13:52 55.3 6:01 0.0 2.8 0.00 1.9 19.0 13:39 SSW 29 56.7 64.5 2:26 48.8 23:53 8.3 0.0 0.90 2.2 19.0 9:06 NNW 30 51.7 61.8 12:52 41.6 5:23 13.3 0.0 0.01 4.1 25.0 17:02 WSW 31 44.3 49.1 11:11 39.6 6:04 20.7 0.0 0.03 4.3 20.0 11:12 NW ------------------------------------------------------------------------------------- 52.0 80.3 28 25.1 10 409.6 8.0 5.04 3.2 35.0 20 NNW Max >= 90.0: 0 Max <= 32.0: 0 Min <= 32.0: 7 Min <= 0.0: 0 Max Rain: 1.61 ON 03/05/04 Days of Rain: 10 (>.01 in) 5 (>.1 in) 2 (>1 in) Heat Base: 65.0 Cool Base: 65.0 Method: (High + Low) / 2