Warning: file(http://www.wunderground.com/climate/extremes.asp): failed to open stream: HTTP request failed! HTTP/1.0 500 Internal Server Error in /homepages/6/d330860172/htdocs/usaextremes.php on line 55

Warning: implode(): Invalid arguments passed in /homepages/6/d330860172/htdocs/usaextremes.php on line 55

NOAA Style Climate Reports for Lebanon, TN

NOAA style reports

NOAA-style Climate Reports

2018: Jan | Feb | Mar | Apr | May | Jun | Jul | Aug | Sep | Oct | Nov | Dec 
2017: Jan | Feb | Mar | Apr | May | Jun | Jul | Aug | Sep | Oct | Nov | Dec 
2016: Jan | Feb | Mar | Apr | May | Jun | Jul | Aug | Sep | Oct | Nov | Dec 
2015: Jan | Feb | Mar | Apr | May | Jun | Jul | Aug | Sep | Oct | Nov | Dec 
2014: Jan | Feb | Mar | Apr | May | Jun | Jul | Aug | Sep | Oct | Nov | Dec 
2013: Jan | Feb | Mar | Apr | May | Jun | Jul | Aug | Sep | Oct | Nov | Dec 
2012: Jan | Feb | Mar | Apr | May | Jun | Jul | Aug | Sep | Oct | Nov | Dec 
2011: Jan | Feb | Mar | Apr | May | Jun | Jul | Aug | Sep | Oct | Nov | Dec 
2010: Jan | Feb | Mar | Apr | May | Jun | Jul | Aug | Sep | Oct | Nov | Dec 
2009: Jan | Feb | Mar | Apr | May | Jun | Jul | Aug | Sep | Oct | Nov | Dec 
2008: Jan | Feb | Mar | Apr | May | Jun | Jul | Aug | Sep | Oct | Nov | Dec 
2007: Jan | Feb | Mar | Apr | May | Jun | Jul | Aug | Sep | Oct | Nov | Dec 
2006: Jan | Feb | Mar | Apr | May | Jun | Jul | Aug | Sep | Oct | Nov | Dec 
2005: Jan | Feb | Mar | Apr | May | Jun | Jul | Aug | Sep | Oct | Nov | Dec 
2004: Jan | Feb | Mar | Apr | May | Jun | Jul | Aug | Sep | Oct | Nov | Dec 
2003: Jan | Feb | Mar | Apr | May | Jun | Jul | Aug | Sep | Oct | Nov | Dec 
2002: Jan | Feb | Mar | Apr | May | Jun | Jul | Aug | Sep | Oct | Nov | Dec 
2001: Jan | Feb | Mar | Apr | May | Jun | Jul | Aug | Sep | Oct | Nov | Dec 
2000: Jan | Feb | Mar | Apr | May | Jun | Jul | Aug | Sep | Oct | Nov | Dec 
1999: Jan | Feb | Mar | Apr | May | Jun | Jul | Aug | Sep | Oct | Nov | Dec 
1998: Jan | Feb | Mar | Apr | May | Jun | Jul | Aug | Sep | Oct | Nov | Dec 
1997: Jan | Feb | Mar | Apr | May | Jun | Jul | Aug | Sep | Oct | Nov | Dec 
1996: Jan | Feb | Mar | Apr | May | Jun | Jul | Aug | Sep | Oct | Nov | Dec 
1995: Jan | Feb | Mar | Apr | May | Jun | Jul | Aug | Sep | Oct | Nov | Dec 

Report for 2004 04
MONTHLY CLIMATOLOGICAL SUMMARY for APR. 2004 NAME: HornSpri CITY: Lebanon STATE: TN ELEV: 612 ft LAT: 36 14' 05" N LONG: 86 22' 55" W TEMPERATURE (F), RAIN (in), WIND SPEED (mph) HEAT COOL AVG MEAN DEG DEG WIND DOM DAY TEMP HIGH TIME LOW TIME DAYS DAYS RAIN SPEED HIGH TIME DIR ------------------------------------------------------------------------------------ 1 46.2 56.2 13:02 36.2 00:00 18.8 0.0 0.00 3.7 27.0 11:39 NW 2 46.7 60.7 16:02 32.7 3:48 18.3 0.0 0.00 4.2 28.0 12:34 NNW 3 49.4 65.2 14:43 33.7 5:23 15.6 0.0 0.00 3.2 21.0 16:45 NW 4 46.7 54.8 16:52 38.5 22:42 18.3 0.0 0.00 6.1 28.0 0:38 NNW 5 45.7 59.5 16:51 31.9 6:51 19.3 0.0 0.00 1.6 14.0 11:54 N 6 52.3 72.0 17:09 32.5 6:50 12.8 0.0 0.00 0.6 12.0 16:03 W 7 58.8 76.7 14:18 40.8 4:55 6.3 0.0 0.03 0.7 18.0 17:05 WSW 8 63.0 76.0 15:27 50.1 23:59 2.0 0.0 0.00 3.7 24.0 15:09 NNW 9 55.3 71.1 16:14 39.6 4:31 9.7 0.0 0.00 1.6 17.0 10:47 N 10 52.5 63.5 15:14 41.5 1:34 12.5 0.0 0.00 0.7 10.0 23:12 NE 11 54.5 59.2 12:46 49.8 22:34 10.5 0.0 0.07 2.4 14.0 10:08 N 12 47.0 50.7 2:29 43.2 23:24 18.0 0.0 1.38 5.8 21.0 6:17 NNE 13 38.2 43.2 0:01 33.2 12:55 26.8 0.0 1.11 6.4 27.0 16:54 NNW 14 48.0 61.5 16:37 34.4 6:25 17.0 0.0 0.00 4.4 24.0 0:48 NNW 15 53.6 73.7 16:20 33.5 6:25 11.4 0.0 0.00 0.5 12.0 13:32 ESE 16 62.0 77.9 16:33 46.0 5:56 3.0 0.0 0.00 2.0 20.0 11:55 SW 17 68.9 80.9 16:43 56.9 2:29 0.0 3.9 0.00 2.9 19.0 12:14 SSW 18 70.4 82.8 15:54 58.1 6:24 0.0 5.4 0.00 2.4 18.0 11:44 SSW 19 68.9 78.8 17:58 59.0 6:12 0.0 3.9 0.00 2.9 21.0 10:36 SW 20 69.6 79.9 15:37 59.2 1:54 0.0 4.6 0.02 2.0 21.0 14:32 SSW 21 64.9 71.8 13:15 58.0 23:35 0.1 0.0 0.52 2.8 21.0 15:05 SSW 22 65.5 73.2 13:22 57.8 0:15 0.0 0.5 1.31 2.0 20.0 11:46 SSW 23 65.9 72.8 16:51 59.0 0:25 0.0 0.9 0.79 0.8 16.0 14:06 ESE 24 71.7 83.6 16:47 59.8 0:01 0.0 6.7 0.05 1.4 16.0 17:12 NE 25 66.8 75.4 12:23 58.1 23:57 0.0 1.8 0.09 1.7 17.0 10:15 WSW 26 57.8 68.3 14:53 47.3 23:57 7.2 0.0 0.01 2.1 21.0 20:57 N 27 52.7 64.8 15:00 40.6 23:52 12.3 0.0 0.00 3.5 29.0 13:14 NNW 28 56.6 76.3 17:34 36.8 6:04 8.4 0.0 0.00 0.8 14.0 15:31 WSW 29 67.0 77.7 16:53 56.3 3:40 0.0 2.0 0.00 1.3 18.0 13:41 S 30 68.5 76.3 14:52 60.7 4:26 0.0 3.5 0.22 0.7 14.0 15:13 WSW ------------------------------------------------------------------------------------- 57.8 83.6 24 31.9 5 248.3 33.2 5.60 2.5 29.0 27 NNW Max >= 90.0: 0 Max <= 32.0: 0 Min <= 32.0: 1 Min <= 0.0: 0 Max Rain: 1.38 ON 04/12/04 Days of Rain: 11 (>.01 in) 6 (>.1 in) 3 (>1 in) Heat Base: 65.0 Cool Base: 65.0 Method: (High + Low) / 2