Warning: file(http://www.wunderground.com/climate/extremes.asp): failed to open stream: HTTP request failed! HTTP/1.0 500 Internal Server Error in /homepages/6/d330860172/htdocs/usaextremes.php on line 55

Warning: implode(): Invalid arguments passed in /homepages/6/d330860172/htdocs/usaextremes.php on line 55

NOAA Style Climate Reports for Lebanon, TN

NOAA style reports

NOAA-style Climate Reports

2018: Jan | Feb | Mar | Apr | May | Jun | Jul | Aug | Sep | Oct | Nov | Dec 
2017: Jan | Feb | Mar | Apr | May | Jun | Jul | Aug | Sep | Oct | Nov | Dec 
2016: Jan | Feb | Mar | Apr | May | Jun | Jul | Aug | Sep | Oct | Nov | Dec 
2015: Jan | Feb | Mar | Apr | May | Jun | Jul | Aug | Sep | Oct | Nov | Dec 
2014: Jan | Feb | Mar | Apr | May | Jun | Jul | Aug | Sep | Oct | Nov | Dec 
2013: Jan | Feb | Mar | Apr | May | Jun | Jul | Aug | Sep | Oct | Nov | Dec 
2012: Jan | Feb | Mar | Apr | May | Jun | Jul | Aug | Sep | Oct | Nov | Dec 
2011: Jan | Feb | Mar | Apr | May | Jun | Jul | Aug | Sep | Oct | Nov | Dec 
2010: Jan | Feb | Mar | Apr | May | Jun | Jul | Aug | Sep | Oct | Nov | Dec 
2009: Jan | Feb | Mar | Apr | May | Jun | Jul | Aug | Sep | Oct | Nov | Dec 
2008: Jan | Feb | Mar | Apr | May | Jun | Jul | Aug | Sep | Oct | Nov | Dec 
2007: Jan | Feb | Mar | Apr | May | Jun | Jul | Aug | Sep | Oct | Nov | Dec 
2006: Jan | Feb | Mar | Apr | May | Jun | Jul | Aug | Sep | Oct | Nov | Dec 
2005: Jan | Feb | Mar | Apr | May | Jun | Jul | Aug | Sep | Oct | Nov | Dec 
2004: Jan | Feb | Mar | Apr | May | Jun | Jul | Aug | Sep | Oct | Nov | Dec 
2003: Jan | Feb | Mar | Apr | May | Jun | Jul | Aug | Sep | Oct | Nov | Dec 
2002: Jan | Feb | Mar | Apr | May | Jun | Jul | Aug | Sep | Oct | Nov | Dec 
2001: Jan | Feb | Mar | Apr | May | Jun | Jul | Aug | Sep | Oct | Nov | Dec 
2000: Jan | Feb | Mar | Apr | May | Jun | Jul | Aug | Sep | Oct | Nov | Dec 
1999: Jan | Feb | Mar | Apr | May | Jun | Jul | Aug | Sep | Oct | Nov | Dec 
1998: Jan | Feb | Mar | Apr | May | Jun | Jul | Aug | Sep | Oct | Nov | Dec 
1997: Jan | Feb | Mar | Apr | May | Jun | Jul | Aug | Sep | Oct | Nov | Dec 
1996: Jan | Feb | Mar | Apr | May | Jun | Jul | Aug | Sep | Oct | Nov | Dec 
1995: Jan | Feb | Mar | Apr | May | Jun | Jul | Aug | Sep | Oct | Nov | Dec 

Report for 2004 05
MONTHLY CLIMATOLOGICAL SUMMARY for MAY. 2004 NAME: HornSpri CITY: Lebanon STATE: TN ELEV: 612 ft LAT: 36 14' 05" N LONG: 86 22' 55" W TEMPERATURE (F), RAIN (in), WIND SPEED (mph) HEAT COOL AVG MEAN DEG DEG WIND DOM DAY TEMP HIGH TIME LOW TIME DAYS DAYS RAIN SPEED HIGH TIME DIR ------------------------------------------------------------------------------------ 1 69.7 78.8 15:25 60.5 3:36 0.0 4.7 0.33 0.8 14.0 19:31 WSW 2 51.5 61.5 0:17 41.6 23:44 13.5 0.0 0.33 3.3 22.0 13:54 NNW 3 49.8 58.9 17:31 40.6 23:53 15.3 0.0 0.35 0.9 10.0 9:09 E 4 52.2 68.1 16:47 36.3 6:10 12.8 0.0 0.00 0.7 16.0 11:36 WSW 5 69.2 83.0 17:29 55.3 3:08 0.0 4.2 0.00 1.1 16.0 16:19 WSW 6 71.1 84.7 15:43 57.6 3:27 0.0 6.1 0.00 1.1 16.0 13:06 WSW 7 71.2 87.0 17:46 55.4 6:14 0.0 6.2 0.00 0.8 16.0 11:42 W 8 71.4 88.4 16:30 54.5 5:31 0.0 6.4 0.00 0.4 11.0 12:12 WSW 9 72.2 87.0 15:18 57.3 5:41 0.0 7.2 0.00 0.5 11.0 15:20 WSW 10 71.2 81.8 15:20 60.5 4:40 0.0 6.2 0.14 0.7 18.0 17:59 WSW 11 71.8 83.6 15:00 59.9 6:04 0.0 6.8 0.00 0.7 12.0 17:02 SE 12 73.8 82.0 12:37 65.6 0:01 0.0 8.8 0.01 0.7 19.0 23:47 SE 13 72.4 77.9 16:11 66.9 4:05 0.0 7.4 0.29 0.4 12.0 14:34 SE 14 73.6 81.6 14:37 65.5 23:55 0.0 8.6 0.92 1.4 24.0 17:15 WSW 15 67.3 72.7 15:36 62.0 7:23 0.0 2.3 0.45 0.6 16.0 5:58 N 16 70.3 79.0 14:49 61.6 3:05 0.0 5.3 0.00 0.4 10.0 11:50 ESE 17 75.1 84.1 15:00 66.0 2:34 0.0 10.1 0.00 0.6 14.0 12:44 WSW 18 74.0 81.1 12:23 66.9 5:34 0.0 9.0 0.03 0.6 14.0 14:00 WSW 19 74.7 84.0 14:20 65.3 5:21 0.0 9.7 0.00 0.7 14.0 14:24 WSW 20 76.9 87.4 15:15 66.3 5:38 0.0 11.9 0.00 1.1 17.0 10:07 WSW 21 77.4 87.6 16:50 67.3 4:59 0.0 12.4 0.00 1.0 12.0 9:50 WSW 22 77.9 87.4 16:41 68.4 5:53 0.0 12.9 0.00 1.3 18.0 13:16 WSW 23 77.1 84.3 14:41 69.8 6:07 0.0 12.1 0.00 1.7 24.0 16:44 WSW 24 76.6 86.1 15:56 67.1 23:10 0.0 11.6 0.00 1.7 19.0 10:32 WSW 25 77.4 85.7 23:44 69.1 23:44 0.0 12.4 0.03 0.8 8.0 23:48 WSW 26 76.3 83.4 14:37 69.1 21:49 0.0 11.3 0.03 2.4 25.0 13:03 WSW 27 77.9 84.3 13:28 71.6 4:56 0.0 12.9 0.00 2.0 24.0 14:13 WSW 28 72.4 77.9 16:32 66.9 5:34 0.0 7.4 0.04 1.5 17.0 0:34 WSW 29 73.4 83.4 16:39 63.4 4:19 0.0 8.4 0.00 0.3 10.0 18:04 ESE 30 77.9 86.7 16:27 69.1 00:00 0.0 12.9 0.03 1.5 32.0 23:44 WSW 31 72.8 81.4 15:31 64.2 23:59 0.0 7.8 1.96 2.6 25.0 15:08 WSW ------------------------------------------------------------------------------------- 71.5 88.4 8 36.3 4 41.5 242.7 4.94 1.1 32.0 30 WSW Max >= 90.0: 0 Max <= 32.0: 0 Min <= 32.0: 0 Min <= 0.0: 0 Max Rain: 1.96 ON 05/31/04 Days of Rain: 13 (>.01 in) 8 (>.1 in) 1 (>1 in) Heat Base: 65.0 Cool Base: 65.0 Method: (High + Low) / 2