Warning: file(http://www.wunderground.com/climate/extremes.asp): failed to open stream: HTTP request failed! HTTP/1.0 500 Internal Server Error in /homepages/6/d330860172/htdocs/usaextremes.php on line 55

Warning: implode(): Invalid arguments passed in /homepages/6/d330860172/htdocs/usaextremes.php on line 55

NOAA Style Climate Reports for Lebanon, TN

NOAA style reports

NOAA-style Climate Reports

2018: Jan | Feb | Mar | Apr | May | Jun | Jul | Aug | Sep | Oct | Nov | Dec 
2017: Jan | Feb | Mar | Apr | May | Jun | Jul | Aug | Sep | Oct | Nov | Dec 
2016: Jan | Feb | Mar | Apr | May | Jun | Jul | Aug | Sep | Oct | Nov | Dec 
2015: Jan | Feb | Mar | Apr | May | Jun | Jul | Aug | Sep | Oct | Nov | Dec 
2014: Jan | Feb | Mar | Apr | May | Jun | Jul | Aug | Sep | Oct | Nov | Dec 
2013: Jan | Feb | Mar | Apr | May | Jun | Jul | Aug | Sep | Oct | Nov | Dec 
2012: Jan | Feb | Mar | Apr | May | Jun | Jul | Aug | Sep | Oct | Nov | Dec 
2011: Jan | Feb | Mar | Apr | May | Jun | Jul | Aug | Sep | Oct | Nov | Dec 
2010: Jan | Feb | Mar | Apr | May | Jun | Jul | Aug | Sep | Oct | Nov | Dec 
2009: Jan | Feb | Mar | Apr | May | Jun | Jul | Aug | Sep | Oct | Nov | Dec 
2008: Jan | Feb | Mar | Apr | May | Jun | Jul | Aug | Sep | Oct | Nov | Dec 
2007: Jan | Feb | Mar | Apr | May | Jun | Jul | Aug | Sep | Oct | Nov | Dec 
2006: Jan | Feb | Mar | Apr | May | Jun | Jul | Aug | Sep | Oct | Nov | Dec 
2005: Jan | Feb | Mar | Apr | May | Jun | Jul | Aug | Sep | Oct | Nov | Dec 
2004: Jan | Feb | Mar | Apr | May | Jun | Jul | Aug | Sep | Oct | Nov | Dec 
2003: Jan | Feb | Mar | Apr | May | Jun | Jul | Aug | Sep | Oct | Nov | Dec 
2002: Jan | Feb | Mar | Apr | May | Jun | Jul | Aug | Sep | Oct | Nov | Dec 
2001: Jan | Feb | Mar | Apr | May | Jun | Jul | Aug | Sep | Oct | Nov | Dec 
2000: Jan | Feb | Mar | Apr | May | Jun | Jul | Aug | Sep | Oct | Nov | Dec 
1999: Jan | Feb | Mar | Apr | May | Jun | Jul | Aug | Sep | Oct | Nov | Dec 
1998: Jan | Feb | Mar | Apr | May | Jun | Jul | Aug | Sep | Oct | Nov | Dec 
1997: Jan | Feb | Mar | Apr | May | Jun | Jul | Aug | Sep | Oct | Nov | Dec 
1996: Jan | Feb | Mar | Apr | May | Jun | Jul | Aug | Sep | Oct | Nov | Dec 
1995: Jan | Feb | Mar | Apr | May | Jun | Jul | Aug | Sep | Oct | Nov | Dec 

Report for 2004 06
MONTHLY CLIMATOLOGICAL SUMMARY for JUN. 2004 NAME: HornSpri CITY: Lebanon STATE: TN ELEV: 612 ft LAT: 36 14' 05" N LONG: 86 22' 55" W TEMPERATURE (F), RAIN (in), WIND SPEED (mph) HEAT COOL AVG MEAN DEG DEG WIND DOM DAY TEMP HIGH TIME LOW TIME DAYS DAYS RAIN SPEED HIGH TIME DIR ------------------------------------------------------------------------------------ 1 70.9 84.5 15:03 57.3 6:12 0.0 5.9 0.00 1.2 20.0 15:47 WSW 2 74.2 85.3 16:16 63.1 4:50 0.0 9.2 0.94 0.9 26.0 22:18 WSW 3 68.0 74.2 10:52 61.8 5:46 0.0 3.0 0.15 1.0 17.0 21:32 N 4 68.3 79.8 16:57 56.7 5:48 0.0 3.3 0.00 0.8 11.0 13:13 N 5 69.1 79.6 15:54 58.6 4:54 0.0 4.1 0.00 1.1 13.0 10:13 E 6 69.8 81.1 16:58 58.6 5:50 0.0 4.8 0.00 0.5 12.0 12:04 WSW 7 72.9 84.3 13:34 61.5 4:27 0.0 7.9 0.31 0.3 12.0 16:21 SE 8 76.3 86.7 13:25 65.8 4:42 0.0 11.3 0.00 0.3 8.0 15:08 WSW 9 78.1 88.2 14:58 68.1 5:30 0.0 13.1 0.07 0.4 13.0 18:31 WSW 10 79.4 89.3 17:02 69.4 5:42 0.0 14.4 0.00 0.2 10.0 11:17 WSW 11 80.8 89.0 14:29 72.5 0:01 0.0 15.8 0.00 1.3 17.0 11:22 WSW 12 80.7 92.3 14:15 69.1 23:45 0.0 15.7 0.66 1.6 32.0 14:47 WSW 13 77.0 88.0 15:09 66.0 3:13 0.0 12.0 0.05 0.7 33.0 17:27 WSW 14 76.6 85.7 16:25 67.6 5:43 0.0 11.6 0.01 0.3 8.0 14:59 WSW 15 76.8 82.0 15:42 71.5 4:53 0.0 11.8 0.21 0.5 10.0 15:37 ESE 16 81.8 90.7 16:14 72.8 4:15 0.0 16.8 0.00 0.9 16.0 14:44 WSW 17 78.5 84.7 16:42 72.3 00:00 0.0 13.5 0.11 0.7 12.0 9:15 WSW 18 79.4 89.0 16:09 69.8 4:53 0.0 14.4 0.00 0.4 14.0 19:20 WSW 19 74.5 82.2 15:00 66.8 23:34 0.0 9.5 0.00 2.3 16.0 17:09 N 20 71.2 81.8 15:31 60.5 5:10 0.0 6.2 0.00 0.8 10.0 0:40 N 21 73.0 84.5 14:21 61.5 0:44 0.0 8.0 0.00 0.5 13.0 14:23 WSW 22 76.3 85.7 15:48 66.8 5:09 0.0 11.3 0.09 0.7 14.0 15:49 WSW 23 72.1 77.7 15:34 66.6 6:43 0.0 7.1 0.03 0.3 7.0 5:10 N 24 75.5 85.5 16:31 65.5 3:56 0.0 10.5 0.00 0.4 10.0 12:25 WSW 25 72.7 76.5 16:34 68.9 23:04 0.0 7.7 0.20 0.2 7.0 15:37 N 26 70.3 78.1 16:33 62.4 23:59 0.0 5.3 0.00 1.2 13.0 13:45 N 27 69.8 82.0 16:27 57.6 5:23 0.0 4.8 0.00 0.9 12.0 11:53 N 28 72.0 84.1 16:36 59.9 2:21 0.0 7.0 0.00 0.6 12.0 14:33 N 29 73.2 84.3 12:48 62.0 4:06 0.0 8.2 0.00 0.2 10.0 11:56 WSW 30 75.2 83.0 13:59 67.4 5:54 0.0 10.2 0.00 0.7 16.0 16:09 WSW ------------------------------------------------------------------------------------- 74.5 92.3 12 56.7 4 0.0 284.1 2.83 0.7 33.0 13 WSW Max >= 90.0: 2 Max <= 32.0: 0 Min <= 32.0: 0 Min <= 0.0: 0 Max Rain: 0.94 ON 06/02/04 Days of Rain: 11 (>.01 in) 7 (>.1 in) 0 (>1 in) Heat Base: 65.0 Cool Base: 65.0 Method: (High + Low) / 2