Warning: file(http://www.wunderground.com/climate/extremes.asp): failed to open stream: HTTP request failed! HTTP/1.0 500 Internal Server Error in /homepages/6/d330860172/htdocs/usaextremes.php on line 55

Warning: implode(): Invalid arguments passed in /homepages/6/d330860172/htdocs/usaextremes.php on line 55

NOAA Style Climate Reports for Lebanon, TN

NOAA style reports

NOAA-style Climate Reports

2018: Jan | Feb | Mar | Apr | May | Jun | Jul | Aug | Sep | Oct | Nov | Dec 
2017: Jan | Feb | Mar | Apr | May | Jun | Jul | Aug | Sep | Oct | Nov | Dec 
2016: Jan | Feb | Mar | Apr | May | Jun | Jul | Aug | Sep | Oct | Nov | Dec 
2015: Jan | Feb | Mar | Apr | May | Jun | Jul | Aug | Sep | Oct | Nov | Dec 
2014: Jan | Feb | Mar | Apr | May | Jun | Jul | Aug | Sep | Oct | Nov | Dec 
2013: Jan | Feb | Mar | Apr | May | Jun | Jul | Aug | Sep | Oct | Nov | Dec 
2012: Jan | Feb | Mar | Apr | May | Jun | Jul | Aug | Sep | Oct | Nov | Dec 
2011: Jan | Feb | Mar | Apr | May | Jun | Jul | Aug | Sep | Oct | Nov | Dec 
2010: Jan | Feb | Mar | Apr | May | Jun | Jul | Aug | Sep | Oct | Nov | Dec 
2009: Jan | Feb | Mar | Apr | May | Jun | Jul | Aug | Sep | Oct | Nov | Dec 
2008: Jan | Feb | Mar | Apr | May | Jun | Jul | Aug | Sep | Oct | Nov | Dec 
2007: Jan | Feb | Mar | Apr | May | Jun | Jul | Aug | Sep | Oct | Nov | Dec 
2006: Jan | Feb | Mar | Apr | May | Jun | Jul | Aug | Sep | Oct | Nov | Dec 
2005: Jan | Feb | Mar | Apr | May | Jun | Jul | Aug | Sep | Oct | Nov | Dec 
2004: Jan | Feb | Mar | Apr | May | Jun | Jul | Aug | Sep | Oct | Nov | Dec 
2003: Jan | Feb | Mar | Apr | May | Jun | Jul | Aug | Sep | Oct | Nov | Dec 
2002: Jan | Feb | Mar | Apr | May | Jun | Jul | Aug | Sep | Oct | Nov | Dec 
2001: Jan | Feb | Mar | Apr | May | Jun | Jul | Aug | Sep | Oct | Nov | Dec 
2000: Jan | Feb | Mar | Apr | May | Jun | Jul | Aug | Sep | Oct | Nov | Dec 
1999: Jan | Feb | Mar | Apr | May | Jun | Jul | Aug | Sep | Oct | Nov | Dec 
1998: Jan | Feb | Mar | Apr | May | Jun | Jul | Aug | Sep | Oct | Nov | Dec 
1997: Jan | Feb | Mar | Apr | May | Jun | Jul | Aug | Sep | Oct | Nov | Dec 
1996: Jan | Feb | Mar | Apr | May | Jun | Jul | Aug | Sep | Oct | Nov | Dec 
1995: Jan | Feb | Mar | Apr | May | Jun | Jul | Aug | Sep | Oct | Nov | Dec 

Report for 2004 07
MONTHLY CLIMATOLOGICAL SUMMARY for JUL. 2004 NAME: HornSpri CITY: Lebanon STATE: TN ELEV: 612 ft LAT: 36 14' 05" N LONG: 86 22' 55" W TEMPERATURE (F), RAIN (in), WIND SPEED (mph) HEAT COOL AVG MEAN DEG DEG WIND DOM DAY TEMP HIGH TIME LOW TIME DAYS DAYS RAIN SPEED HIGH TIME DIR ------------------------------------------------------------------------------------ 1 73.7 78.8 11:13 68.6 5:14 0.0 8.7 0.10 0.3 16.0 13:30 W 2 76.9 85.5 15:14 68.4 5:33 0.0 11.9 0.00 0.4 11.0 12:47 WSW 3 78.8 87.2 16:45 70.4 3:59 0.0 13.8 0.00 0.8 17.0 13:06 WSW 4 79.8 89.7 15:56 69.8 17:40 0.0 14.8 0.42 1.2 31.0 16:59 WSW 5 78.1 89.3 14:51 66.9 22:03 0.0 13.1 0.03 2.0 32.0 15:13 WSW 6 78.3 91.6 15:24 65.0 4:25 0.0 13.3 0.14 1.2 27.0 17:35 WSW 7 75.5 84.1 15:55 66.9 4:59 0.0 10.5 0.08 1.5 18.0 0:36 WSW 8 77.8 87.8 15:11 67.8 5:54 0.0 12.8 0.00 0.4 10.0 16:35 WSW 9 79.8 91.8 16:30 67.8 3:13 0.0 14.8 0.00 0.6 12.0 12:02 WSW 10 78.9 87.2 11:44 70.6 5:48 0.0 13.9 0.14 0.4 12.0 11:37 WSW 11 78.4 86.7 11:12 70.1 5:39 0.0 13.4 0.09 0.5 19.0 11:41 WSW 12 80.7 90.5 13:35 70.8 14:48 0.0 15.7 0.45 1.1 29.0 14:24 WSW 13 79.9 93.4 15:35 66.4 23:28 0.0 14.9 0.15 1.6 44.0 21:05 WSW 14 76.8 87.4 14:26 66.1 23:58 0.0 11.8 0.01 2.2 22.0 14:25 WSW 15 73.0 84.5 15:54 61.5 5:38 0.0 8.0 0.00 0.6 10.0 11:41 N 16 72.3 82.4 12:20 62.3 5:38 0.0 7.3 0.00 0.6 12.0 11:48 W 17 75.3 84.5 16:17 66.1 5:22 0.0 10.3 0.00 0.7 13.0 18:16 N 18 73.2 82.8 15:55 63.5 23:58 0.0 8.2 0.00 1.8 14.0 10:17 N 19 72.7 85.5 16:33 59.8 5:52 0.0 7.7 0.00 0.6 11.0 12:43 NNW 20 75.1 88.6 15:59 61.6 5:39 0.0 10.1 0.00 0.4 11.0 16:12 WSW 21 76.6 89.3 15:41 63.9 5:37 0.0 11.6 0.00 0.9 13.0 10:12 WSW 22 80.6 91.2 15:29 69.9 23:41 0.0 15.6 0.05 1.6 29.0 20:10 WSW 23 79.2 90.5 14:56 67.8 5:15 0.0 14.2 0.00 1.1 12.0 14:58 N 24 78.0 85.7 14:13 70.3 5:49 0.0 13.0 0.00 1.9 17.0 15:13 NE 25 75.9 84.7 11:39 67.1 5:22 0.0 10.9 0.18 0.8 18.0 12:32 E 26 71.3 76.1 14:12 66.4 23:54 0.0 6.3 0.16 1.0 13.0 21:52 NW 27 70.6 80.3 16:14 60.9 23:59 0.0 5.6 0.00 1.7 14.0 10:54 N 28 68.5 82.8 16:07 54.2 5:58 0.0 3.5 0.00 1.3 14.0 11:04 NE 29 73.6 87.2 14:49 60.1 3:58 0.0 8.6 0.00 0.5 12.0 13:50 WSW 30 77.7 89.5 15:07 65.8 1:26 0.0 12.7 0.00 0.8 18.0 14:41 WSW 31 77.8 84.5 14:38 71.1 00:00 0.0 12.8 1.41 0.6 16.0 18:37 WSW ------------------------------------------------------------------------------------- 76.3 93.4 13 54.2 28 0.0 349.5 3.41 1.0 44.0 13 WSW Max >= 90.0: 6 Max <= 32.0: 0 Min <= 32.0: 0 Min <= 0.0: 0 Max Rain: 1.41 ON 07/31/04 Days of Rain: 13 (>.01 in) 8 (>.1 in) 1 (>1 in) Heat Base: 65.0 Cool Base: 65.0 Method: (High + Low) / 2