Warning: file(http://www.wunderground.com/climate/extremes.asp): failed to open stream: HTTP request failed! HTTP/1.0 500 Internal Server Error in /homepages/6/d330860172/htdocs/usaextremes.php on line 55

Warning: implode(): Invalid arguments passed in /homepages/6/d330860172/htdocs/usaextremes.php on line 55

NOAA Style Climate Reports for Lebanon, TN

NOAA style reports

NOAA-style Climate Reports

2018: Jan | Feb | Mar | Apr | May | Jun | Jul | Aug | Sep | Oct | Nov | Dec 
2017: Jan | Feb | Mar | Apr | May | Jun | Jul | Aug | Sep | Oct | Nov | Dec 
2016: Jan | Feb | Mar | Apr | May | Jun | Jul | Aug | Sep | Oct | Nov | Dec 
2015: Jan | Feb | Mar | Apr | May | Jun | Jul | Aug | Sep | Oct | Nov | Dec 
2014: Jan | Feb | Mar | Apr | May | Jun | Jul | Aug | Sep | Oct | Nov | Dec 
2013: Jan | Feb | Mar | Apr | May | Jun | Jul | Aug | Sep | Oct | Nov | Dec 
2012: Jan | Feb | Mar | Apr | May | Jun | Jul | Aug | Sep | Oct | Nov | Dec 
2011: Jan | Feb | Mar | Apr | May | Jun | Jul | Aug | Sep | Oct | Nov | Dec 
2010: Jan | Feb | Mar | Apr | May | Jun | Jul | Aug | Sep | Oct | Nov | Dec 
2009: Jan | Feb | Mar | Apr | May | Jun | Jul | Aug | Sep | Oct | Nov | Dec 
2008: Jan | Feb | Mar | Apr | May | Jun | Jul | Aug | Sep | Oct | Nov | Dec 
2007: Jan | Feb | Mar | Apr | May | Jun | Jul | Aug | Sep | Oct | Nov | Dec 
2006: Jan | Feb | Mar | Apr | May | Jun | Jul | Aug | Sep | Oct | Nov | Dec 
2005: Jan | Feb | Mar | Apr | May | Jun | Jul | Aug | Sep | Oct | Nov | Dec 
2004: Jan | Feb | Mar | Apr | May | Jun | Jul | Aug | Sep | Oct | Nov | Dec 
2003: Jan | Feb | Mar | Apr | May | Jun | Jul | Aug | Sep | Oct | Nov | Dec 
2002: Jan | Feb | Mar | Apr | May | Jun | Jul | Aug | Sep | Oct | Nov | Dec 
2001: Jan | Feb | Mar | Apr | May | Jun | Jul | Aug | Sep | Oct | Nov | Dec 
2000: Jan | Feb | Mar | Apr | May | Jun | Jul | Aug | Sep | Oct | Nov | Dec 
1999: Jan | Feb | Mar | Apr | May | Jun | Jul | Aug | Sep | Oct | Nov | Dec 
1998: Jan | Feb | Mar | Apr | May | Jun | Jul | Aug | Sep | Oct | Nov | Dec 
1997: Jan | Feb | Mar | Apr | May | Jun | Jul | Aug | Sep | Oct | Nov | Dec 
1996: Jan | Feb | Mar | Apr | May | Jun | Jul | Aug | Sep | Oct | Nov | Dec 
1995: Jan | Feb | Mar | Apr | May | Jun | Jul | Aug | Sep | Oct | Nov | Dec 

Report for 2004 08
MONTHLY CLIMATOLOGICAL SUMMARY for AUG. 2004 NAME: HornSpri CITY: Lebanon STATE: TN ELEV: 612 ft LAT: 36 14' 05" N LONG: 86 22' 55" W TEMPERATURE (F), RAIN (in), WIND SPEED (mph) HEAT COOL AVG MEAN DEG DEG WIND DOM DAY TEMP HIGH TIME LOW TIME DAYS DAYS RAIN SPEED HIGH TIME DIR ------------------------------------------------------------------------------------ 1 78.3 89.5 15:26 67.1 4:12 0.0 13.3 0.01 0.9 12.0 15:57 N 2 77.3 89.0 14:39 65.6 4:22 0.0 12.3 0.00 1.5 14.0 13:32 N 3 78.6 92.1 16:51 65.0 6:12 0.0 13.6 0.00 0.6 11.0 14:29 N 4 78.9 90.3 18:11 67.4 18:11 0.0 13.9 0.10 1.1 32.0 18:33 N 5 70.1 77.0 17:58 63.2 23:28 0.0 5.1 0.37 2.1 20.0 15:00 N 6 66.3 77.0 15:39 55.7 23:58 0.0 1.3 0.00 2.7 19.0 13:54 N 7 66.2 82.0 15:23 50.4 5:14 0.0 1.2 0.00 0.9 14.0 9:38 E 8 71.5 86.1 16:11 56.9 6:10 0.0 6.5 0.00 0.3 11.0 11:27 WSW 9 74.8 86.5 16:13 63.1 5:45 0.0 9.8 0.00 0.1 10.0 14:07 WSW 10 74.7 88.2 14:56 61.2 6:01 0.0 9.7 0.00 0.7 13.0 18:20 WSW 11 71.6 80.9 11:51 62.3 23:29 0.0 6.6 0.04 1.5 13.0 14:12 N 12 63.6 72.7 12:51 54.5 23:58 1.4 0.0 0.20 2.0 14.0 13:57 N 13 58.3 69.1 13:31 47.6 5:31 6.7 0.0 0.00 1.2 12.0 8:47 N 14 62.3 77.0 15:36 47.7 6:02 2.7 0.0 0.00 1.8 16.0 16:48 N 15 64.7 79.6 17:21 49.8 5:33 0.3 0.0 0.00 1.6 18.0 15:28 N 16 67.2 83.8 16:56 50.5 6:08 0.0 2.2 0.00 0.8 12.0 12:38 N 17 70.6 86.1 16:07 55.1 4:34 0.0 5.6 0.00 0.7 11.0 11:25 W 18 74.3 90.5 17:10 58.0 2:47 0.0 9.3 0.00 1.6 18.0 15:06 WSW 19 81.0 92.9 15:31 69.1 5:53 0.0 16.0 0.00 1.2 18.0 14:49 WSW 20 75.4 82.0 16:07 68.8 9:16 0.0 10.4 0.64 0.8 13.0 17:09 WSW 21 68.8 76.5 17:15 61.0 23:57 0.0 3.8 0.14 1.6 13.0 8:30 N 22 69.5 81.8 17:14 57.2 6:24 0.0 4.5 0.00 0.4 8.0 14:44 ESE 23 73.9 85.5 16:32 62.3 5:16 0.0 8.9 0.00 0.3 11.0 13:59 WSW 24 77.5 85.9 13:33 69.1 4:49 0.0 12.5 0.13 0.8 14.0 14:15 WSW 25 76.7 84.0 15:07 69.3 5:44 0.0 11.7 0.10 0.5 12.0 9:26 WSW 26 80.4 87.8 16:43 73.0 2:39 0.0 15.4 0.00 0.9 17.0 10:08 WSW 27 81.1 91.0 16:22 71.1 5:59 0.0 16.1 0.00 0.9 21.0 14:43 WSW 28 76.8 84.3 11:53 69.3 6:23 0.0 11.8 0.00 1.2 16.0 12:08 WSW 29 76.9 84.3 16:16 69.4 5:28 0.0 11.9 0.00 1.0 12.0 14:14 W 30 71.9 78.1 14:27 65.8 00:00 0.0 6.9 0.00 2.2 14.0 12:22 N 31 71.9 81.4 16:58 62.4 23:58 0.0 6.9 0.00 1.7 17.0 17:01 N ------------------------------------------------------------------------------------- 72.6 92.9 19 47.6 13 11.0 246.9 1.73 1.1 32.0 4 N Max >= 90.0: 5 Max <= 32.0: 0 Min <= 32.0: 0 Min <= 0.0: 0 Max Rain: 0.64 ON 08/20/04 Days of Rain: 8 (>.01 in) 5 (>.1 in) 0 (>1 in) Heat Base: 65.0 Cool Base: 65.0 Method: (High + Low) / 2