Warning: file(http://www.wunderground.com/climate/extremes.asp): failed to open stream: HTTP request failed! HTTP/1.0 500 Internal Server Error in /homepages/6/d330860172/htdocs/usaextremes.php on line 55

Warning: implode(): Invalid arguments passed in /homepages/6/d330860172/htdocs/usaextremes.php on line 55

NOAA Style Climate Reports for Lebanon, TN

NOAA style reports

NOAA-style Climate Reports

2018: Jan | Feb | Mar | Apr | May | Jun | Jul | Aug | Sep | Oct | Nov | Dec 
2017: Jan | Feb | Mar | Apr | May | Jun | Jul | Aug | Sep | Oct | Nov | Dec 
2016: Jan | Feb | Mar | Apr | May | Jun | Jul | Aug | Sep | Oct | Nov | Dec 
2015: Jan | Feb | Mar | Apr | May | Jun | Jul | Aug | Sep | Oct | Nov | Dec 
2014: Jan | Feb | Mar | Apr | May | Jun | Jul | Aug | Sep | Oct | Nov | Dec 
2013: Jan | Feb | Mar | Apr | May | Jun | Jul | Aug | Sep | Oct | Nov | Dec 
2012: Jan | Feb | Mar | Apr | May | Jun | Jul | Aug | Sep | Oct | Nov | Dec 
2011: Jan | Feb | Mar | Apr | May | Jun | Jul | Aug | Sep | Oct | Nov | Dec 
2010: Jan | Feb | Mar | Apr | May | Jun | Jul | Aug | Sep | Oct | Nov | Dec 
2009: Jan | Feb | Mar | Apr | May | Jun | Jul | Aug | Sep | Oct | Nov | Dec 
2008: Jan | Feb | Mar | Apr | May | Jun | Jul | Aug | Sep | Oct | Nov | Dec 
2007: Jan | Feb | Mar | Apr | May | Jun | Jul | Aug | Sep | Oct | Nov | Dec 
2006: Jan | Feb | Mar | Apr | May | Jun | Jul | Aug | Sep | Oct | Nov | Dec 
2005: Jan | Feb | Mar | Apr | May | Jun | Jul | Aug | Sep | Oct | Nov | Dec 
2004: Jan | Feb | Mar | Apr | May | Jun | Jul | Aug | Sep | Oct | Nov | Dec 
2003: Jan | Feb | Mar | Apr | May | Jun | Jul | Aug | Sep | Oct | Nov | Dec 
2002: Jan | Feb | Mar | Apr | May | Jun | Jul | Aug | Sep | Oct | Nov | Dec 
2001: Jan | Feb | Mar | Apr | May | Jun | Jul | Aug | Sep | Oct | Nov | Dec 
2000: Jan | Feb | Mar | Apr | May | Jun | Jul | Aug | Sep | Oct | Nov | Dec 
1999: Jan | Feb | Mar | Apr | May | Jun | Jul | Aug | Sep | Oct | Nov | Dec 
1998: Jan | Feb | Mar | Apr | May | Jun | Jul | Aug | Sep | Oct | Nov | Dec 
1997: Jan | Feb | Mar | Apr | May | Jun | Jul | Aug | Sep | Oct | Nov | Dec 
1996: Jan | Feb | Mar | Apr | May | Jun | Jul | Aug | Sep | Oct | Nov | Dec 
1995: Jan | Feb | Mar | Apr | May | Jun | Jul | Aug | Sep | Oct | Nov | Dec 

Report for 2004 09
MONTHLY CLIMATOLOGICAL SUMMARY for SEP. 2004 NAME: HornSpri CITY: Lebanon STATE: TN ELEV: 612 ft LAT: 36 14' 05" N LONG: 86 22' 55" W TEMPERATURE (F), RAIN (in), WIND SPEED (mph) HEAT COOL AVG MEAN DEG DEG WIND DOM DAY TEMP HIGH TIME LOW TIME DAYS DAYS RAIN SPEED HIGH TIME DIR ------------------------------------------------------------------------------------ 1 71.9 85.1 19:20 58.7 19:20 0.0 6.9 0.00 0.3 14.0 19:20 NE 2 73.5 79.2 13:17 67.8 5:31 0.0 8.5 0.53 0.7 14.0 15:37 ESE 3 74.5 81.4 17:40 67.6 6:30 0.0 9.5 0.00 0.2 10.0 10:15 SE 4 75.6 83.2 16:52 68.1 23:48 0.0 10.6 0.00 0.4 8.0 15:59 N 5 76.9 88.0 15:30 65.8 5:24 0.0 11.9 0.00 0.4 11.0 15:33 E 6 77.7 90.5 17:08 64.8 6:39 0.0 12.7 0.00 0.8 11.0 12:31 ESE 7 74.6 78.3 12:06 70.8 6:39 0.0 9.6 0.06 3.8 22.0 16:44 N 8 72.1 76.7 14:09 67.6 23:30 0.0 7.1 0.00 6.4 26.0 7:43 N 9 67.0 76.7 13:59 57.3 6:17 0.0 2.0 0.00 0.9 12.0 13:13 N 10 70.7 84.9 16:23 56.5 6:35 0.0 5.7 0.00 0.8 12.0 11:14 NNE 11 76.5 89.3 14:27 63.7 0:01 0.0 11.5 0.01 0.5 12.0 12:01 WSW 12 71.4 78.6 10:40 64.2 5:26 0.0 6.4 0.03 0.7 18.0 11:20 N 13 74.2 83.8 12:28 64.5 6:18 0.0 9.2 0.07 0.7 12.0 14:51 ESE 14 75.1 84.9 14:50 65.3 0:01 0.0 10.1 0.00 0.8 12.0 11:03 ESE 15 74.3 88.0 14:28 60.7 6:18 0.0 9.3 0.00 0.8 18.0 12:06 SE 16 71.3 74.6 11:40 68.1 22:22 0.0 6.3 1.73 3.3 29.0 20:15 NE 17 68.6 77.2 13:24 60.1 23:58 0.0 3.6 0.64 4.6 25.0 3:03 N 18 66.4 78.1 16:21 54.8 23:57 0.0 1.4 0.00 1.1 14.0 17:05 N 19 65.2 78.8 15:08 51.6 5:52 0.0 0.2 0.00 1.9 19.0 14:18 NE 20 64.3 81.1 17:05 47.6 5:45 0.7 0.0 0.00 0.3 10.0 14:27 N 21 63.9 77.7 14:31 50.2 6:59 1.1 0.0 0.00 0.5 12.0 16:46 ESE 22 66.8 82.8 13:55 50.7 7:06 0.0 1.8 0.00 0.4 10.0 14:12 ESE 23 69.9 85.5 16:39 54.4 6:36 0.0 4.9 0.00 0.2 7.0 15:24 ENE 24 72.2 85.9 13:39 58.4 4:53 0.0 7.2 0.00 0.3 8.0 14:14 N 25 73.2 84.9 13:31 61.5 6:05 0.0 8.2 0.00 1.5 17.0 16:10 N 26 68.9 80.9 13:10 57.0 5:28 0.0 3.9 0.00 2.4 18.0 12:13 N 27 67.1 78.8 15:25 55.3 6:57 0.0 2.1 0.00 2.3 19.0 14:36 N 28 69.2 78.8 15:11 59.5 21:13 0.0 4.2 0.00 2.3 19.0 22:00 N 29 58.5 68.8 15:14 48.2 23:59 6.5 0.0 0.00 1.6 13.0 13:01 N 30 58.3 73.2 16:48 43.3 6:04 6.8 0.0 0.00 0.6 12.0 10:46 NE ------------------------------------------------------------------------------------- 70.3 90.5 6 43.3 30 15.0 174.9 3.07 1.4 29.0 16 N Max >= 90.0: 1 Max <= 32.0: 0 Min <= 32.0: 0 Min <= 0.0: 0 Max Rain: 1.73 ON 09/16/04 Days of Rain: 6 (>.01 in) 3 (>.1 in) 1 (>1 in) Heat Base: 65.0 Cool Base: 65.0 Method: (High + Low) / 2