Warning: file(http://www.wunderground.com/climate/extremes.asp): failed to open stream: HTTP request failed! HTTP/1.0 500 Internal Server Error in /homepages/6/d330860172/htdocs/usaextremes.php on line 55

Warning: implode(): Invalid arguments passed in /homepages/6/d330860172/htdocs/usaextremes.php on line 55

NOAA Style Climate Reports for Lebanon, TN

NOAA style reports

NOAA-style Climate Reports

2018: Jan | Feb | Mar | Apr | May | Jun | Jul | Aug | Sep | Oct | Nov | Dec 
2017: Jan | Feb | Mar | Apr | May | Jun | Jul | Aug | Sep | Oct | Nov | Dec 
2016: Jan | Feb | Mar | Apr | May | Jun | Jul | Aug | Sep | Oct | Nov | Dec 
2015: Jan | Feb | Mar | Apr | May | Jun | Jul | Aug | Sep | Oct | Nov | Dec 
2014: Jan | Feb | Mar | Apr | May | Jun | Jul | Aug | Sep | Oct | Nov | Dec 
2013: Jan | Feb | Mar | Apr | May | Jun | Jul | Aug | Sep | Oct | Nov | Dec 
2012: Jan | Feb | Mar | Apr | May | Jun | Jul | Aug | Sep | Oct | Nov | Dec 
2011: Jan | Feb | Mar | Apr | May | Jun | Jul | Aug | Sep | Oct | Nov | Dec 
2010: Jan | Feb | Mar | Apr | May | Jun | Jul | Aug | Sep | Oct | Nov | Dec 
2009: Jan | Feb | Mar | Apr | May | Jun | Jul | Aug | Sep | Oct | Nov | Dec 
2008: Jan | Feb | Mar | Apr | May | Jun | Jul | Aug | Sep | Oct | Nov | Dec 
2007: Jan | Feb | Mar | Apr | May | Jun | Jul | Aug | Sep | Oct | Nov | Dec 
2006: Jan | Feb | Mar | Apr | May | Jun | Jul | Aug | Sep | Oct | Nov | Dec 
2005: Jan | Feb | Mar | Apr | May | Jun | Jul | Aug | Sep | Oct | Nov | Dec 
2004: Jan | Feb | Mar | Apr | May | Jun | Jul | Aug | Sep | Oct | Nov | Dec 
2003: Jan | Feb | Mar | Apr | May | Jun | Jul | Aug | Sep | Oct | Nov | Dec 
2002: Jan | Feb | Mar | Apr | May | Jun | Jul | Aug | Sep | Oct | Nov | Dec 
2001: Jan | Feb | Mar | Apr | May | Jun | Jul | Aug | Sep | Oct | Nov | Dec 
2000: Jan | Feb | Mar | Apr | May | Jun | Jul | Aug | Sep | Oct | Nov | Dec 
1999: Jan | Feb | Mar | Apr | May | Jun | Jul | Aug | Sep | Oct | Nov | Dec 
1998: Jan | Feb | Mar | Apr | May | Jun | Jul | Aug | Sep | Oct | Nov | Dec 
1997: Jan | Feb | Mar | Apr | May | Jun | Jul | Aug | Sep | Oct | Nov | Dec 
1996: Jan | Feb | Mar | Apr | May | Jun | Jul | Aug | Sep | Oct | Nov | Dec 
1995: Jan | Feb | Mar | Apr | May | Jun | Jul | Aug | Sep | Oct | Nov | Dec 

Report for 2004 10
MONTHLY CLIMATOLOGICAL SUMMARY for OCT. 2004 NAME: HornSpri CITY: Lebanon STATE: TN ELEV: 612 ft LAT: 36 14' 05" N LONG: 86 22' 55" W TEMPERATURE (F), RAIN (in), WIND SPEED (mph) HEAT COOL AVG MEAN DEG DEG WIND DOM DAY TEMP HIGH TIME LOW TIME DAYS DAYS RAIN SPEED HIGH TIME DIR ------------------------------------------------------------------------------------ 1 62.8 78.6 16:40 47.1 6:45 2.2 0.0 0.00 0.6 13.0 13:01 WSW 2 67.1 74.0 13:09 60.2 23:57 0.0 2.1 0.17 2.0 20.0 3:22 N 3 60.3 75.1 16:58 45.4 7:09 4.8 0.0 0.00 0.5 9.0 14:31 N 4 61.8 79.9 16:16 43.6 6:13 3.3 0.0 0.00 1.2 12.0 12:10 N 5 57.8 72.7 13:58 42.9 7:02 7.2 0.0 0.00 1.1 12.0 12:54 N 6 58.3 76.0 16:28 40.5 7:06 6.8 0.0 0.00 0.7 10.0 14:15 E 7 64.8 80.9 13:29 48.8 4:30 0.2 0.0 0.00 0.5 11.0 13:48 SE 8 63.8 73.7 14:07 53.8 5:31 1.3 0.0 0.00 0.4 14.0 12:24 SE 9 63.2 71.3 14:52 55.1 6:53 1.8 0.0 0.01 0.5 9.0 20:19 ESE 10 69.4 77.2 13:38 61.6 5:01 0.0 4.4 0.07 1.9 14.0 10:15 ENE 11 64.7 71.8 14:35 57.6 6:02 0.3 0.0 0.00 1.3 14.0 14:44 ENE 12 66.8 72.7 13:20 61.0 6:26 0.0 1.8 0.27 1.1 19.0 13:20 ESE 13 58.3 63.2 0:01 53.3 23:33 6.8 0.0 0.14 3.8 20.0 1:14 WSW 14 54.8 62.9 14:23 46.8 23:57 10.2 0.0 0.21 2.3 26.0 20:49 WSW 15 52.7 60.5 16:13 44.8 1:24 12.3 0.0 0.00 5.7 25.0 16:28 WSW 16 51.1 61.2 15:56 40.9 23:10 13.9 0.0 0.00 4.0 24.0 14:21 WSW 17 52.2 68.3 15:32 36.0 7:02 12.8 0.0 0.00 0.3 7.0 12:34 ESE 18 61.3 68.6 23:36 53.9 3:18 3.8 0.0 0.67 2.6 17.0 14:49 S 19 67.4 72.3 14:58 62.6 5:44 0.0 2.4 0.39 2.1 19.0 0:49 SW 20 64.6 68.1 13:50 61.0 23:57 0.4 0.0 0.01 0.3 8.0 20:44 WSW 21 60.6 69.8 16:56 51.3 23:53 4.4 0.0 0.01 0.6 7.0 0:38 N 22 59.7 68.6 16:59 50.7 0:27 5.3 0.0 0.00 0.6 8.0 3:57 WSW 23 65.4 69.1 11:38 61.8 0:01 0.0 0.4 0.42 2.5 19.0 12:07 SSE 24 64.2 76.5 15:37 51.9 00:00 0.8 0.0 0.00 1.3 16.0 13:49 WSW 25 63.8 79.0 13:47 48.6 3:50 1.2 0.0 0.00 0.3 10.0 15:04 ESE 26 62.0 70.1 22:42 53.9 2:35 3.0 0.0 0.12 0.6 11.0 23:41 ESE 27 70.4 75.6 15:30 65.3 3:54 0.0 5.4 0.06 1.1 12.0 9:38 WSW 28 69.6 73.5 10:33 65.6 2:43 0.0 4.6 0.07 0.5 12.0 12:07 WSW 29 74.1 80.9 14:54 67.3 2:39 0.0 9.1 0.01 2.4 21.0 12:52 SW 30 68.9 81.4 15:40 56.5 23:52 0.0 3.9 0.00 4.4 26.0 14:22 WSW 31 63.0 72.3 14:15 53.6 5:34 2.0 0.0 0.00 0.2 7.0 12:40 WSW ------------------------------------------------------------------------------------- 62.7 81.4 30 36.0 17 104.7 34.3 2.63 1.5 26.0 14 WSW Max >= 90.0: 0 Max <= 32.0: 0 Min <= 32.0: 0 Min <= 0.0: 0 Max Rain: 0.67 ON 10/18/04 Days of Rain: 11 (>.01 in) 8 (>.1 in) 0 (>1 in) Heat Base: 65.0 Cool Base: 65.0 Method: (High + Low) / 2